/*
SQLyog Ultimate v11.3 (32 bit)
MySQL - 5.5.55-0ubuntu0.14.04.1 : Database - fleets_backoffice_core
*********************************************************************
*/




/*Table structure for table `gtfw_account` */


CREATE TABLE `gtfw_account` (
  `account_id` bigint(20) NOT NULL AUTO_INCREMENT,
  `account_name` varchar(100) DEFAULT NULL,
  `account_parent_id` int(5) DEFAULT NULL,
  `account_nested_code` varchar(100) DEFAULT NULL,
  PRIMARY KEY (`account_id`)
) ENGINE=InnoDB AUTO_INCREMENT=11 DEFAULT CHARSET=latin1;

/*Data for the table `gtfw_account` */

insert  into `gtfw_account`(`account_id`,`account_name`,`account_parent_id`,`account_nested_code`) values (1,'PT. Gamatechno Indonesia',0,'0'),(10,'Operator Dishub',1,'0.1');

/*Table structure for table `gtfw_action` */


CREATE TABLE `gtfw_action` (
  `action_id` smallint(6) NOT NULL AUTO_INCREMENT,
  `action_code` varchar(20) DEFAULT NULL,
  `insert_user_id` bigint(20) DEFAULT NULL,
  `insert_timestamp` datetime DEFAULT '0000-00-00 00:00:00',
  `update_user_id` bigint(20) DEFAULT NULL,
  `update_timestamp` datetime DEFAULT '0000-00-00 00:00:00',
  PRIMARY KEY (`action_id`)
) ENGINE=InnoDB AUTO_INCREMENT=6 DEFAULT CHARSET=latin1;

/*Data for the table `gtfw_action` */

insert  into `gtfw_action`(`action_id`,`action_code`,`insert_user_id`,`insert_timestamp`,`update_user_id`,`update_timestamp`) values (1,'view',NULL,'0000-00-00 00:00:00',NULL,'0000-00-00 00:00:00'),(2,'add',NULL,'0000-00-00 00:00:00',NULL,'0000-00-00 00:00:00'),(3,'update',NULL,'0000-00-00 00:00:00',NULL,'0000-00-00 00:00:00'),(4,'delete',NULL,'0000-00-00 00:00:00',NULL,'0000-00-00 00:00:00'),(5,'approval',NULL,'0000-00-00 00:00:00',NULL,'0000-00-00 00:00:00');

/*Table structure for table `gtfw_action_text` */


CREATE TABLE `gtfw_action_text` (
  `actiontext_action_id` smallint(6) NOT NULL COMMENT 'refer to gtfw_action.action_id',
  `actiontext_lang_code` varchar(5) NOT NULL COMMENT 'refer to gtfw_lang.lang_code',
  `actiontext_action_label` varchar(50) NOT NULL,
  `insert_user_id` bigint(20) DEFAULT NULL,
  `insert_timestamp` datetime DEFAULT '0000-00-00 00:00:00',
  `update_user_id` bigint(20) DEFAULT NULL,
  `update_timestamp` datetime DEFAULT '0000-00-00 00:00:00',
  KEY `FK_gtfw_action_text_action` (`actiontext_action_id`),
  KEY `FK_gtfw_action_text_lang` (`actiontext_lang_code`),
  CONSTRAINT `fk_gtfw_action_text` FOREIGN KEY (`actiontext_action_id`) REFERENCES `gtfw_action` (`action_id`) ON UPDATE CASCADE,
  CONSTRAINT `fk_gtfw_action_text_0` FOREIGN KEY (`actiontext_lang_code`) REFERENCES `gtfw_lang` (`lang_code`) ON UPDATE CASCADE
) ENGINE=InnoDB DEFAULT CHARSET=latin1;

/*Data for the table `gtfw_action_text` */

insert  into `gtfw_action_text`(`actiontext_action_id`,`actiontext_lang_code`,`actiontext_action_label`,`insert_user_id`,`insert_timestamp`,`update_user_id`,`update_timestamp`) values (1,'id','Lihat',NULL,'0000-00-00 00:00:00',NULL,'0000-00-00 00:00:00'),(1,'en','View',NULL,'0000-00-00 00:00:00',NULL,'0000-00-00 00:00:00'),(2,'id','Tambah',NULL,'0000-00-00 00:00:00',NULL,'0000-00-00 00:00:00'),(2,'en','Add',NULL,'0000-00-00 00:00:00',NULL,'0000-00-00 00:00:00'),(3,'id','Update',NULL,'0000-00-00 00:00:00',NULL,'0000-00-00 00:00:00'),(3,'en','Update',NULL,'0000-00-00 00:00:00',NULL,'0000-00-00 00:00:00'),(4,'id','Hapus',NULL,'0000-00-00 00:00:00',NULL,'0000-00-00 00:00:00'),(4,'en','Delete',NULL,'0000-00-00 00:00:00',NULL,'0000-00-00 00:00:00'),(5,'id','Persetujuan',NULL,'0000-00-00 00:00:00',NULL,'0000-00-00 00:00:00'),(5,'en','Approval',NULL,'0000-00-00 00:00:00',NULL,'0000-00-00 00:00:00');

/*Table structure for table `gtfw_application` */


CREATE TABLE `gtfw_application` (
  `application_id` int(11) NOT NULL,
  `application_name` varchar(255) DEFAULT NULL,
  `application_desc` text,
  `insert_user_id` bigint(20) DEFAULT NULL,
  `insert_timestamp` datetime DEFAULT '0000-00-00 00:00:00',
  `update_user_id` bigint(20) DEFAULT NULL,
  `update_timestamp` datetime DEFAULT '0000-00-00 00:00:00',
  PRIMARY KEY (`application_id`)
) ENGINE=InnoDB DEFAULT CHARSET=latin1;

/*Data for the table `gtfw_application` */

insert  into `gtfw_application`(`application_id`,`application_name`,`application_desc`,`insert_user_id`,`insert_timestamp`,`update_user_id`,`update_timestamp`) values (1,'ECS Suite',NULL,NULL,'0000-00-00 00:00:00',NULL,'0000-00-00 00:00:00');

/*Table structure for table `gtfw_group` */


CREATE TABLE `gtfw_group` (
  `group_id` bigint(20) NOT NULL AUTO_INCREMENT,
  `group_name` varchar(255) DEFAULT NULL,
  `group_desc` text,
  `group_application_id` int(11) DEFAULT NULL COMMENT 'refer to gtfw_application.application_id',
  `group_account_id` bigint(20) DEFAULT NULL,
  `insert_user_id` bigint(20) DEFAULT NULL,
  `insert_timestamp` datetime DEFAULT '0000-00-00 00:00:00',
  `update_user_id` bigint(20) DEFAULT NULL,
  `update_timestamp` datetime DEFAULT '0000-00-00 00:00:00',
  `group_is_admin` enum('1','0') DEFAULT '0',
  `group_is_superadmin` enum('1','0') DEFAULT '0',
  PRIMARY KEY (`group_id`),
  KEY `FK_gtfw_group_application` (`group_application_id`),
  KEY `fk_gtfw_group_account` (`group_account_id`),
  CONSTRAINT `fk_gtfw_group` FOREIGN KEY (`group_application_id`) REFERENCES `gtfw_application` (`application_id`) ON UPDATE CASCADE,
  CONSTRAINT `fk_gtfw_group_account` FOREIGN KEY (`group_account_id`) REFERENCES `gtfw_account` (`account_id`) ON UPDATE CASCADE
) ENGINE=InnoDB AUTO_INCREMENT=4 DEFAULT CHARSET=latin1;

/*Data for the table `gtfw_group` */

insert  into `gtfw_group`(`group_id`,`group_name`,`group_desc`,`group_application_id`,`group_account_id`,`insert_user_id`,`insert_timestamp`,`update_user_id`,`update_timestamp`,`group_is_admin`,`group_is_superadmin`) values (1,'Administrator','Role sebagai Admin Sistem',1,1,1,'2013-02-20 11:31:34',1,'2017-04-18 10:54:42','1','1'),(2,'Admin Dishub','',1,1,1,'2016-11-23 17:32:42',1,'2016-12-07 08:23:13','0','0'),(3,'Grup Operator Dishub','',1,1,3,'2016-11-23 18:55:04',1,'2016-12-07 08:23:22','0','0');

/*Table structure for table `gtfw_group_menu` */


CREATE TABLE `gtfw_group_menu` (
  `groupmenu_menu_id` bigint(20) NOT NULL COMMENT 'refer to gtfw_menu.menu_id',
  `groupmenu_group_id` bigint(20) NOT NULL COMMENT 'refer to gtfw_group.group_id',
  PRIMARY KEY (`groupmenu_menu_id`,`groupmenu_group_id`),
  KEY `FK_gtfw_group_menu_group` (`groupmenu_group_id`),
  CONSTRAINT `fk_gtfw_group_menu` FOREIGN KEY (`groupmenu_menu_id`) REFERENCES `gtfw_menu` (`menu_id`) ON UPDATE CASCADE,
  CONSTRAINT `fk_gtfw_group_menu_0` FOREIGN KEY (`groupmenu_group_id`) REFERENCES `gtfw_group` (`group_id`) ON UPDATE CASCADE
) ENGINE=InnoDB DEFAULT CHARSET=latin1;

/*Data for the table `gtfw_group_menu` */

insert  into `gtfw_group_menu`(`groupmenu_menu_id`,`groupmenu_group_id`) values (0,1),(1,1),(22,1),(23,1),(24,1),(26,1),(29,1),(420,1),(433,1),(438,1),(453,1),(454,1),(457,1),(458,1),(459,1),(460,1),(461,1),(463,1),(465,1),(466,1),(467,1),(468,1),(0,2),(1,2),(23,2),(26,2),(420,2),(433,2),(453,2),(454,2),(457,2),(458,2),(459,2),(460,2),(461,2),(463,2),(465,2),(466,2),(467,2),(0,3),(420,3),(433,3),(453,3),(454,3),(457,3),(458,3),(459,3),(460,3),(461,3),(463,3),(465,3),(466,3),(467,3);

/*Table structure for table `gtfw_group_module` */


CREATE TABLE `gtfw_group_module` (
  `groupmodule_group_id` bigint(20) NOT NULL COMMENT 'refer to gtfw_group.group_id',
  `groupmodule_module_id` bigint(20) NOT NULL COMMENT 'refer to gtfw_module.module_id',
  PRIMARY KEY (`groupmodule_group_id`,`groupmodule_module_id`),
  KEY `FK_gtfw_group_module_module` (`groupmodule_module_id`),
  KEY `idx_gtfw_group_module` (`groupmodule_group_id`),
  CONSTRAINT `fk_gtfw_group_module` FOREIGN KEY (`groupmodule_group_id`) REFERENCES `gtfw_group` (`group_id`) ON DELETE NO ACTION ON UPDATE NO ACTION,
  CONSTRAINT `fk_gtfw_group_module_0` FOREIGN KEY (`groupmodule_module_id`) REFERENCES `gtfw_module` (`module_id`) ON UPDATE CASCADE
) ENGINE=InnoDB DEFAULT CHARSET=latin1;

/*Data for the table `gtfw_group_module` */

insert  into `gtfw_group_module`(`groupmodule_group_id`,`groupmodule_module_id`) values (1,0),(2,0),(3,0),(1,9),(2,9),(3,9),(1,20),(1,21),(1,22),(1,23),(1,24),(1,25),(1,26),(1,27),(1,28),(1,29),(1,30),(2,30),(1,31),(2,31),(1,32),(2,32),(1,33),(2,33),(1,34),(2,34),(1,35),(2,35),(1,36),(2,36),(1,44),(2,44),(1,45),(2,45),(1,46),(2,46),(1,47),(2,47),(1,48),(2,48),(1,49),(2,49),(1,50),(2,50),(1,58),(1,59),(1,60),(1,61),(1,62),(1,63),(1,64),(1,87),(2,87),(3,87),(1,88),(2,88),(3,88),(1,89),(2,89),(3,89),(1,91),(2,91),(3,91),(1,92),(2,92),(3,92),(1,93),(2,93),(3,93),(1,3020),(1,3021),(1,3124),(1,3125),(1,3126),(1,3149),(2,3149),(3,3149),(1,3150),(2,3150),(3,3150),(1,3151),(2,3151),(3,3151),(1,3152),(2,3152),(3,3152),(1,3153),(2,3153),(3,3153),(1,3154),(2,3154),(3,3154),(1,3155),(2,3155),(3,3155),(1,3156),(2,3156),(3,3156),(1,3157),(2,3157),(3,3157),(1,3177),(2,3177),(3,3177),(1,3178),(2,3178),(3,3178),(1,3179),(2,3179),(3,3179),(1,3180),(2,3180),(3,3180),(1,3181),(2,3181),(3,3181),(1,3182),(2,3182),(3,3182),(1,3183),(2,3183),(3,3183),(1,3184),(2,3184),(3,3184),(1,3185),(2,3185),(3,3185),(1,3186),(2,3186),(3,3186),(1,3187),(2,3187),(3,3187),(1,3188),(2,3188),(3,3188),(1,3189),(2,3189),(3,3189),(1,3190),(2,3190),(3,3190),(1,3191),(2,3191),(3,3191),(1,3192),(2,3192),(3,3192),(1,3193),(2,3193),(3,3193),(1,3194),(2,3194),(3,3194),(1,3195),(2,3195),(3,3195),(1,3196),(2,3196),(3,3196),(1,3197),(2,3197),(3,3197),(1,3198),(2,3198),(3,3198),(1,3199),(2,3199),(3,3199),(1,3200),(2,3200),(3,3200),(1,3201),(2,3201),(3,3201),(1,3202),(2,3202),(3,3202),(1,3203),(2,3203),(3,3203),(1,3204),(2,3204),(3,3204),(1,3205),(2,3205),(3,3205),(1,3208),(1,3209),(1,3210),(2,3210),(1,3212),(2,3212),(1,3214),(2,3214),(3,3214),(1,3215),(2,3215),(3,3215),(1,3216),(2,3216),(3,3216),(1,3217),(2,3217),(3,3217),(1,3218),(2,3218),(3,3218),(1,3219),(2,3219),(3,3219),(1,3220),(2,3220),(3,3220),(1,3221),(2,3221),(3,3221),(1,3222),(2,3222),(3,3222),(1,3223),(2,3223),(3,3223),(1,3225),(2,3225),(3,3225),(1,3226),(2,3226),(3,3226),(1,3227),(2,3227),(3,3227),(1,3228),(2,3228),(3,3228),(1,3229),(2,3229),(3,3229),(1,3230),(2,3230),(3,3230),(1,3231);

/*Table structure for table `gtfw_group_report` */


CREATE TABLE `gtfw_group_report` (
  `rep_id` smallint(6) DEFAULT NULL,
  `group_id` bigint(20) DEFAULT NULL
) ENGINE=InnoDB DEFAULT CHARSET=latin1;

/*Data for the table `gtfw_group_report` */

insert  into `gtfw_group_report`(`rep_id`,`group_id`) values (1,2),(4,2),(7,2),(11,2),(1,1),(2,1),(3,1),(6,1),(4,1),(12,1),(5,1),(7,1),(8,1),(9,1),(10,1),(11,1),(1,3),(5,3),(1,4),(2,4),(3,4),(6,4),(4,4),(12,4),(5,4),(7,4),(8,4),(9,4),(10,4),(11,4);

/*Table structure for table `gtfw_key` */


CREATE TABLE `gtfw_key` (
  `key_id` bigint(20) NOT NULL AUTO_INCREMENT,
  `key_code` varchar(255) NOT NULL DEFAULT '',
  `key_desc` text,
  `insert_user_id` bigint(20) DEFAULT NULL,
  `insert_timestamp` datetime DEFAULT '0000-00-00 00:00:00',
  `update_user_id` bigint(20) DEFAULT NULL,
  `update_timestamp` datetime DEFAULT '0000-00-00 00:00:00',
  PRIMARY KEY (`key_id`),
  UNIQUE KEY `Index_key` (`key_code`)
) ENGINE=InnoDB AUTO_INCREMENT=1672 DEFAULT CHARSET=latin1;

/*Data for the table `gtfw_key` */

insert  into `gtfw_key`(`key_id`,`key_code`,`key_desc`,`insert_user_id`,`insert_timestamp`,`update_user_id`,`update_timestamp`) values (1,'title_login',NULL,NULL,'0000-00-00 00:00:00',NULL,'0000-00-00 00:00:00'),(2,'hello',NULL,NULL,'0000-00-00 00:00:00',NULL,'0000-00-00 00:00:00'),(3,'username',NULL,NULL,'0000-00-00 00:00:00',NULL,'0000-00-00 00:00:00'),(4,'password',NULL,NULL,'0000-00-00 00:00:00',NULL,'0000-00-00 00:00:00'),(5,'login',NULL,NULL,'0000-00-00 00:00:00',NULL,'0000-00-00 00:00:00'),(6,'logout',NULL,NULL,'0000-00-00 00:00:00',NULL,'0000-00-00 00:00:00'),(7,'keyword',NULL,NULL,'0000-00-00 00:00:00',NULL,'0000-00-00 00:00:00'),(8,'searching',NULL,NULL,'0000-00-00 00:00:00',NULL,'0000-00-00 00:00:00'),(9,'code',NULL,NULL,'0000-00-00 00:00:00',NULL,'0000-00-00 00:00:00'),(10,'enter_keyword',NULL,NULL,'0000-00-00 00:00:00',NULL,'0000-00-00 00:00:00'),(11,'search',NULL,NULL,'0000-00-00 00:00:00',NULL,'0000-00-00 00:00:00'),(12,'language',NULL,NULL,'0000-00-00 00:00:00',NULL,'0000-00-00 00:00:00'),(13,'add',NULL,NULL,'0000-00-00 00:00:00',NULL,'0000-00-00 00:00:00'),(14,'add_data',NULL,NULL,'0000-00-00 00:00:00',NULL,'0000-00-00 00:00:00'),(15,'action',NULL,NULL,'0000-00-00 00:00:00',NULL,'0000-00-00 00:00:00'),(16,'name',NULL,NULL,'0000-00-00 00:00:00',NULL,'0000-00-00 00:00:00'),(17,'data_not_found',NULL,NULL,'0000-00-00 00:00:00',9,'2012-10-03 11:23:37'),(18,'icon',NULL,NULL,'0000-00-00 00:00:00',NULL,'0000-00-00 00:00:00'),(19,'detail',NULL,NULL,'0000-00-00 00:00:00',1,'2012-08-14 13:35:31'),(20,'key',NULL,NULL,'0000-00-00 00:00:00',NULL,'0000-00-00 00:00:00'),(21,'alert_login_expired',NULL,NULL,'0000-00-00 00:00:00',NULL,'0000-00-00 00:00:00'),(22,'msg_add_success',NULL,1,'2012-06-18 16:15:15',NULL,'0000-00-00 00:00:00'),(23,'msg_add_fail',NULL,1,'2012-06-18 16:16:29',1,'2012-08-13 14:17:43'),(24,'msg_update_success',NULL,1,'2012-06-18 16:17:00',NULL,'0000-00-00 00:00:00'),(25,'msg_update_fail',NULL,1,'2012-06-18 16:17:26',1,'2012-11-07 11:44:22'),(26,'of',NULL,1,'2012-06-18 19:44:06',NULL,'0000-00-00 00:00:00'),(27,'edit',NULL,1,'2012-06-18 22:13:41',1,'2012-11-07 13:15:27'),(28,'msg_delete_success',NULL,1,'2012-06-19 07:47:02',4,'2012-10-17 09:53:59'),(29,'msg_delete_fail',NULL,1,'2012-06-19 07:47:40',NULL,'0000-00-00 00:00:00'),(30,'msg_confirm_delete',NULL,1,'2012-06-20 09:25:11',1,'2012-06-20 09:52:31'),(31,'title_confirm_delete',NULL,1,'2012-06-20 09:25:36',NULL,'0000-00-00 00:00:00'),(32,'no_data',NULL,1,'2012-06-20 23:17:11',NULL,'0000-00-00 00:00:00'),(33,'blood_type',NULL,1,'2012-06-21 14:04:00',1,'2012-06-21 14:10:29'),(34,'address_type',NULL,1,'2012-06-21 14:15:22',NULL,'0000-00-00 00:00:00'),(35,'email_type',NULL,1,'2012-06-21 14:31:41',NULL,'0000-00-00 00:00:00'),(36,'active',NULL,1,'2012-06-21 14:33:33',1,'2012-07-05 14:10:54'),(37,'not_active',NULL,1,'2012-06-21 14:33:54',NULL,'0000-00-00 00:00:00'),(38,'desc',NULL,1,'2012-06-21 14:37:37',1,'2012-06-21 17:03:31'),(39,'last_modified',NULL,1,'2012-06-21 14:39:21',1,'2012-06-21 14:39:40'),(40,'category',NULL,1,'2012-06-21 14:41:12',NULL,'0000-00-00 00:00:00'),(41,'status',NULL,1,'2012-06-21 14:42:25',NULL,'0000-00-00 00:00:00'),(42,'submitted',NULL,1,'2012-06-21 14:47:05',1,'2012-09-28 15:04:02'),(43,'modified',NULL,1,'2012-06-21 14:47:39',NULL,'0000-00-00 00:00:00'),(44,'last_option',NULL,1,'2012-06-21 14:52:15',NULL,'0000-00-00 00:00:00'),(45,'business_sector',NULL,1,'2012-06-21 15:42:18',NULL,'0000-00-00 00:00:00'),(46,'driving_license_type',NULL,1,'2012-06-21 16:19:45',NULL,'0000-00-00 00:00:00'),(47,'funding_source',NULL,1,'2012-06-21 16:52:21',1,'2012-09-28 18:14:38'),(48,'hotel_type',NULL,1,'2012-06-22 08:02:55',NULL,'0000-00-00 00:00:00'),(49,'identity_type',NULL,1,'2012-06-22 08:22:34',NULL,'0000-00-00 00:00:00'),(50,'other_identity_type',NULL,1,'2012-06-22 08:59:46',NULL,'0000-00-00 00:00:00'),(51,'bank_type',NULL,1,'2012-06-22 09:46:09',NULL,'0000-00-00 00:00:00'),(52,'phone',NULL,1,'2012-06-22 10:04:32',NULL,'0000-00-00 00:00:00'),(53,'address',NULL,1,'2012-06-22 10:05:38',NULL,'0000-00-00 00:00:00'),(54,'Fax',NULL,1,'2012-06-22 10:06:57',NULL,'0000-00-00 00:00:00'),(55,'country',NULL,1,'2012-06-22 11:20:05',NULL,'0000-00-00 00:00:00'),(56,'capital',NULL,1,'2012-06-22 11:21:04',NULL,'0000-00-00 00:00:00'),(57,'map',NULL,1,'2012-06-22 11:22:02',8,'2012-11-07 14:02:05'),(58,'nat_singular',NULL,1,'2012-06-22 11:22:34',1,'2012-11-07 12:08:27'),(59,'nat_plural',NULL,1,'2012-06-22 11:23:11',1,'2012-11-07 12:08:10'),(60,'currency',NULL,1,'2012-06-22 11:23:29',NULL,'0000-00-00 00:00:00'),(61,'currency_code',NULL,1,'2012-06-22 11:23:57',NULL,'0000-00-00 00:00:00'),(62,'state',NULL,1,'2012-06-22 13:42:27',NULL,'0000-00-00 00:00:00'),(63,'bank',NULL,1,'2012-06-23 08:08:23',NULL,'0000-00-00 00:00:00'),(64,'company',NULL,1,'2012-06-23 08:11:56',NULL,'0000-00-00 00:00:00'),(65,'city',NULL,1,'2012-06-23 08:19:31',8,'2012-11-07 15:31:11'),(66,'latitude',NULL,1,'2012-06-23 08:20:32',NULL,'0000-00-00 00:00:00'),(67,'longitude',NULL,1,'2012-06-23 08:21:01',NULL,'0000-00-00 00:00:00'),(68,'timezone',NULL,1,'2012-06-23 08:21:39',1,'2012-06-23 08:22:22'),(69,'sub_district',NULL,1,'2012-06-23 08:31:29',NULL,'0000-00-00 00:00:00'),(70,'instant_messaging_type',NULL,1,'2012-06-23 08:42:27',NULL,'0000-00-00 00:00:00'),(71,'icon_path',NULL,1,'2012-06-23 08:43:18',1,'2012-06-23 08:43:38'),(72,'icon_type',NULL,1,'2012-06-23 08:43:55',NULL,'0000-00-00 00:00:00'),(73,'icon_size',NULL,1,'2012-06-23 08:44:15',NULL,'0000-00-00 00:00:00'),(74,'parent',NULL,1,'2012-06-23 09:24:04',NULL,'0000-00-00 00:00:00'),(75,'kbli',NULL,1,'2012-06-23 09:31:52',NULL,'0000-00-00 00:00:00'),(77,'marital_code',NULL,1,'2012-06-23 10:44:13',NULL,'0000-00-00 00:00:00'),(78,'ownership',NULL,1,'2012-06-23 12:40:08',NULL,'0000-00-00 00:00:00'),(79,'phone_type',NULL,1,'2012-06-23 12:59:57',NULL,'0000-00-00 00:00:00'),(80,'photo_type',NULL,1,'2012-06-23 13:16:11',NULL,'0000-00-00 00:00:00'),(81,'religion',NULL,1,'2012-06-23 13:26:25',NULL,'0000-00-00 00:00:00'),(82,'unit',NULL,1,'2012-06-23 13:33:36',1,'2012-10-11 14:25:38'),(83,'units',NULL,1,'2012-06-23 13:33:51',NULL,'0000-00-00 00:00:00'),(84,'salutation',NULL,1,'2012-06-23 18:36:26',NULL,'0000-00-00 00:00:00'),(85,'social_media_type',NULL,1,'2012-06-23 18:52:35',1,'2012-09-28 15:27:58'),(86,'area',NULL,1,'2012-06-25 10:48:54',1,'2012-08-15 13:37:15'),(87,'code_name_plu',NULL,1,'2012-06-25 10:49:33',NULL,'0000-00-00 00:00:00'),(88,'transportation_type',NULL,1,'2012-06-25 11:43:52',NULL,'0000-00-00 00:00:00'),(89,'ext_code',NULL,1,'2012-06-25 14:10:12',1,'2012-09-25 14:04:48'),(90,'formal_education_type',NULL,1,'2012-06-25 14:11:22',NULL,'0000-00-00 00:00:00'),(91,'is_grade',NULL,1,'2012-06-25 14:11:46',NULL,'0000-00-00 00:00:00'),(92,'order',NULL,1,'2012-06-25 14:12:05',NULL,'0000-00-00 00:00:00'),(93,'ext_name',NULL,1,'2012-06-25 14:14:33',1,'2012-09-25 14:05:14'),(94,'function',NULL,1,'2012-06-25 14:15:48',NULL,'0000-00-00 00:00:00'),(95,'formal_education_level',NULL,1,'2012-06-25 14:37:45',NULL,'0000-00-00 00:00:00'),(96,'formal_education_grade',NULL,1,'2012-06-25 15:22:49',NULL,'0000-00-00 00:00:00'),(97,'informal_education_type',NULL,1,'2012-06-25 16:05:08',NULL,'0000-00-00 00:00:00'),(98,'min_order',NULL,1,'2012-06-25 16:35:22',1,'2012-09-21 08:16:18'),(99,'min_stock',NULL,1,'2012-06-25 16:35:59',1,'2012-09-21 08:17:08'),(100,'over_stock',NULL,1,'2012-06-25 16:37:00',NULL,'0000-00-00 00:00:00'),(101,'sell_margin',NULL,1,'2012-06-25 16:38:48',NULL,'0000-00-00 00:00:00'),(102,'tax_status_goods',NULL,1,'2012-06-25 16:39:35',1,'2012-09-21 08:19:51'),(103,'discount_status_goods',NULL,1,'2012-06-25 16:40:18',1,'2012-09-21 08:31:47'),(104,'warehouse_units',NULL,1,'2012-06-25 16:41:29',NULL,'0000-00-00 00:00:00'),(105,'supplier_units',NULL,1,'2012-06-25 16:42:19',1,'2012-09-25 14:20:00'),(106,'conversion',NULL,1,'2012-06-25 16:42:46',NULL,'0000-00-00 00:00:00'),(107,'brand',NULL,1,'2012-06-25 16:44:35',NULL,'0000-00-00 00:00:00'),(108,'size',NULL,1,'2012-06-25 16:45:01',NULL,'0000-00-00 00:00:00'),(110,'colour',NULL,1,'2012-06-25 16:45:17',NULL,'0000-00-00 00:00:00'),(111,'dosageform',NULL,1,'2012-06-25 16:46:33',NULL,'0000-00-00 00:00:00'),(112,'default_price',NULL,1,'2012-06-25 16:47:21',NULL,'0000-00-00 00:00:00'),(113,'vendor',NULL,1,'2012-06-26 08:18:52',NULL,'0000-00-00 00:00:00'),(114,'sell_price',NULL,1,'2012-06-26 08:22:27',NULL,'0000-00-00 00:00:00'),(115,'internal_price',NULL,1,'2012-06-26 08:23:44',NULL,'0000-00-00 00:00:00'),(116,'warehouse_price',NULL,1,'2012-06-26 08:24:22',NULL,'0000-00-00 00:00:00'),(118,'packet_type',NULL,1,'2012-06-26 08:25:40',NULL,'0000-00-00 00:00:00'),(119,'yes',NULL,1,'2012-06-26 08:26:32',NULL,'0000-00-00 00:00:00'),(120,'no',NULL,1,'2012-06-26 08:26:43',NULL,'0000-00-00 00:00:00'),(121,'component',NULL,1,'2012-06-26 08:27:15',NULL,'0000-00-00 00:00:00'),(122,'amount',NULL,1,'2012-06-26 08:27:48',NULL,'0000-00-00 00:00:00'),(123,'plu',NULL,1,'2012-06-26 08:34:28',1,'2012-09-21 08:11:54'),(124,'warehouse_conversion',NULL,1,'2012-06-26 08:44:52',NULL,'0000-00-00 00:00:00'),(125,'supplier_conversion',NULL,1,'2012-06-26 08:46:17',NULL,'0000-00-00 00:00:00'),(126,'packet',NULL,1,'2012-06-26 08:48:12',1,'2012-06-26 08:48:18'),(127,'package',NULL,1,'2012-06-26 10:10:06',NULL,'0000-00-00 00:00:00'),(128,'testing',NULL,NULL,'0000-00-00 00:00:00',NULL,'0000-00-00 00:00:00'),(129,'branch',NULL,1,'2012-06-26 13:56:06',NULL,'0000-00-00 00:00:00'),(130,'from',NULL,1,'2012-06-26 14:04:21',NULL,'0000-00-00 00:00:00'),(131,'to',NULL,1,'2012-06-26 14:04:31',NULL,'0000-00-00 00:00:00'),(132,'goods',NULL,1,'2012-06-26 14:04:50',NULL,'0000-00-00 00:00:00'),(133,'date',NULL,1,'2012-06-26 14:05:09',NULL,'0000-00-00 00:00:00'),(134,'remarks',NULL,1,'2012-06-26 14:07:20',NULL,'0000-00-00 00:00:00'),(135,'stock',NULL,1,'2012-06-26 14:10:07',NULL,'0000-00-00 00:00:00'),(136,'send_date',NULL,1,'2012-06-26 14:11:12',NULL,'0000-00-00 00:00:00'),(137,'request',NULL,1,'2012-06-26 14:12:07',NULL,'0000-00-00 00:00:00'),(138,'discount',NULL,1,'2012-06-26 14:12:59',NULL,'0000-00-00 00:00:00'),(139,'total',NULL,1,'2012-06-26 14:13:12',NULL,'0000-00-00 00:00:00'),(140,'vat',NULL,1,'2012-06-26 14:58:28',NULL,'0000-00-00 00:00:00'),(141,'informal_education_organizer',NULL,1,'2012-06-27 08:30:42',NULL,'0000-00-00 00:00:00'),(142,'nonformal_education_type',NULL,1,'2012-06-27 08:50:36',NULL,'0000-00-00 00:00:00'),(143,'nonformal_education_organizer',NULL,1,'2012-06-27 10:09:35',NULL,'0000-00-00 00:00:00'),(144,'organization_type',NULL,1,'2012-06-27 10:31:27',NULL,'0000-00-00 00:00:00'),(145,'organization_level',NULL,1,'2012-06-27 11:18:50',NULL,'0000-00-00 00:00:00'),(146,'referral_type',NULL,1,'2012-06-27 13:52:02',NULL,'0000-00-00 00:00:00'),(147,'language_type',NULL,1,'2012-06-27 14:05:41',NULL,'0000-00-00 00:00:00'),(148,'language_fluent_type',NULL,1,'2012-06-27 14:19:28',NULL,'0000-00-00 00:00:00'),(149,'language_quality_type',NULL,1,'2012-06-27 14:29:07',NULL,'0000-00-00 00:00:00'),(150,'language_certificate_type',NULL,1,'2012-06-27 14:50:10',NULL,'0000-00-00 00:00:00'),(151,'technical_type',NULL,1,'2012-06-27 15:09:26',NULL,'0000-00-00 00:00:00'),(152,'technical_quality_type',NULL,1,'2012-06-27 15:17:26',NULL,'0000-00-00 00:00:00'),(153,'structural_position_type',NULL,1,'2012-06-27 15:30:42',NULL,'0000-00-00 00:00:00'),(154,'goods_category',NULL,1,'2012-06-28 10:14:18',1,'2012-10-01 10:05:07'),(155,'purchase_status',NULL,1,'2012-06-28 10:18:25',NULL,'0000-00-00 00:00:00'),(156,'medic_status',NULL,1,'2012-06-28 10:19:26',NULL,'0000-00-00 00:00:00'),(157,'functional_position_type',NULL,1,'2012-06-28 14:01:38',NULL,'0000-00-00 00:00:00'),(158,'symbol',NULL,1,'2012-06-28 16:13:55',NULL,'0000-00-00 00:00:00'),(159,'currency_has_been_entered',NULL,1,'2012-06-29 08:31:51',NULL,'0000-00-00 00:00:00'),(160,'exchange_source',NULL,1,'2012-06-29 09:00:03',NULL,'0000-00-00 00:00:00'),(161,'begin_date',NULL,1,'2012-06-29 09:34:54',NULL,'0000-00-00 00:00:00'),(162,'end_date',NULL,1,'2012-06-29 09:35:12',NULL,'0000-00-00 00:00:00'),(163,'exchange_rate',NULL,1,'2012-06-29 09:35:40',NULL,'0000-00-00 00:00:00'),(164,'buy',NULL,1,'2012-06-29 09:36:02',NULL,'0000-00-00 00:00:00'),(165,'sell',NULL,1,'2012-06-29 09:36:13',NULL,'0000-00-00 00:00:00'),(166,'period',NULL,1,'2012-06-29 09:36:58',NULL,'0000-00-00 00:00:00'),(167,'update_kurs_currency',NULL,1,'2012-06-29 10:27:52',1,'2012-06-29 10:28:54'),(168,'need_to_be_updated',NULL,1,'2012-06-29 11:29:57',NULL,'0000-00-00 00:00:00'),(169,'updated',NULL,1,'2012-06-29 11:33:44',1,'2012-09-28 15:02:09'),(170,'activated_the_currency_data',NULL,1,'2012-06-29 13:52:11',NULL,'0000-00-00 00:00:00'),(171,'source',NULL,1,'2012-06-29 14:04:35',NULL,'0000-00-00 00:00:00'),(172,'draft_qty',NULL,1,'2012-06-30 12:20:42',1,'2012-10-01 10:03:48'),(173,'master',NULL,1,'2012-07-02 08:14:02',NULL,'0000-00-00 00:00:00'),(174,'passport_type',NULL,1,'2012-07-02 08:23:03',NULL,'0000-00-00 00:00:00'),(175,'project_type',NULL,1,'2012-07-02 08:29:01',NULL,'0000-00-00 00:00:00'),(176,'training_approach',NULL,1,'2012-07-02 08:33:59',NULL,'0000-00-00 00:00:00'),(177,'training_needs',NULL,1,'2012-07-02 08:43:22',NULL,'0000-00-00 00:00:00'),(178,'history_rate',NULL,1,'2012-07-02 08:59:05',NULL,'0000-00-00 00:00:00'),(179,'rate',NULL,1,'2012-07-02 08:59:30',NULL,'0000-00-00 00:00:00'),(181,'history',NULL,1,'2012-07-02 08:59:54',NULL,'0000-00-00 00:00:00'),(182,'seminar_level',NULL,1,'2012-07-02 09:03:45',NULL,'0000-00-00 00:00:00'),(183,'certification_field',NULL,1,'2012-07-02 09:15:50',NULL,'0000-00-00 00:00:00'),(184,'health_insurance_member_status',NULL,1,'2012-07-02 09:23:08',1,'2012-07-02 09:25:11'),(185,'internal_insurance_category',NULL,1,'2012-07-02 10:57:08',NULL,'0000-00-00 00:00:00'),(187,'internal_insurance_type',NULL,1,'2012-07-02 10:59:02',NULL,'0000-00-00 00:00:00'),(188,'internal_insurance_product',NULL,1,'2012-07-02 11:20:39',NULL,'0000-00-00 00:00:00'),(189,'internal_insurance_class',NULL,1,'2012-07-02 11:59:40',NULL,'0000-00-00 00:00:00'),(190,'internal_insurance_plafon',NULL,1,'2012-07-02 13:34:10',NULL,'0000-00-00 00:00:00'),(191,'internal_insurance_reference_type',NULL,1,'2012-07-02 13:53:30',NULL,'0000-00-00 00:00:00'),(192,'external_insurance_category',NULL,1,'2012-07-02 15:38:52',NULL,'0000-00-00 00:00:00'),(194,'external_insurance_type',NULL,1,'2012-07-02 16:13:36',NULL,'0000-00-00 00:00:00'),(195,'is_locked',NULL,1,'2012-07-03 08:34:44',NULL,'0000-00-00 00:00:00'),(196,'validation_required',NULL,1,'2012-07-03 09:43:11',NULL,'0000-00-00 00:00:00'),(197,'validation_isset',NULL,1,'2012-07-03 09:43:40',NULL,'0000-00-00 00:00:00'),(198,'validation_valid_email',NULL,1,'2012-07-03 09:44:04',NULL,'0000-00-00 00:00:00'),(199,'validation_valid_emails',NULL,1,'2012-07-03 09:44:31',NULL,'0000-00-00 00:00:00'),(200,'validation_valid_url',NULL,1,'2012-07-03 09:44:59',NULL,'0000-00-00 00:00:00'),(201,'validation_valid_ip',NULL,1,'2012-07-03 10:07:51',NULL,'0000-00-00 00:00:00'),(202,'validation_min_length',NULL,1,'2012-07-03 10:08:13',NULL,'0000-00-00 00:00:00'),(203,'validation_max_length',NULL,1,'2012-07-03 10:08:35',1,'2012-07-03 10:08:50'),(204,'validation_exact_length',NULL,1,'2012-07-03 10:09:20',NULL,'0000-00-00 00:00:00'),(205,'validation_alpha',NULL,1,'2012-07-03 10:09:39',NULL,'0000-00-00 00:00:00'),(206,'validation_alpha_numeric',NULL,1,'2012-07-03 10:09:59',NULL,'0000-00-00 00:00:00'),(207,'validation_alpha_dash',NULL,1,'2012-07-03 10:10:32',NULL,'0000-00-00 00:00:00'),(208,'validation_numeric',NULL,1,'2012-07-03 10:11:27',NULL,'0000-00-00 00:00:00'),(209,'validation_is_numeric',NULL,1,'2012-07-03 10:13:19',NULL,'0000-00-00 00:00:00'),(210,'validation_integer',NULL,1,'2012-07-03 10:15:14',NULL,'0000-00-00 00:00:00'),(211,'validation_regex_match',NULL,1,'2012-07-03 10:19:02',NULL,'0000-00-00 00:00:00'),(212,'validation_matches',NULL,1,'2012-07-03 10:20:27',NULL,'0000-00-00 00:00:00'),(213,'validation_is_natural',NULL,1,'2012-07-03 10:22:42',NULL,'0000-00-00 00:00:00'),(214,'validation_is_natural_no_zero',NULL,1,'2012-07-03 10:23:06',NULL,'0000-00-00 00:00:00'),(215,'select',NULL,1,'2012-07-03 15:02:08',NULL,'0000-00-00 00:00:00'),(216,'district',NULL,1,'2012-07-03 16:25:36',8,'2012-11-07 16:19:09'),(217,'custom_validation_cek_kode',NULL,1,'2012-07-04 09:45:44',1,'2012-07-04 09:46:46'),(218,'bank_branch',NULL,1,'2012-07-04 14:18:54',NULL,'0000-00-00 00:00:00'),(219,'achievement_level',NULL,1,'2012-07-04 14:52:23',NULL,'0000-00-00 00:00:00'),(220,'type_short',NULL,1,'2012-07-05 08:35:51',NULL,'0000-00-00 00:00:00'),(222,'file_type',NULL,1,'2012-07-05 08:37:21',NULL,'0000-00-00 00:00:00'),(224,'internal_reference_type',NULL,1,'2012-07-05 08:54:53',NULL,'0000-00-00 00:00:00'),(225,'internal_insurance_reference',NULL,1,'2012-07-05 10:49:58',NULL,'0000-00-00 00:00:00'),(226,'locked',NULL,1,'2012-07-05 14:05:30',NULL,'0000-00-00 00:00:00'),(227,'unlocked',NULL,1,'2012-07-05 14:05:43',NULL,'0000-00-00 00:00:00'),(228,'icon_now',NULL,1,'2012-07-06 14:11:17',NULL,'0000-00-00 00:00:00'),(229,'there_is_no_current_file',NULL,1,'2012-07-06 14:48:58',NULL,'0000-00-00 00:00:00'),(230,'employee_status',NULL,1,'2012-07-12 08:59:29',NULL,'0000-00-00 00:00:00'),(231,'is_active',NULL,1,'2012-07-12 09:00:35',1,'2012-07-12 09:01:31'),(232,'is_permanent',NULL,1,'2012-07-12 09:20:43',1,'2012-07-12 09:21:01'),(233,'employee_type',NULL,1,'2012-07-12 09:22:16',NULL,'0000-00-00 00:00:00'),(234,'further_education_file_type',NULL,1,'2012-07-12 09:42:15',NULL,'0000-00-00 00:00:00'),(235,'grade_type',NULL,1,'2012-07-12 09:58:19',NULL,'0000-00-00 00:00:00'),(236,'service_determination',NULL,1,'2012-07-12 10:17:14',NULL,'0000-00-00 00:00:00'),(237,'work_period_type',NULL,1,'2012-07-12 10:30:39',NULL,'0000-00-00 00:00:00'),(238,'relationship_type',NULL,1,'2012-07-12 11:43:02',NULL,'0000-00-00 00:00:00'),(239,'insurance_is_covered',NULL,1,'2012-07-12 11:54:47',NULL,'0000-00-00 00:00:00'),(240,'payroll_is_covered',NULL,1,'2012-07-12 11:56:38',NULL,'0000-00-00 00:00:00'),(241,'has_order',NULL,1,'2012-07-12 13:17:47',NULL,'0000-00-00 00:00:00'),(242,'relationship_status',NULL,1,'2012-07-12 13:59:36',NULL,'0000-00-00 00:00:00'),(243,'employee_form_wizard',NULL,1,'2012-07-12 15:47:34',1,'2012-07-12 15:48:02'),(244,'show_history',NULL,1,'2012-07-12 15:50:02',NULL,'0000-00-00 00:00:00'),(245,'update_kurs',NULL,1,'2012-07-12 15:50:31',NULL,'0000-00-00 00:00:00'),(246,'employee_name',NULL,1,'2012-07-12 15:57:41',1,'2012-07-12 16:04:56'),(248,'number',NULL,1,'2012-07-12 16:02:44',1,'2012-08-14 14:26:03'),(249,'full_name',NULL,1,'2012-07-13 08:15:16',NULL,'0000-00-00 00:00:00'),(250,'nick_name',NULL,1,'2012-07-13 08:15:32',NULL,'0000-00-00 00:00:00'),(252,'title_prefix',NULL,1,'2012-07-13 08:18:27',1,'2012-07-13 08:36:59'),(253,'title_sufix',NULL,1,'2012-07-13 08:19:44',1,'2012-07-13 08:37:10'),(254,'parent_number',NULL,1,'2012-07-13 08:21:49',NULL,'0000-00-00 00:00:00'),(255,'presence_number',NULL,1,'2012-07-13 08:22:52',NULL,'0000-00-00 00:00:00'),(256,'access_code',NULL,1,'2012-07-13 08:25:21',NULL,'0000-00-00 00:00:00'),(257,'place_of_birth',NULL,1,'2012-07-13 08:26:07',1,'2012-07-25 11:16:57'),(258,'date_of_birth',NULL,1,'2012-07-13 08:28:34',1,'2012-07-25 11:16:45'),(259,'male',NULL,1,'2012-07-13 08:30:05',NULL,'0000-00-00 00:00:00'),(260,'female',NULL,1,'2012-07-13 08:30:31',NULL,'0000-00-00 00:00:00'),(261,'gender',NULL,1,'2012-07-13 08:31:48',NULL,'0000-00-00 00:00:00'),(262,'belief',NULL,1,'2012-07-13 08:35:03',1,'2012-07-13 08:40:13'),(263,'custom_validation_cek_request_empty',NULL,1,'2012-07-13 08:50:04',NULL,'0000-00-00 00:00:00'),(264,'employee_photo',NULL,1,'2012-07-13 08:51:48',NULL,'0000-00-00 00:00:00'),(265,'preview',NULL,1,'2012-07-13 08:53:19',1,'2012-11-07 13:52:28'),(266,'attachment',NULL,1,'2012-07-13 08:54:13',NULL,'0000-00-00 00:00:00'),(267,'special_set_other_master_date',NULL,1,'2012-07-13 08:58:14',NULL,'0000-00-00 00:00:00'),(268,'set_as_vendor',NULL,1,'2012-07-13 09:03:51',NULL,'0000-00-00 00:00:00'),(269,'set_as_customer',NULL,1,'2012-07-13 09:04:16',NULL,'0000-00-00 00:00:00'),(270,'employee_data',NULL,1,'2012-07-13 09:09:45',NULL,'0000-00-00 00:00:00'),(271,'no_data_photo_type',NULL,1,'2012-07-13 10:44:45',NULL,'0000-00-00 00:00:00'),(272,'nationality_status',NULL,1,'2012-07-16 07:58:03',NULL,'0000-00-00 00:00:00'),(273,'expat',NULL,1,'2012-07-16 07:58:26',NULL,'0000-00-00 00:00:00'),(274,'local',NULL,1,'2012-07-16 07:58:39',NULL,'0000-00-00 00:00:00'),(275,'position',NULL,1,'2012-07-16 13:05:18',NULL,'0000-00-00 00:00:00'),(276,'work_unit',NULL,1,'2012-07-16 13:06:06',NULL,'0000-00-00 00:00:00'),(277,'usage_type',NULL,1,'2012-07-17 13:20:08',1,'2012-09-26 14:00:47'),(278,'relocation_reason',NULL,1,'2012-07-17 13:27:02',NULL,'0000-00-00 00:00:00'),(279,'mutation_reason',NULL,1,'2012-07-17 13:46:58',1,'2012-09-30 15:31:21'),(280,'family_data',NULL,1,'2012-07-17 14:40:16',NULL,'0000-00-00 00:00:00'),(281,'family_list',NULL,1,'2012-07-17 14:40:37',NULL,'0000-00-00 00:00:00'),(282,'relative_status',NULL,1,'2012-07-17 15:03:44',1,'2012-08-15 08:24:13'),(283,'personal_data',NULL,1,'2012-07-17 15:56:13',NULL,'0000-00-00 00:00:00'),(284,'save',NULL,1,'2012-07-17 16:24:44',NULL,'0000-00-00 00:00:00'),(285,'reset',NULL,1,'2012-07-17 16:25:22',NULL,'0000-00-00 00:00:00'),(286,'cancel',NULL,1,'2012-07-17 16:25:44',NULL,'0000-00-00 00:00:00'),(287,'citizenship',NULL,1,'2012-07-18 07:56:34',NULL,'0000-00-00 00:00:00'),(288,'mobile_phone_number',NULL,1,'2012-07-18 08:09:42',NULL,'0000-00-00 00:00:00'),(289,'phone_number',NULL,1,'2012-07-18 08:10:03',1,'2012-07-26 09:33:21'),(290,'identity_number',NULL,1,'2012-07-18 08:15:42',NULL,'0000-00-00 00:00:00'),(291,'other_identity_number',NULL,1,'2012-07-18 08:16:40',NULL,'0000-00-00 00:00:00'),(292,'extension',NULL,1,'2012-07-18 08:24:59',NULL,'0000-00-00 00:00:00'),(293,'old_photo',NULL,1,'2012-07-18 08:25:54',NULL,'0000-00-00 00:00:00'),(294,'or',NULL,1,'2012-07-18 08:31:31',NULL,'0000-00-00 00:00:00'),(295,'email',NULL,1,'2012-07-18 08:37:47',NULL,'0000-00-00 00:00:00'),(296,'photo',NULL,1,'2012-07-18 08:38:11',NULL,'0000-00-00 00:00:00'),(297,'family',NULL,1,'2012-07-18 08:38:48',NULL,'0000-00-00 00:00:00'),(298,'until',NULL,1,'2012-07-18 10:03:58',1,'2012-07-30 11:18:57'),(299,'po_supplier',NULL,1,'2012-07-18 10:04:39',1,'2012-10-01 05:10:22'),(300,'request_detail',NULL,1,'2012-07-18 10:12:36',NULL,'0000-00-00 00:00:00'),(301,'receive_detail',NULL,1,'2012-07-18 10:13:04',NULL,'0000-00-00 00:00:00'),(302,'delivery_order',NULL,1,'2012-07-18 10:13:40',NULL,'0000-00-00 00:00:00'),(303,'do_number',NULL,1,'2012-07-18 10:14:06',NULL,'0000-00-00 00:00:00'),(304,'history_data',NULL,1,'2012-07-18 10:29:53',NULL,'0000-00-00 00:00:00'),(305,'marital_date',NULL,1,'2012-07-18 10:43:56',1,'2012-08-13 12:53:51'),(306,'pass_away_date',NULL,1,'2012-07-18 11:01:58',1,'2012-07-18 11:12:59'),(307,'pass_away_status',NULL,1,'2012-07-18 11:02:32',1,'2012-07-18 11:13:12'),(308,'done',NULL,1,'2012-07-18 11:05:05',1,'2012-07-18 11:08:25'),(309,'is_study',NULL,1,'2012-07-18 11:17:33',NULL,'0000-00-00 00:00:00'),(310,'is_married',NULL,1,'2012-07-18 11:50:50',NULL,'0000-00-00 00:00:00'),(311,'institutions',NULL,1,'2012-07-18 14:00:51',NULL,'0000-00-00 00:00:00'),(312,'school_name',NULL,1,'2012-07-18 14:01:07',NULL,'0000-00-00 00:00:00'),(313,'faculty',NULL,1,'2012-07-18 14:04:03',NULL,'0000-00-00 00:00:00'),(314,'program_study',NULL,1,'2012-07-18 14:05:46',1,'2012-07-18 14:17:29'),(315,'concentration',NULL,1,'2012-07-18 14:08:04',NULL,'0000-00-00 00:00:00'),(316,'year_pass',NULL,1,'2012-07-18 14:18:51',NULL,'0000-00-00 00:00:00'),(317,'working_status',NULL,1,'2012-07-18 14:22:20',1,'2012-07-18 14:41:05'),(318,'work_place',NULL,1,'2012-07-18 14:43:14',NULL,'0000-00-00 00:00:00'),(319,'work',NULL,1,'2012-07-18 14:43:32',NULL,'0000-00-00 00:00:00'),(320,'salary',NULL,1,'2012-07-18 14:44:19',NULL,'0000-00-00 00:00:00'),(321,'income_amount',NULL,1,'2012-07-18 14:44:49',NULL,'0000-00-00 00:00:00'),(322,'is_tax_free',NULL,1,'2012-07-18 14:56:43',1,'2012-07-18 15:20:33'),(323,'tax_free_period_from',NULL,1,'2012-07-18 14:57:26',1,'2012-07-18 15:22:28'),(324,'desc_for_tax_free',NULL,1,'2012-07-18 15:00:53',1,'2012-07-18 15:20:04'),(325,'npwp_ownership_status',NULL,1,'2012-07-18 15:27:45',NULL,'0000-00-00 00:00:00'),(326,'is_npwp',NULL,1,'2012-07-18 15:30:03',NULL,'0000-00-00 00:00:00'),(327,'npwp_registered_number',NULL,1,'2012-07-18 15:30:48',NULL,'0000-00-00 00:00:00'),(328,'npwp_registered_name',NULL,1,'2012-07-18 15:31:46',NULL,'0000-00-00 00:00:00'),(329,'npwp_registered_date',NULL,1,'2012-07-18 15:32:30',NULL,'0000-00-00 00:00:00'),(330,'npwp_address',NULL,1,'2012-07-18 15:33:01',NULL,'0000-00-00 00:00:00'),(331,'is_covered',NULL,1,'2012-07-18 15:56:54',NULL,'0000-00-00 00:00:00'),(332,'is_jamsostek',NULL,1,'2012-07-18 16:00:27',NULL,'0000-00-00 00:00:00'),(333,'jms_registered_number',NULL,1,'2012-07-18 16:03:44',NULL,'0000-00-00 00:00:00'),(334,'jms_registered_name',NULL,1,'2012-07-18 16:04:42',NULL,'0000-00-00 00:00:00'),(335,'period_of_validity',NULL,1,'2012-07-18 16:06:05',NULL,'0000-00-00 00:00:00'),(336,'have',NULL,1,'2012-07-18 16:09:11',NULL,'0000-00-00 00:00:00'),(337,'is_health_insurance',NULL,1,'2012-07-18 16:11:40',NULL,'0000-00-00 00:00:00'),(338,'healthins_registered_name',NULL,1,'2012-07-18 16:13:48',NULL,'0000-00-00 00:00:00'),(340,'healthins_registered_number',NULL,1,'2012-07-18 16:16:14',NULL,'0000-00-00 00:00:00'),(341,'is_internal_insurance',NULL,1,'2012-07-18 16:16:59',NULL,'0000-00-00 00:00:00'),(342,'join',NULL,1,'2012-07-18 16:19:46',NULL,'0000-00-00 00:00:00'),(343,'registered_number',NULL,1,'2012-07-18 16:21:48',NULL,'0000-00-00 00:00:00'),(344,'registered_name',NULL,1,'2012-07-18 16:22:09',NULL,'0000-00-00 00:00:00'),(345,'is_external_insurance',NULL,1,'2012-07-18 16:28:46',NULL,'0000-00-00 00:00:00'),(346,'status_data',NULL,1,'2012-07-18 16:35:13',NULL,'0000-00-00 00:00:00'),(347,'default',NULL,1,'2012-07-18 16:39:21',NULL,'0000-00-00 00:00:00'),(348,'file',NULL,1,'2012-07-18 16:43:35',1,'2012-11-08 13:47:55'),(349,'modify',NULL,1,'2012-07-19 14:01:53',NULL,'0000-00-00 00:00:00'),(350,'insert',NULL,1,'2012-07-19 14:02:14',NULL,'0000-00-00 00:00:00'),(351,'next',NULL,1,'2012-07-19 14:42:30',NULL,'0000-00-00 00:00:00'),(352,'previous',NULL,1,'2012-07-19 14:43:41',NULL,'0000-00-00 00:00:00'),(354,'not_default',NULL,1,'2012-07-19 15:00:28',NULL,'0000-00-00 00:00:00'),(355,'condition',NULL,1,'2012-07-19 15:23:53',NULL,'0000-00-00 00:00:00'),(356,'insert_by_bo',NULL,1,'2012-07-19 15:26:39',1,'2012-07-19 15:28:30'),(357,'insert_by_emp',NULL,1,'2012-07-19 15:28:11',NULL,'0000-00-00 00:00:00'),(358,'health',NULL,1,'2012-07-20 08:06:38',NULL,'0000-00-00 00:00:00'),(359,'weight',NULL,1,'2012-07-20 08:08:34',NULL,'0000-00-00 00:00:00'),(360,'height',NULL,1,'2012-07-20 08:08:46',NULL,'0000-00-00 00:00:00'),(361,'skin_color',NULL,1,'2012-07-20 08:09:41',NULL,'0000-00-00 00:00:00'),(362,'hair_color',NULL,1,'2012-07-20 08:10:00',NULL,'0000-00-00 00:00:00'),(363,'face_shape',NULL,1,'2012-07-20 08:10:59',NULL,'0000-00-00 00:00:00'),(364,'typical',NULL,1,'2012-07-20 08:11:25',NULL,'0000-00-00 00:00:00'),(365,'disability',NULL,1,'2012-07-20 08:11:52',NULL,'0000-00-00 00:00:00'),(366,'disease',NULL,1,'2012-07-20 08:12:16',NULL,'0000-00-00 00:00:00'),(367,'alergy',NULL,1,'2012-07-20 08:12:35',NULL,'0000-00-00 00:00:00'),(368,'employment',NULL,1,'2012-07-20 08:34:47',NULL,'0000-00-00 00:00:00'),(369,'in_kg',NULL,1,'2012-07-20 08:35:49',NULL,'0000-00-00 00:00:00'),(370,'in_cm',NULL,1,'2012-07-20 08:36:09',NULL,'0000-00-00 00:00:00'),(371,'ethnic',NULL,1,'2012-07-20 08:50:10',NULL,'0000-00-00 00:00:00'),(372,'first_name',NULL,1,'2012-07-20 09:00:35',NULL,'0000-00-00 00:00:00'),(373,'last_name',NULL,1,'2012-07-20 09:01:48',NULL,'0000-00-00 00:00:00'),(374,'middle_name',NULL,1,'2012-07-20 09:02:10',NULL,'0000-00-00 00:00:00'),(375,'work_unit_list',NULL,1,'2012-07-23 08:12:03',NULL,'0000-00-00 00:00:00'),(376,'valid_from',NULL,1,'2012-07-23 08:12:28',NULL,'0000-00-00 00:00:00'),(377,'valid_until',NULL,1,'2012-07-23 08:12:44',NULL,'0000-00-00 00:00:00'),(378,'decree',NULL,1,'2012-07-23 08:13:33',NULL,'0000-00-00 00:00:00'),(379,'decree_number',NULL,1,'2012-07-23 08:14:17',NULL,'0000-00-00 00:00:00'),(380,'decree_date',NULL,1,'2012-07-23 08:15:22',NULL,'0000-00-00 00:00:00'),(381,'old_file',NULL,1,'2012-07-23 08:17:51',NULL,'0000-00-00 00:00:00'),(382,'department',NULL,1,'2012-07-23 08:18:59',NULL,'0000-00-00 00:00:00'),(383,'structural_position_list',NULL,1,'2012-07-23 08:20:13',1,'2012-07-23 08:21:01'),(384,'structural_position',NULL,1,'2012-07-23 08:20:46',NULL,'0000-00-00 00:00:00'),(385,'employee_status_list',NULL,1,'2012-07-23 08:41:23',NULL,'0000-00-00 00:00:00'),(386,'custom_validation_blood_type_name_not_available',NULL,1,'2012-07-23 09:06:10',NULL,'0000-00-00 00:00:00'),(387,'custom_validation_email_type_name_not_available',NULL,1,'2012-07-23 10:00:01',NULL,'0000-00-00 00:00:00'),(388,'custom_validation_business_sector_name_not_available',NULL,1,'2012-07-23 10:11:02',NULL,'0000-00-00 00:00:00'),(389,'custom_validation_driving_license_type_name_not_available',NULL,1,'2012-07-23 10:20:53',NULL,'0000-00-00 00:00:00'),(390,'custom_validation_funding_source_name_not_available',NULL,1,'2012-07-23 10:29:07',NULL,'0000-00-00 00:00:00'),(391,'custom_validation_funding_source_code_not_available',NULL,1,'2012-07-23 10:35:59',NULL,'0000-00-00 00:00:00'),(392,'custom_validation_hotel_type_name_not_available',NULL,1,'2012-07-23 10:39:08',NULL,'0000-00-00 00:00:00'),(393,'custom_validation_identity_type_name_not_available',NULL,1,'2012-07-23 10:45:33',NULL,'0000-00-00 00:00:00'),(394,'custom_validation_other_identity_type_name_not_available',NULL,1,'2012-07-23 10:50:04',1,'2012-07-23 10:53:19'),(395,'custom_validation_bank_type_name_not_available',NULL,1,'2012-07-23 10:56:28',NULL,'0000-00-00 00:00:00'),(396,'custom_validation_bank_branch_name_not_available',NULL,1,'2012-07-23 11:01:53',NULL,'0000-00-00 00:00:00'),(397,'custom_validation_bank_branch_code_not_available',NULL,1,'2012-07-23 11:10:20',NULL,'0000-00-00 00:00:00'),(398,'custom_validation_country_name_not_available',NULL,1,'2012-07-23 11:18:45',NULL,'0000-00-00 00:00:00'),(399,'custom_validation_country_code_not_available',NULL,1,'2012-07-23 11:20:43',1,'2012-07-23 11:21:47'),(400,'custom_validation_state_code_not_available',NULL,1,'2012-07-23 11:46:40',NULL,'0000-00-00 00:00:00'),(401,'custom_validation_state_name_not_available',NULL,1,'2012-07-23 11:47:43',NULL,'0000-00-00 00:00:00'),(402,'custom_validation_city_code_not_available',NULL,1,'2012-07-23 11:55:57',1,'2012-07-23 11:56:22'),(403,'custom_validation_city_name_not_available',NULL,1,'2012-07-23 11:56:52',NULL,'0000-00-00 00:00:00'),(404,'custom_validation_im_name_not_available',NULL,1,'2012-07-23 12:15:10',NULL,'0000-00-00 00:00:00'),(405,'custom_validation_kbli_name_not_available',NULL,1,'2012-07-23 12:35:42',NULL,'0000-00-00 00:00:00'),(406,'custom_validation_kbli_code_not_available',NULL,1,'2012-07-23 12:36:12',NULL,'0000-00-00 00:00:00'),(407,'custom_validation_structural_position_name_not_available',NULL,1,'2012-07-23 13:10:42',NULL,'0000-00-00 00:00:00'),(408,'custom_validation_structural_position_code_not_available',NULL,1,'2012-07-23 13:11:36',NULL,'0000-00-00 00:00:00'),(409,'train_date',NULL,1,'2012-07-23 13:26:24',1,'2012-07-23 13:30:08'),(410,'join_date',NULL,1,'2012-07-23 13:30:38',NULL,'0000-00-00 00:00:00'),(411,'quit_date',NULL,1,'2012-07-23 13:31:00',NULL,'0000-00-00 00:00:00'),(412,'approved_by',NULL,1,'2012-07-23 15:03:31',1,'2012-07-23 15:05:06'),(413,'employee_contract ',NULL,1,'2012-07-24 08:43:26',NULL,'0000-00-00 00:00:00'),(414,'employee_contract_list',NULL,1,'2012-07-24 08:43:50',NULL,'0000-00-00 00:00:00'),(415,'empty_field_if_no_changes',NULL,1,'2012-07-24 10:08:34',NULL,'0000-00-00 00:00:00'),(416,'one_month_before_expired',NULL,1,'2012-07-24 10:09:36',NULL,'0000-00-00 00:00:00'),(417,'two_weeks_before_expired',NULL,1,'2012-07-24 10:10:50',NULL,'0000-00-00 00:00:00'),(418,'one_week_before_expired',NULL,1,'2012-07-24 10:11:32',NULL,'0000-00-00 00:00:00'),(419,'one_day_before_expired',NULL,1,'2012-07-24 10:12:11',NULL,'0000-00-00 00:00:00'),(420,'reminder_1st',NULL,1,'2012-07-24 10:13:43',1,'2012-07-24 10:14:41'),(421,'reminder_2st',NULL,1,'2012-07-24 10:14:04',1,'2012-07-24 10:14:34'),(422,'reminder_3st',NULL,1,'2012-07-24 10:15:37',NULL,'0000-00-00 00:00:00'),(423,'final_reminder',NULL,1,'2012-07-24 10:16:44',NULL,'0000-00-00 00:00:00'),(424,'month',NULL,1,'2012-07-24 10:24:45',NULL,'0000-00-00 00:00:00'),(425,'year',NULL,1,'2012-07-24 10:24:54',NULL,'0000-00-00 00:00:00'),(426,'identity',NULL,1,'2012-07-24 12:58:24',NULL,'0000-00-00 00:00:00'),(427,'identity_list',NULL,1,'2012-07-24 12:58:42',NULL,'0000-00-00 00:00:00'),(428,'wok_period_type',NULL,1,'2012-07-24 13:07:29',NULL,'0000-00-00 00:00:00'),(429,'status_change',NULL,1,'2012-07-24 13:29:59',NULL,'0000-00-00 00:00:00'),(430,'by_employee',NULL,1,'2012-07-24 13:30:16',NULL,'0000-00-00 00:00:00'),(431,'identity_card',NULL,1,'2012-07-24 13:33:03',1,'2012-07-24 13:38:54'),(432,'employee_detail',NULL,1,'2012-07-25 08:02:07',NULL,'0000-00-00 00:00:00'),(433,'employee',NULL,1,'2012-07-25 08:04:06',NULL,'0000-00-00 00:00:00'),(434,'driving_license',NULL,1,'2012-07-25 08:20:03',1,'2012-07-25 08:41:00'),(435,'driving_license_list',NULL,1,'2012-07-25 08:20:29',NULL,'0000-00-00 00:00:00'),(436,'occupation',NULL,1,'2012-07-25 08:41:13',NULL,'0000-00-00 00:00:00'),(437,'valid_date',NULL,1,'2012-07-25 08:57:38',NULL,'0000-00-00 00:00:00'),(438,'passport',NULL,1,'2012-07-25 10:28:09',NULL,'0000-00-00 00:00:00'),(439,'passport_list',NULL,1,'2012-07-25 10:28:39',NULL,'0000-00-00 00:00:00'),(440,'date_of_issue',NULL,1,'2012-07-25 10:32:16',1,'2012-07-25 11:21:08'),(441,'date_of_expired',NULL,1,'2012-07-25 10:32:43',1,'2012-07-25 11:20:53'),(442,'country_code',NULL,1,'2012-07-25 10:34:07',NULL,'0000-00-00 00:00:00'),(443,'passport_no',NULL,1,'2012-07-25 10:51:10',1,'2012-07-25 10:54:08'),(444,'nationality',NULL,1,'2012-07-25 11:13:22',NULL,'0000-00-00 00:00:00'),(445,'issuing_office',NULL,1,'2012-07-25 11:23:14',NULL,'0000-00-00 00:00:00'),(446,'status_input_from',NULL,1,'2012-07-25 12:37:28',NULL,'0000-00-00 00:00:00'),(447,'back_office',NULL,1,'2012-07-25 12:42:50',NULL,'0000-00-00 00:00:00'),(448,'visa',NULL,1,'2012-07-25 13:04:35',NULL,'0000-00-00 00:00:00'),(449,'visa_list',NULL,1,'2012-07-25 13:04:52',NULL,'0000-00-00 00:00:00'),(450,'visa_type',NULL,1,'2012-07-25 13:07:19',NULL,'0000-00-00 00:00:00'),(451,'visa_no',NULL,1,'2012-07-25 13:18:10',NULL,'0000-00-00 00:00:00'),(452,'entry_code',NULL,1,'2012-07-25 13:20:08',NULL,'0000-00-00 00:00:00'),(453,'max_stay',NULL,1,'2012-07-25 13:23:04',NULL,'0000-00-00 00:00:00'),(454,'in_days',NULL,1,'2012-07-25 13:23:24',NULL,'0000-00-00 00:00:00'),(455,'other_identity',NULL,1,'2012-07-25 14:41:52',1,'2012-07-25 14:42:37'),(456,'other_identity_list',NULL,1,'2012-07-25 14:43:00',NULL,'0000-00-00 00:00:00'),(457,'address_list',NULL,1,'2012-07-26 08:39:26',NULL,'0000-00-00 00:00:00'),(458,'address_category',NULL,1,'2012-07-26 08:42:45',NULL,'0000-00-00 00:00:00'),(459,'village',NULL,1,'2012-07-26 09:14:43',NULL,'0000-00-00 00:00:00'),(460,'postal_code',NULL,1,'2012-07-26 09:21:31',NULL,'0000-00-00 00:00:00'),(461,'fax_number',NULL,1,'2012-07-26 09:33:09',NULL,'0000-00-00 00:00:00'),(462,'area_code',NULL,1,'2012-07-26 10:45:48',NULL,'0000-00-00 00:00:00'),(463,'phone_list',NULL,1,'2012-07-26 10:48:37',NULL,'0000-00-00 00:00:00'),(464,'example ',NULL,1,'2012-07-26 11:07:58',NULL,'0000-00-00 00:00:00'),(465,'street',NULL,1,'2012-07-26 11:25:42',NULL,'0000-00-00 00:00:00'),(466,'email_list',NULL,1,'2012-07-26 11:37:36',NULL,'0000-00-00 00:00:00'),(467,'im',NULL,1,'2012-07-26 13:19:46',NULL,'0000-00-00 00:00:00'),(468,'im_list',NULL,1,'2012-07-26 13:20:38',NULL,'0000-00-00 00:00:00'),(469,'im_client',NULL,1,'2012-07-26 13:22:43',NULL,'0000-00-00 00:00:00'),(470,'im_icon',NULL,1,'2012-07-26 13:23:37',NULL,'0000-00-00 00:00:00'),(471,'pin',NULL,1,'2012-07-26 13:23:46',NULL,'0000-00-00 00:00:00'),(472,'social_media',NULL,1,'2012-07-26 15:19:12',NULL,'0000-00-00 00:00:00'),(473,'social_media_list',NULL,1,'2012-07-26 15:19:33',NULL,'0000-00-00 00:00:00'),(474,'website',NULL,1,'2012-07-27 08:19:17',NULL,'0000-00-00 00:00:00'),(475,'website_list',NULL,1,'2012-07-27 08:19:38',NULL,'0000-00-00 00:00:00'),(476,'relation',NULL,1,'2012-07-27 08:52:39',NULL,'0000-00-00 00:00:00'),(477,'referral',NULL,1,'2012-07-27 08:53:03',NULL,'0000-00-00 00:00:00'),(478,'referral_list',NULL,1,'2012-07-27 08:54:17',NULL,'0000-00-00 00:00:00'),(479,'mobile',NULL,1,'2012-07-27 09:14:56',NULL,'0000-00-00 00:00:00'),(480,'period_of_study',NULL,1,'2012-07-27 10:53:59',NULL,'0000-00-00 00:00:00'),(481,'length_of_study',NULL,1,'2012-07-27 10:54:24',NULL,'0000-00-00 00:00:00'),(482,'formal_education',NULL,1,'2012-07-27 10:54:49',NULL,'0000-00-00 00:00:00'),(483,'formal_education_list',NULL,1,'2012-07-27 10:55:16',NULL,'0000-00-00 00:00:00'),(484,'level',NULL,1,'2012-07-27 11:00:34',NULL,'0000-00-00 00:00:00'),(485,'education',NULL,1,'2012-07-27 11:05:26',NULL,'0000-00-00 00:00:00'),(486,'defenition',NULL,1,'2012-07-27 11:08:04',NULL,'0000-00-00 00:00:00'),(487,'akademik_degree',NULL,1,'2012-07-27 12:54:36',NULL,'0000-00-00 00:00:00'),(488,'prefix',NULL,1,'2012-07-27 12:55:22',1,'2012-07-27 12:56:08'),(489,'sufix',NULL,1,'2012-07-27 12:55:34',NULL,'0000-00-00 00:00:00'),(491,'total_semester',NULL,1,'2012-07-27 13:32:52',NULL,'0000-00-00 00:00:00'),(492,'in_year',NULL,1,'2012-07-27 13:33:12',NULL,'0000-00-00 00:00:00'),(493,'in_semester',NULL,1,'2012-07-27 13:33:31',NULL,'0000-00-00 00:00:00'),(494,'ipk',NULL,1,'2012-07-27 13:34:54',NULL,'0000-00-00 00:00:00'),(495,'diploma_number',NULL,1,'2012-07-27 13:36:29',NULL,'0000-00-00 00:00:00'),(496,'diploma_legalized_date',NULL,1,'2012-07-27 13:38:11',NULL,'0000-00-00 00:00:00'),(497,'certificate_year',NULL,1,'2012-07-30 10:02:11',1,'2012-07-30 11:14:50'),(498,'seminar',NULL,1,'2012-07-30 10:20:10',NULL,'0000-00-00 00:00:00'),(499,'seminar_list',NULL,1,'2012-07-30 10:20:30',NULL,'0000-00-00 00:00:00'),(500,'workshop',NULL,1,'2012-07-30 10:21:11',1,'2012-07-30 11:11:45'),(501,'workshop_list',NULL,1,'2012-07-30 10:21:41',NULL,'0000-00-00 00:00:00'),(502,'theme',NULL,1,'2012-07-30 11:12:09',NULL,'0000-00-00 00:00:00'),(503,'background',NULL,1,'2012-07-30 11:12:28',NULL,'0000-00-00 00:00:00'),(504,'seminar_name',NULL,1,'2012-07-30 11:12:45',NULL,'0000-00-00 00:00:00'),(505,'role',NULL,1,'2012-07-30 11:12:57',NULL,'0000-00-00 00:00:00'),(506,'info',NULL,1,'2012-07-30 11:13:17',NULL,'0000-00-00 00:00:00'),(507,'trainer',NULL,1,'2012-07-30 11:13:43',NULL,'0000-00-00 00:00:00'),(508,'trainer_profile',NULL,1,'2012-07-30 11:13:57',NULL,'0000-00-00 00:00:00'),(509,'duration',NULL,1,'2012-07-30 11:15:34',NULL,'0000-00-00 00:00:00'),(510,'date_of_implementation',NULL,1,'2012-07-30 11:15:58',NULL,'0000-00-00 00:00:00'),(511,'organizer',NULL,1,'2012-07-30 11:16:16',NULL,'0000-00-00 00:00:00'),(512,'workshop_name',NULL,1,'2012-07-30 11:16:39',NULL,'0000-00-00 00:00:00'),(513,'session',NULL,1,'2012-07-30 11:16:53',NULL,'0000-00-00 00:00:00'),(514,'place',NULL,1,'2012-07-30 11:17:17',NULL,'0000-00-00 00:00:00'),(515,'building',NULL,1,'2012-07-30 11:17:33',NULL,'0000-00-00 00:00:00'),(516,'start',NULL,1,'2012-07-30 11:17:54',NULL,'0000-00-00 00:00:00'),(517,'end',NULL,1,'2012-07-30 11:18:02',NULL,'0000-00-00 00:00:00'),(518,'in_hour',NULL,1,'2012-07-30 11:19:28',NULL,'0000-00-00 00:00:00'),(519,'work_period',NULL,1,'2012-07-30 11:33:59',1,'2012-07-30 11:34:19'),(520,'work_experience ',NULL,1,'2012-07-30 11:35:03',NULL,'0000-00-00 00:00:00'),(521,'work_experience_list',NULL,1,'2012-07-30 11:35:23',NULL,'0000-00-00 00:00:00'),(522,'company_information',NULL,1,'2012-07-30 11:47:11',NULL,'0000-00-00 00:00:00'),(523,'work_reference',NULL,1,'2012-07-30 11:57:48',NULL,'0000-00-00 00:00:00'),(524,'start_date',NULL,1,'2012-07-30 12:00:57',NULL,'0000-00-00 00:00:00'),(525,'contact_no',NULL,1,'2012-07-30 12:01:11',NULL,'0000-00-00 00:00:00'),(526,'work_referral',NULL,1,'2012-07-30 12:02:04',NULL,'0000-00-00 00:00:00'),(527,'semester',NULL,1,'2012-07-30 15:28:16',NULL,'0000-00-00 00:00:00'),(528,'project_name',NULL,1,'2012-07-31 08:23:11',NULL,'0000-00-00 00:00:00'),(529,'contract',NULL,1,'2012-07-31 08:23:22',NULL,'0000-00-00 00:00:00'),(530,'service_users',NULL,1,'2012-07-31 08:24:33',NULL,'0000-00-00 00:00:00'),(531,'client',NULL,1,'2012-07-31 08:24:49',NULL,'0000-00-00 00:00:00'),(532,'project_year',NULL,1,'2012-07-31 08:26:25',NULL,'0000-00-00 00:00:00'),(533,'project_experience',NULL,1,'2012-07-31 08:27:09',NULL,'0000-00-00 00:00:00'),(534,'project_experience_list',NULL,1,'2012-07-31 08:27:28',NULL,'0000-00-00 00:00:00'),(535,'project_location',NULL,1,'2012-07-31 08:40:56',NULL,'0000-00-00 00:00:00'),(536,'project_desc',NULL,1,'2012-07-31 08:41:18',NULL,'0000-00-00 00:00:00'),(537,'on_behalf_the_company',NULL,1,'2012-07-31 08:41:51',NULL,'0000-00-00 00:00:00'),(538,'job_desc',NULL,1,'2012-07-31 08:48:53',NULL,'0000-00-00 00:00:00'),(539,'project_period',NULL,1,'2012-07-31 08:49:21',1,'2012-07-31 08:49:38'),(540,'reference_letter',NULL,1,'2012-07-31 08:50:16',1,'2012-07-31 08:50:47'),(541,'task_desc',NULL,1,'2012-07-31 09:52:04',1,'2012-07-31 09:56:41'),(542,'organization_experience',NULL,1,'2012-07-31 10:11:14',NULL,'0000-00-00 00:00:00'),(543,'organization_experience_list',NULL,1,'2012-07-31 10:11:34',NULL,'0000-00-00 00:00:00'),(544,'organization_name',NULL,1,'2012-07-31 10:17:35',1,'2012-07-31 10:26:45'),(545,'organization_period',NULL,1,'2012-07-31 10:31:11',NULL,'0000-00-00 00:00:00'),(546,'role_desc',NULL,1,'2012-07-31 10:31:35',NULL,'0000-00-00 00:00:00'),(547,'achievement_experience',NULL,1,'2012-07-31 11:19:57',NULL,'0000-00-00 00:00:00'),(548,'achievement_experience_list',NULL,1,'2012-07-31 11:20:19',NULL,'0000-00-00 00:00:00'),(549,'achievement_name',NULL,1,'2012-07-31 11:22:04',NULL,'0000-00-00 00:00:00'),(550,'achievement_desc',NULL,1,'2012-07-31 11:26:14',1,'2012-07-31 11:29:11'),(551,'achievement_year',NULL,1,'2012-07-31 11:28:49',NULL,'0000-00-00 00:00:00'),(553,'pic_name',NULL,1,'2012-07-31 12:53:40',1,'2012-09-28 16:15:59'),(554,'batchcode',NULL,1,'2012-07-31 12:53:54',1,'2012-08-14 09:49:33'),(555,'expired',NULL,1,'2012-07-31 12:54:17',NULL,'0000-00-00 00:00:00'),(556,'certification',NULL,1,'2012-07-31 12:54:31',1,'2012-07-31 12:55:14'),(557,'certification_list',NULL,1,'2012-07-31 12:55:31',NULL,'0000-00-00 00:00:00'),(558,'certification_name',NULL,1,'2012-07-31 12:56:03',NULL,'0000-00-00 00:00:00'),(559,'service_provider',NULL,1,'2012-07-31 13:06:17',NULL,'0000-00-00 00:00:00'),(560,'quotation_date',NULL,1,'2012-07-31 13:10:04',NULL,'0000-00-00 00:00:00'),(561,'result',NULL,1,'2012-07-31 13:14:33',1,'2012-11-23 08:28:47'),(562,'official_name',NULL,1,'2012-07-31 13:14:51',NULL,'0000-00-00 00:00:00'),(563,'official_position',NULL,1,'2012-07-31 13:15:10',NULL,'0000-00-00 00:00:00'),(564,'if_there_is',NULL,1,'2012-07-31 13:15:29',NULL,'0000-00-00 00:00:00'),(565,'all',NULL,1,'2012-07-31 13:20:06',NULL,'0000-00-00 00:00:00'),(566,'supervisor',NULL,1,'2012-07-31 14:29:57',1,'2012-07-31 14:30:29'),(567,'medical_record_type',NULL,1,'2012-07-31 14:35:04',NULL,'0000-00-00 00:00:00'),(568,'supervision',NULL,1,'2012-07-31 15:00:23',1,'2012-07-31 15:00:46'),(569,'supervision_list',NULL,1,'2012-07-31 15:01:12',NULL,'0000-00-00 00:00:00'),(570,'functional_position',NULL,1,'2012-08-01 09:41:42',NULL,'0000-00-00 00:00:00'),(571,'functional_position_list',NULL,1,'2012-08-01 09:42:12',NULL,'0000-00-00 00:00:00'),(572,'grade',NULL,1,'2012-08-01 10:36:29',NULL,'0000-00-00 00:00:00'),(573,'grade_list',NULL,1,'2012-08-01 10:36:45',NULL,'0000-00-00 00:00:00'),(574,'marital_status',NULL,1,'2012-08-01 12:35:19',NULL,'0000-00-00 00:00:00'),(575,'marital_status_list',NULL,1,'2012-08-01 12:35:38',NULL,'0000-00-00 00:00:00'),(576,'marriage_date',NULL,1,'2012-08-01 12:55:11',NULL,'0000-00-00 00:00:00'),(577,'salary_amount',NULL,1,'2012-08-01 15:30:06',NULL,'0000-00-00 00:00:00'),(578,'basic_salary',NULL,1,'2012-08-01 15:31:31',NULL,'0000-00-00 00:00:00'),(579,'basic_salary_list',NULL,1,'2012-08-01 15:31:53',NULL,'0000-00-00 00:00:00'),(580,'punishment_type',NULL,1,'2012-08-01 15:59:15',NULL,'0000-00-00 00:00:00'),(581,'punishment_level',NULL,1,'2012-08-02 08:20:23',1,'2012-08-02 08:20:57'),(582,'punishment',NULL,1,'2012-08-02 08:36:51',NULL,'0000-00-00 00:00:00'),(583,'punishment_list',NULL,1,'2012-08-02 08:37:16',NULL,'0000-00-00 00:00:00'),(584,'work_service_adjusment',NULL,1,'2012-08-02 09:57:33',NULL,'0000-00-00 00:00:00'),(585,'work_service_adjusment_list',NULL,1,'2012-08-02 09:57:53',NULL,'0000-00-00 00:00:00'),(586,'start_period',NULL,1,'2012-08-02 10:01:17',NULL,'0000-00-00 00:00:00'),(587,'january',NULL,1,'2012-08-02 11:35:55',NULL,'0000-00-00 00:00:00'),(588,'february',NULL,1,'2012-08-02 11:36:14',NULL,'0000-00-00 00:00:00'),(589,'march',NULL,1,'2012-08-02 11:36:25',NULL,'0000-00-00 00:00:00'),(590,'april',NULL,1,'2012-08-02 11:36:39',NULL,'0000-00-00 00:00:00'),(591,'may',NULL,1,'2012-08-02 11:36:52',NULL,'0000-00-00 00:00:00'),(592,'june',NULL,1,'2012-08-02 11:37:18',NULL,'0000-00-00 00:00:00'),(593,'july',NULL,1,'2012-08-02 11:37:40',NULL,'0000-00-00 00:00:00'),(594,'august',NULL,1,'2012-08-02 11:37:55',NULL,'0000-00-00 00:00:00'),(595,'september',NULL,1,'2012-08-02 11:38:13',NULL,'0000-00-00 00:00:00'),(596,'october',NULL,1,'2012-08-02 11:38:25',NULL,'0000-00-00 00:00:00'),(597,'november',NULL,1,'2012-08-02 11:38:45',NULL,'0000-00-00 00:00:00'),(598,'december',NULL,1,'2012-08-02 11:39:09',NULL,'0000-00-00 00:00:00'),(599,'service_duty',NULL,1,'2012-08-02 12:07:28',NULL,'0000-00-00 00:00:00'),(600,'service_duty_list',NULL,1,'2012-08-02 12:07:44',1,'2012-08-02 12:09:10'),(601,'service_duty_period',NULL,1,'2012-08-02 12:08:02',NULL,'0000-00-00 00:00:00'),(602,'informal_education',NULL,1,'2012-08-02 13:01:57',NULL,'0000-00-00 00:00:00'),(603,'informal_education_list',NULL,1,'2012-08-02 13:03:02',NULL,'0000-00-00 00:00:00'),(604,'nonformal_education',NULL,1,'2012-08-02 13:05:59',NULL,'0000-00-00 00:00:00'),(605,'nonformal_education_list',NULL,1,'2012-08-02 13:07:15',NULL,'0000-00-00 00:00:00'),(606,'instant_messaging',NULL,1,'2012-08-02 15:40:35',NULL,'0000-00-00 00:00:00'),(607,'biodata',NULL,1,'2012-08-02 15:53:43',NULL,'0000-00-00 00:00:00'),(608,'contacts',NULL,1,'2012-08-02 15:53:58',NULL,'0000-00-00 00:00:00'),(609,'personal_information',NULL,1,'2012-08-03 08:03:43',NULL,'0000-00-00 00:00:00'),(610,'medical_history',NULL,1,'2012-08-03 08:39:42',NULL,'0000-00-00 00:00:00'),(611,'medical_history_list',NULL,1,'2012-08-03 08:40:10',NULL,'0000-00-00 00:00:00'),(612,'disease_name',NULL,1,'2012-08-03 09:45:20',NULL,'0000-00-00 00:00:00'),(613,'medical_action',NULL,1,'2012-08-03 09:46:45',NULL,'0000-00-00 00:00:00'),(614,'action_date',NULL,1,'2012-08-03 09:47:28',NULL,'0000-00-00 00:00:00'),(615,'time_period',NULL,1,'2012-08-03 09:48:34',NULL,'0000-00-00 00:00:00'),(616,'had_surgery',NULL,1,'2012-08-03 10:22:10',NULL,'0000-00-00 00:00:00'),(617,'disease_who_had_suffered',NULL,1,'2012-08-03 10:23:37',NULL,'0000-00-00 00:00:00'),(618,'age_at_illness',NULL,1,'2012-08-03 10:32:01',NULL,'0000-00-00 00:00:00'),(619,'day',NULL,1,'2012-08-03 10:34:25',NULL,'0000-00-00 00:00:00'),(620,'specialization',NULL,1,'2012-08-03 10:39:04',NULL,'0000-00-00 00:00:00'),(621,'type',NULL,1,'2012-08-03 10:39:26',NULL,'0000-00-00 00:00:00'),(622,'doctor_contact',NULL,1,'2012-08-03 10:42:11',NULL,'0000-00-00 00:00:00'),(623,'hospital',NULL,1,'2012-08-03 10:42:48',NULL,'0000-00-00 00:00:00'),(624,'hospital_address',NULL,1,'2012-08-03 10:46:03',NULL,'0000-00-00 00:00:00'),(625,'clinic',NULL,1,'2012-08-03 10:47:16',NULL,'0000-00-00 00:00:00'),(626,'doctor',NULL,1,'2012-08-03 10:47:43',NULL,'0000-00-00 00:00:00'),(627,'week',NULL,1,'2012-08-03 10:49:49',1,'2012-08-03 11:08:50'),(628,'medical_diagnosis',NULL,1,'2012-08-03 13:03:18',NULL,'0000-00-00 00:00:00'),(629,'medical_diagnosis_list',NULL,1,'2012-08-03 13:04:16',NULL,'0000-00-00 00:00:00'),(630,'diagnosis',NULL,1,'2012-08-03 13:14:29',1,'2012-08-03 13:14:46'),(631,'diagnosis_of_disease',NULL,1,'2012-08-03 13:29:37',NULL,'0000-00-00 00:00:00'),(632,'symptom',NULL,1,'2012-08-03 13:36:24',NULL,'0000-00-00 00:00:00'),(633,'personal_action',NULL,1,'2012-08-03 13:38:50',NULL,'0000-00-00 00:00:00'),(634,'drug',NULL,1,'2012-08-03 13:41:58',NULL,'0000-00-00 00:00:00'),(635,'drug_reaction',NULL,1,'2012-08-03 13:43:46',NULL,'0000-00-00 00:00:00'),(636,'drug_time_period',NULL,1,'2012-08-03 13:45:55',NULL,'0000-00-00 00:00:00'),(637,'complication',NULL,1,'2012-08-03 13:46:41',NULL,'0000-00-00 00:00:00'),(638,'medical_record',NULL,1,'2012-08-03 14:49:48',NULL,'0000-00-00 00:00:00'),(639,'medical_record_list',NULL,1,'2012-08-03 14:50:08',NULL,'0000-00-00 00:00:00'),(640,'medical_record_documents',NULL,1,'2012-08-03 14:53:11',NULL,'0000-00-00 00:00:00'),(641,'document_name',NULL,1,'2012-08-03 14:53:53',NULL,'0000-00-00 00:00:00'),(642,'education_history',NULL,1,'2012-08-05 09:22:12',NULL,'0000-00-00 00:00:00'),(643,'competence',NULL,1,'2012-08-05 09:51:21',1,'2012-08-05 09:51:42'),(644,'you_can_add_more_than_one',NULL,1,'2012-08-06 08:47:04',NULL,'0000-00-00 00:00:00'),(645,'select_language',NULL,1,'2012-08-06 08:47:44',NULL,'0000-00-00 00:00:00'),(646,'select_language_fluent_type',NULL,1,'2012-08-06 08:48:15',NULL,'0000-00-00 00:00:00'),(647,'select_language_quality_type',NULL,1,'2012-08-06 08:48:49',NULL,'0000-00-00 00:00:00'),(648,'fluent',NULL,1,'2012-08-06 08:50:02',NULL,'0000-00-00 00:00:00'),(649,'quality',NULL,1,'2012-08-06 08:50:13',NULL,'0000-00-00 00:00:00'),(650,'language_competence',NULL,1,'2012-08-06 08:50:49',NULL,'0000-00-00 00:00:00'),(651,'language_competence_list',NULL,1,'2012-08-06 08:51:09',NULL,'0000-00-00 00:00:00'),(652,'language_certificate',NULL,1,'2012-08-06 08:59:16',1,'2012-08-06 08:59:36'),(653,'score',NULL,1,'2012-08-06 08:59:49',NULL,'0000-00-00 00:00:00'),(654,'certificate',NULL,1,'2012-08-06 09:11:19',NULL,'0000-00-00 00:00:00'),(655,'account_type',NULL,1,'2012-08-07 08:40:08',NULL,'0000-00-00 00:00:00'),(656,'account_segment',NULL,1,'2012-08-07 08:47:50',NULL,'0000-00-00 00:00:00'),(657,'bussiness_model',NULL,1,'2012-08-07 09:17:37',NULL,'0000-00-00 00:00:00'),(658,'confidence_level',NULL,1,'2012-08-07 11:19:44',NULL,'0000-00-00 00:00:00'),(659,'is_end',NULL,1,'2012-08-07 11:34:11',NULL,'0000-00-00 00:00:00'),(660,'prospect_stage',NULL,1,'2012-08-07 11:34:53',1,'2012-08-07 11:36:24'),(661,'priority_level',NULL,1,'2012-08-07 11:50:38',1,'2012-08-07 11:59:23'),(662,'lead_source',NULL,1,'2012-08-07 12:37:06',1,'2012-09-28 18:15:03'),(663,'opportunity_file_type',NULL,1,'2012-08-07 12:56:47',1,'2012-09-28 15:15:13'),(664,'population',NULL,1,'2012-08-09 10:57:13',NULL,'0000-00-00 00:00:00'),(665,'transaction',NULL,1,'2012-08-09 14:23:46',1,'2012-08-09 14:25:11'),(666,'technical_competence',NULL,1,'2012-08-13 10:58:24',NULL,'0000-00-00 00:00:00'),(667,'health_information',NULL,1,'2012-08-13 11:01:16',NULL,'0000-00-00 00:00:00'),(668,'work_service_adjustment',NULL,1,'2012-08-13 11:14:10',NULL,'0000-00-00 00:00:00'),(669,'employee_unit',NULL,1,'2012-08-13 11:16:44',NULL,'0000-00-00 00:00:00'),(670,'bank_account',NULL,1,'2012-08-13 11:23:00',NULL,'0000-00-00 00:00:00'),(671,'account_no',NULL,1,'2012-08-13 11:24:23',NULL,'0000-00-00 00:00:00'),(672,'card_holder',NULL,1,'2012-08-13 11:30:34',NULL,'0000-00-00 00:00:00'),(673,'npwp',NULL,1,'2012-08-13 11:38:08',NULL,'0000-00-00 00:00:00'),(674,'npwp_no',NULL,1,'2012-08-13 11:38:46',NULL,'0000-00-00 00:00:00'),(675,'registered_date',NULL,1,'2012-08-13 11:39:17',NULL,'0000-00-00 00:00:00'),(676,'jamsostek',NULL,1,'2012-08-13 11:46:34',NULL,'0000-00-00 00:00:00'),(677,'kpj_no',NULL,1,'2012-08-13 11:47:11',NULL,'0000-00-00 00:00:00'),(678,'use_of_basic_salary',NULL,1,'2012-08-13 11:52:02',NULL,'0000-00-00 00:00:00'),(679,'birth_date',NULL,1,'2012-08-13 11:57:33',NULL,'0000-00-00 00:00:00'),(680,'health_insurance',NULL,1,'2012-08-13 11:59:38',NULL,'0000-00-00 00:00:00'),(681,'askes',NULL,1,'2012-08-13 12:00:09',NULL,'0000-00-00 00:00:00'),(682,'askes_no',NULL,1,'2012-08-13 12:01:38',NULL,'0000-00-00 00:00:00'),(683,'registered_address',NULL,1,'2012-08-13 12:02:22',NULL,'0000-00-00 00:00:00'),(684,'health_insurance_askes',NULL,1,'2012-08-13 12:48:38',NULL,'0000-00-00 00:00:00'),(685,'external_insurance',NULL,1,'2012-08-13 12:52:57',NULL,'0000-00-00 00:00:00'),(686,'internal_insurance',NULL,1,'2012-08-13 13:04:06',NULL,'0000-00-00 00:00:00'),(687,'vendor_address',NULL,1,'2012-08-13 14:14:40',NULL,'0000-00-00 00:00:00'),(688,'vendor_email',NULL,1,'2012-08-13 14:15:11',NULL,'0000-00-00 00:00:00'),(689,'vendor_phone',NULL,1,'2012-08-13 14:15:56',NULL,'0000-00-00 00:00:00'),(690,'vendor_fax',NULL,1,'2012-08-13 14:16:17',NULL,'0000-00-00 00:00:00'),(691,'print_html',NULL,1,'2012-08-13 14:26:09',1,'2012-10-01 09:50:06'),(692,'flush',NULL,1,'2012-08-13 14:31:04',NULL,'0000-00-00 00:00:00'),(693,'menu',NULL,1,'2012-08-13 14:41:09',NULL,'0000-00-00 00:00:00'),(694,'module',NULL,1,'2012-08-13 14:41:25',NULL,'0000-00-00 00:00:00'),(695,'description',NULL,1,'2012-08-13 14:41:49',NULL,'0000-00-00 00:00:00'),(696,'table',NULL,1,'2012-08-13 14:42:16',NULL,'0000-00-00 00:00:00'),(697,'real_name',NULL,1,'2012-08-13 14:42:24',NULL,'0000-00-00 00:00:00'),(698,'kurs',NULL,1,'2012-08-13 14:49:26',NULL,'0000-00-00 00:00:00'),(699,'received',NULL,1,'2012-08-13 14:59:54',NULL,'0000-00-00 00:00:00'),(700,'good',NULL,1,'2012-08-13 15:00:22',NULL,'0000-00-00 00:00:00'),(701,'broken',NULL,1,'2012-08-13 15:00:48',NULL,'0000-00-00 00:00:00'),(702,'missing',NULL,1,'2012-08-13 15:01:09',NULL,'0000-00-00 00:00:00'),(703,'group',NULL,1,'2012-08-13 15:01:35',NULL,'0000-00-00 00:00:00'),(707,'menu_name',NULL,1,'2012-08-13 15:16:58',NULL,'0000-00-00 00:00:00'),(708,'retur',NULL,1,'2012-08-13 15:17:58',NULL,'0000-00-00 00:00:00'),(709,'export',NULL,1,'2012-08-13 15:18:51',1,'2012-08-13 15:42:47'),(710,'module_name',NULL,1,'2012-08-13 15:19:16',NULL,'0000-00-00 00:00:00'),(711,'documentation',NULL,1,'2012-08-13 15:24:50',NULL,'0000-00-00 00:00:00'),(712,'approve',NULL,1,'2012-08-13 15:25:03',NULL,'0000-00-00 00:00:00'),(713,'confirm_password',NULL,1,'2012-08-13 15:31:44',NULL,'0000-00-00 00:00:00'),(714,'sample_data',NULL,1,'2012-08-13 15:37:05',NULL,'0000-00-00 00:00:00'),(715,'dependency_source',NULL,1,'2012-08-13 15:41:26',NULL,'0000-00-00 00:00:00'),(716,'dependency_target',NULL,1,'2012-08-13 15:45:38',1,'2012-08-14 08:34:25'),(717,'recruitment_information',NULL,1,'2012-08-14 08:02:18',NULL,'0000-00-00 00:00:00'),(718,'task_status',NULL,1,'2012-08-14 08:21:01',NULL,'0000-00-00 00:00:00'),(719,'milt',NULL,1,'2012-08-14 08:22:42',1,'2012-08-14 12:36:30'),(720,'grand_total',NULL,1,'2012-08-14 08:24:22',NULL,'0000-00-00 00:00:00'),(721,'po_number',NULL,1,'2012-08-14 08:38:17',NULL,'0000-00-00 00:00:00'),(722,'receive_by',NULL,1,'2012-08-14 08:38:39',NULL,'0000-00-00 00:00:00'),(723,'made_by',NULL,1,'2012-08-14 08:42:05',NULL,'0000-00-00 00:00:00'),(724,'create_new_do',NULL,1,'2012-08-14 08:43:19',NULL,'0000-00-00 00:00:00'),(725,'activity_type',NULL,1,'2012-08-14 08:43:55',NULL,'0000-00-00 00:00:00'),(726,'related_to',NULL,1,'2012-08-14 08:55:00',NULL,'0000-00-00 00:00:00'),(727,'receive_date',NULL,1,'2012-08-14 08:59:54',1,'2012-11-05 08:54:12'),(728,'factur_number',NULL,1,'2012-08-14 09:00:20',NULL,'0000-00-00 00:00:00'),(729,'order_date',NULL,1,'2012-08-14 09:00:44',NULL,'0000-00-00 00:00:00'),(730,'accept_date',NULL,1,'2012-08-14 09:01:39',8,'2012-08-15 15:07:17'),(732,'gr_supplier',NULL,1,'2012-08-14 09:05:25',NULL,'0000-00-00 00:00:00'),(733,'parsial_update',NULL,1,'2012-08-14 09:06:23',NULL,'0000-00-00 00:00:00'),(737,'jasmsostek_calc_adjust_type',NULL,1,'2012-08-14 09:12:09',1,'2012-08-14 09:14:40'),(738,'unit_id',NULL,1,'2012-08-14 09:18:08',8,'2012-08-16 08:34:44'),(739,'ceo',NULL,1,'2012-08-14 09:19:33',NULL,'0000-00-00 00:00:00'),(740,'buy_area_id',NULL,1,'2012-08-14 09:21:25',NULL,'0000-00-00 00:00:00'),(741,'sell_area_id',NULL,1,'2012-08-14 09:21:52',NULL,'0000-00-00 00:00:00'),(742,'ownership_id',NULL,1,'2012-08-14 09:22:40',NULL,'0000-00-00 00:00:00'),(743,'manage_unit_id',NULL,1,'2012-08-14 09:23:32',NULL,'0000-00-00 00:00:00'),(744,'last_medic_number',NULL,1,'2012-08-14 09:24:18',NULL,'0000-00-00 00:00:00'),(745,'last_invoice_number',NULL,1,'2012-08-14 09:24:49',NULL,'0000-00-00 00:00:00'),(746,'is_po_target',NULL,1,'2012-08-14 09:25:12',NULL,'0000-00-00 00:00:00'),(747,'accept',NULL,1,'2012-08-14 09:27:46',8,'2012-08-15 14:45:31'),(748,'call_status',NULL,1,'2012-08-14 09:30:30',NULL,'0000-00-00 00:00:00'),(749,'field',NULL,1,'2012-08-14 09:31:50',NULL,'0000-00-00 00:00:00'),(750,'null',NULL,1,'2012-08-14 09:32:10',NULL,'0000-00-00 00:00:00'),(751,'extra',NULL,1,'2012-08-14 09:32:33',NULL,'0000-00-00 00:00:00'),(752,'comment',NULL,1,'2012-08-14 09:32:57',NULL,'0000-00-00 00:00:00'),(753,'responsible_person',NULL,1,'2012-08-14 09:37:26',8,'2012-08-14 15:05:51'),(754,'due_date',NULL,1,'2012-08-14 09:37:58',NULL,'0000-00-00 00:00:00'),(755,'sender',NULL,1,'2012-08-14 09:38:23',NULL,'0000-00-00 00:00:00'),(756,'cabang_tujuan',NULL,1,'2012-08-14 09:39:57',8,'2012-08-15 15:27:18'),(757,'mode',NULL,1,'2012-08-14 09:40:16',NULL,'0000-00-00 00:00:00'),(758,'simple',NULL,1,'2012-08-14 09:40:51',1,'2012-09-21 08:22:14'),(759,'case_file_type',NULL,1,'2012-08-14 09:41:14',NULL,'0000-00-00 00:00:00'),(760,'lost',NULL,1,'2012-08-14 09:41:56',NULL,'0000-00-00 00:00:00'),(761,'kurang',NULL,1,'2012-08-14 09:42:17',1,'2012-08-14 12:36:17'),(762,'bonus',NULL,1,'2012-08-14 09:42:51',NULL,'0000-00-00 00:00:00'),(763,'total_price',NULL,1,'2012-08-14 09:45:59',NULL,'0000-00-00 00:00:00'),(764,'history_kurs_currency',NULL,1,'2012-08-14 09:46:15',1,'2012-08-14 09:58:05'),(765,'total_vat',NULL,1,'2012-08-14 09:47:02',NULL,'0000-00-00 00:00:00'),(766,'Update',NULL,1,'2012-08-14 09:47:27',NULL,'0000-00-00 00:00:00'),(767,'box',NULL,1,'2012-08-14 09:47:33',NULL,'0000-00-00 00:00:00'),(768,'koli',NULL,1,'2012-08-14 09:48:15',1,'2012-08-14 13:14:38'),(769,'case_status',NULL,1,'2012-08-14 10:01:45',NULL,'0000-00-00 00:00:00'),(770,'retur_supplier',NULL,1,'2012-08-14 11:03:47',NULL,'0000-00-00 00:00:00'),(771,'case_type',NULL,1,'2012-08-14 11:06:53',NULL,'0000-00-00 00:00:00'),(772,'input',NULL,1,'2012-08-14 11:08:55',NULL,'0000-00-00 00:00:00'),(773,'faktur',NULL,1,'2012-08-14 11:09:25',NULL,'0000-00-00 00:00:00'),(774,'supplier',NULL,1,'2012-08-14 11:11:07',NULL,'0000-00-00 00:00:00'),(775,'receive',NULL,1,'2012-08-14 11:14:14',NULL,'0000-00-00 00:00:00'),(776,'contract_file_type',NULL,1,'2012-08-14 11:16:22',NULL,'0000-00-00 00:00:00'),(777,'delete',NULL,1,'2012-08-14 11:23:44',NULL,'0000-00-00 00:00:00'),(778,'duration_time_type',NULL,1,'2012-08-14 11:33:09',NULL,'0000-00-00 00:00:00'),(779,'value',NULL,1,'2012-08-14 11:33:24',1,'2012-08-14 11:40:10'),(780,'destination',NULL,1,'2012-08-14 11:39:30',8,'2012-08-15 10:46:53'),(781,'time',NULL,1,'2012-08-14 11:39:40',NULL,'0000-00-00 00:00:00'),(782,'destination_unit_id',NULL,1,'2012-08-14 11:40:08',8,'2012-08-15 15:28:06'),(783,'internal',NULL,1,'2012-08-14 11:43:39',NULL,'0000-00-00 00:00:00'),(784,'meeting_status',NULL,1,'2012-08-14 11:53:54',1,'2012-08-14 12:33:37'),(785,'po_internal',NULL,1,'2012-08-14 11:57:49',1,'2012-10-01 05:10:49'),(786,'urgent',NULL,1,'2012-08-14 12:19:09',8,'2012-08-15 09:27:38'),(787,'is_urgent',NULL,1,'2012-08-14 12:21:20',NULL,'0000-00-00 00:00:00'),(788,'normal',NULL,1,'2012-08-14 12:21:34',NULL,'0000-00-00 00:00:00'),(789,'periods',NULL,1,'2012-08-14 12:23:01',NULL,'0000-00-00 00:00:00'),(790,'qty_po',NULL,1,'2012-08-14 12:28:16',8,'2012-08-15 10:33:37'),(791,'do_draft',NULL,1,'2012-08-14 12:32:26',NULL,'0000-00-00 00:00:00'),(792,'sent',NULL,1,'2012-08-14 12:32:43',1,'2012-08-14 12:59:49'),(794,'deficient',NULL,1,'2012-08-14 12:35:55',NULL,'0000-00-00 00:00:00'),(795,'units_mode',NULL,1,'2012-08-14 12:36:16',1,'2012-09-25 08:23:51'),(796,'external_price',NULL,1,'2012-08-14 12:37:02',NULL,'0000-00-00 00:00:00'),(797,'unflush',NULL,1,'2012-08-14 12:37:38',NULL,'0000-00-00 00:00:00'),(798,'po',NULL,1,'2012-08-14 12:38:15',NULL,'0000-00-00 00:00:00'),(799,'Flushed',NULL,1,'2012-08-14 12:39:21',NULL,'0000-00-00 00:00:00'),(800,'advanced',NULL,1,'2012-08-14 12:41:03',1,'2012-09-21 08:22:51'),(801,'reminder_time_type',NULL,1,'2012-08-14 12:43:11',NULL,'0000-00-00 00:00:00'),(802,'goods_detail',NULL,1,'2012-08-14 12:43:58',NULL,'0000-00-00 00:00:00'),(803,'otorasasi',NULL,1,'2012-08-14 12:45:38',NULL,'0000-00-00 00:00:00'),(804,'related_do',NULL,1,'2012-08-14 12:46:10',NULL,'0000-00-00 00:00:00'),(805,'create',NULL,1,'2012-08-14 12:47:53',NULL,'0000-00-00 00:00:00'),(806,'do',NULL,1,'2012-08-14 12:48:04',NULL,'0000-00-00 00:00:00'),(807,'units_used_for',NULL,1,'2012-08-14 12:49:23',1,'2012-09-25 08:41:39'),(808,'selling',NULL,1,'2012-08-14 12:49:44',NULL,'0000-00-00 00:00:00'),(809,'smallest_units',NULL,1,'2012-08-14 12:50:09',1,'2012-09-25 08:44:20'),(810,'do_internal',NULL,1,'2012-08-14 12:53:35',NULL,'0000-00-00 00:00:00'),(811,'auto',NULL,1,'2012-08-14 12:53:54',NULL,'0000-00-00 00:00:00'),(812,'manual',NULL,1,'2012-08-14 12:54:05',NULL,'0000-00-00 00:00:00'),(813,'outstanding',NULL,1,'2012-08-14 12:54:22',NULL,'0000-00-00 00:00:00'),(814,'margin',NULL,1,'2012-08-14 12:57:33',NULL,'0000-00-00 00:00:00'),(815,'send_qty',NULL,1,'2012-08-14 12:59:29',1,'2012-08-14 13:47:00'),(816,'document_category',NULL,1,'2012-08-14 13:05:25',NULL,'0000-00-00 00:00:00'),(817,'bale_qty',NULL,1,'2012-08-14 13:14:18',NULL,'0000-00-00 00:00:00'),(820,'checker',NULL,1,'2012-08-14 13:17:56',NULL,'0000-00-00 00:00:00'),(821,'packer',NULL,1,'2012-08-14 13:18:10',NULL,'0000-00-00 00:00:00'),(824,'document_status',NULL,1,'2012-08-14 13:22:46',1,'2012-08-14 13:23:31'),(825,'price',NULL,1,'2012-08-14 13:23:47',NULL,'0000-00-00 00:00:00'),(826,'document_type',NULL,1,'2012-08-14 13:37:44',NULL,'0000-00-00 00:00:00'),(827,'gr_internal',NULL,1,'2012-08-14 13:43:05',NULL,'0000-00-00 00:00:00'),(828,'qty',NULL,1,'2012-08-14 13:47:16',NULL,'0000-00-00 00:00:00'),(829,'lead_status',NULL,1,'2012-08-14 14:00:12',1,'2012-09-28 18:18:51'),(830,'master_type',NULL,1,'2012-08-14 14:17:41',NULL,'0000-00-00 00:00:00'),(832,'retur_internal',NULL,8,'2012-08-14 14:30:35',8,'2012-08-14 14:31:06'),(833,'date_send',NULL,1,'2012-08-14 14:39:09',8,'2012-08-15 14:49:50'),(834,'goods_name',NULL,8,'2012-08-14 15:11:33',NULL,'0000-00-00 00:00:00'),(835,'pic_id',NULL,8,'2012-08-14 15:12:03',NULL,'0000-00-00 00:00:00'),(836,'usage',NULL,8,'2012-08-14 15:13:56',NULL,'0000-00-00 00:00:00'),(837,'deskripsi',NULL,8,'2012-08-14 15:14:31',NULL,'0000-00-00 00:00:00'),(839,'usage_number',NULL,8,'2012-08-14 15:16:00',NULL,'0000-00-00 00:00:00'),(840,'no_resep',NULL,8,'2012-08-14 15:17:49',NULL,'0000-00-00 00:00:00'),(841,'usgtype_id',NULL,8,'2012-08-14 15:23:13',NULL,'0000-00-00 00:00:00'),(842,'opname',NULL,8,'2012-08-14 15:26:59',NULL,'0000-00-00 00:00:00'),(843,'mutation',NULL,8,'2012-08-14 15:33:26',1,'2012-09-30 15:30:25'),(844,'unit_destination_id',NULL,8,'2012-08-14 15:35:24',8,'2012-08-15 15:26:45'),(845,'mutationstatus_id',NULL,8,'2012-08-14 15:37:20',NULL,'0000-00-00 00:00:00'),(846,'goods_function',NULL,1,'2012-08-15 08:01:07',NULL,'0000-00-00 00:00:00'),(847,'health_insurance_status',NULL,8,'2012-08-15 08:17:51',NULL,'0000-00-00 00:00:00'),(848,'askses_status',NULL,8,'2012-08-15 08:19:11',8,'2012-08-15 08:20:43'),(849,'cancel_receive',NULL,1,'2012-08-15 08:23:35',NULL,'0000-00-00 00:00:00'),(851,'assignor',NULL,1,'2012-08-15 09:34:17',NULL,'0000-00-00 00:00:00'),(852,'officer',NULL,1,'2012-08-15 09:41:02',NULL,'0000-00-00 00:00:00'),(853,'main_data',NULL,1,'2012-08-15 09:45:10',NULL,'0000-00-00 00:00:00'),(854,'area_data',NULL,1,'2012-08-15 09:53:25',NULL,'0000-00-00 00:00:00'),(855,'general_information',NULL,1,'2012-08-15 09:54:01',NULL,'0000-00-00 00:00:00'),(856,'msg_approve_success',NULL,1,'2012-08-15 10:11:32',1,'2012-08-15 10:24:35'),(857,'msg_unapprove_success',NULL,1,'2012-08-15 10:12:23',1,'2012-09-25 10:42:25'),(858,'msg_urgent_success',NULL,1,'2012-08-15 10:14:49',1,'2012-08-15 10:25:08'),(859,'msg_flush_success',NULL,1,'2012-08-15 10:24:18',1,'2012-08-15 10:25:24'),(860,'msg_unflush_success',NULL,1,'2012-08-15 10:26:23',NULL,'0000-00-00 00:00:00'),(861,'msg_create_new_do_success',NULL,1,'2012-08-15 10:28:59',NULL,'0000-00-00 00:00:00'),(862,'unit_from',NULL,8,'2012-08-15 10:32:10',NULL,'0000-00-00 00:00:00'),(863,'msg_cancel_accept_success',NULL,1,'2012-08-15 10:47:16',8,'2012-08-15 14:47:01'),(864,'msg_accept_success',NULL,1,'2012-08-15 10:48:20',8,'2012-08-15 14:46:20'),(865,'msg_receive_success',NULL,1,'2012-08-15 11:00:15',8,'2012-08-15 15:12:36'),(866,'goods_code',NULL,1,'2012-08-15 11:05:28',NULL,'0000-00-00 00:00:00'),(867,'in',NULL,1,'2012-08-15 11:06:52',NULL,'0000-00-00 00:00:00'),(868,'out',NULL,1,'2012-08-15 11:07:14',NULL,'0000-00-00 00:00:00'),(869,'gr_number',NULL,1,'2012-08-15 11:10:23',NULL,'0000-00-00 00:00:00'),(870,'balance',NULL,1,'2012-08-15 12:49:31',NULL,'0000-00-00 00:00:00'),(871,'ref',NULL,1,'2012-08-15 12:49:59',NULL,'0000-00-00 00:00:00'),(872,'transtype_id',NULL,1,'2012-08-15 12:50:45',NULL,'0000-00-00 00:00:00'),(873,'qty_plus',NULL,1,'2012-08-15 12:52:14',NULL,'0000-00-00 00:00:00'),(874,'qty_minus',NULL,1,'2012-08-15 12:52:31',NULL,'0000-00-00 00:00:00'),(875,'custom_validation_cek_area_empty',NULL,1,'2012-08-15 14:12:59',1,'2012-11-08 10:02:02'),(876,'msg_cancel_gr_success',NULL,8,'2012-08-15 15:34:16',8,'2012-08-15 15:37:06'),(877,'msg_unapprove_fail',NULL,8,'2012-08-15 15:45:43',NULL,'0000-00-00 00:00:00'),(878,'msg_approve_fail',NULL,8,'2012-08-15 15:46:35',NULL,'0000-00-00 00:00:00'),(879,'msg_cancel_receive_success',NULL,8,'2012-08-15 15:50:47',NULL,'0000-00-00 00:00:00'),(880,'msg_receive_fail',NULL,1,'2012-08-16 08:21:34',1,'2012-08-16 11:28:55'),(881,'msg_cancel_receive_fail',NULL,1,'2012-08-16 08:22:23',1,'2012-08-16 11:27:40'),(882,'mutation_direction',NULL,8,'2012-08-16 08:23:18',1,'2012-09-30 15:32:08'),(883,'doctor_reference',NULL,1,'2012-08-24 11:00:27',NULL,'0000-00-00 00:00:00'),(885,'internal_insurance_list',NULL,1,'2012-08-24 11:01:10',NULL,'0000-00-00 00:00:00'),(886,'bank_account_list',NULL,1,'2012-08-24 11:03:17',1,'2012-08-24 11:03:47'),(887,'external_insurance_list',NULL,1,'2012-08-24 11:07:01',1,'2012-08-24 11:07:09'),(888,'askes_list',NULL,1,'2012-08-24 11:07:41',1,'2012-08-24 11:08:28'),(889,'npwp_list',NULL,1,'2012-08-24 11:09:09',NULL,'0000-00-00 00:00:00'),(890,'jamsostek_list',NULL,1,'2012-08-24 11:09:57',NULL,'0000-00-00 00:00:00'),(891,'cancel_approve',NULL,1,'2012-08-29 10:28:16',1,'2012-08-29 10:29:39'),(892,'cancel_accept',NULL,1,'2012-08-29 10:28:48',1,'2012-09-19 14:24:15'),(893,'cancel_urgent',NULL,1,'2012-08-29 10:30:15',NULL,'0000-00-00 00:00:00'),(894,'only_in_stock',NULL,1,'2012-08-29 10:54:03',1,'2012-08-29 10:55:37'),(895,'relocation',NULL,8,'2012-08-29 16:12:44',NULL,'0000-00-00 00:00:00'),(896,'relstatus_id',NULL,8,'2012-08-29 16:13:37',NULL,'0000-00-00 00:00:00'),(897,'cancel_delivery',NULL,8,'2012-08-29 16:42:00',NULL,'0000-00-00 00:00:00'),(898,'delivery',NULL,8,'2012-08-29 16:43:37',NULL,'0000-00-00 00:00:00'),(899,'area_value',NULL,1,'2012-08-29 16:43:56',NULL,'0000-00-00 00:00:00'),(900,'msg_cancel_delivery_success',NULL,8,'2012-08-29 16:46:30',NULL,'0000-00-00 00:00:00'),(901,'msg_deliver_success',NULL,8,'2012-08-29 16:47:37',NULL,'0000-00-00 00:00:00'),(902,'goods_master',NULL,1,'2012-08-30 08:06:06',NULL,'0000-00-00 00:00:00'),(903,'custom_validation_cek_empty_usage',NULL,8,'2012-08-30 08:40:22',8,'2012-08-30 08:42:48'),(904,'account_form_wizard',NULL,1,'2012-08-30 09:47:30',1,'2012-09-28 15:19:39'),(905,'account',NULL,1,'2012-08-30 09:54:42',1,'2012-09-28 15:18:30'),(906,'additional',NULL,1,'2012-08-30 09:55:13',NULL,'0000-00-00 00:00:00'),(907,'rating',NULL,1,'2012-08-30 16:10:24',NULL,'0000-00-00 00:00:00'),(908,'brand_name',NULL,1,'2012-08-30 16:10:46',NULL,'0000-00-00 00:00:00'),(909,'company_registered_number',NULL,1,'2012-08-30 16:11:30',1,'2012-09-28 15:16:21'),(910,'account_registered_date',NULL,1,'2012-08-30 16:13:10',NULL,'0000-00-00 00:00:00'),(911,'company_logo',NULL,1,'2012-08-30 16:14:24',NULL,'0000-00-00 00:00:00'),(912,'other_information',NULL,1,'2012-08-30 16:14:54',NULL,'0000-00-00 00:00:00'),(913,'annual_revenue',NULL,1,'2012-08-30 16:15:27',NULL,'0000-00-00 00:00:00'),(914,'members_of',NULL,1,'2012-08-30 16:17:56',NULL,'0000-00-00 00:00:00'),(915,'parent_company',NULL,1,'2012-08-30 16:19:37',NULL,'0000-00-00 00:00:00'),(916,'employees',NULL,1,'2012-08-30 16:20:08',NULL,'0000-00-00 00:00:00'),(917,'assign_status',NULL,1,'2012-08-30 16:22:01',NULL,'0000-00-00 00:00:00'),(918,'manage_themselves',NULL,1,'2012-08-30 16:22:26',1,'2012-10-10 10:28:43'),(919,'switch_to_subordinat',NULL,1,'2012-08-30 16:23:57',1,'2012-10-10 10:28:24'),(920,'billing_address',NULL,1,'2012-08-30 16:24:25',9,'2012-10-04 18:10:51'),(921,'shipping_address',NULL,1,'2012-08-30 16:24:50',NULL,'0000-00-00 00:00:00'),(922,'email_data',NULL,1,'2012-08-30 16:25:07',NULL,'0000-00-00 00:00:00'),(923,'website_data',NULL,1,'2012-08-30 16:25:23',NULL,'0000-00-00 00:00:00'),(924,'business_data',NULL,1,'2012-08-30 16:26:12',NULL,'0000-00-00 00:00:00'),(925,'product_segment_data',NULL,1,'2012-08-30 16:26:52',NULL,'0000-00-00 00:00:00'),(926,'business',NULL,1,'2012-08-30 16:27:41',NULL,'0000-00-00 00:00:00'),(927,'product_segment',NULL,1,'2012-08-30 16:28:20',1,'2012-08-30 16:34:24'),(928,'person',NULL,1,'2012-08-30 16:29:50',NULL,'0000-00-00 00:00:00'),(929,'phone_data',NULL,1,'2012-08-30 16:30:05',NULL,'0000-00-00 00:00:00'),(930,'assignor_officer',NULL,1,'2012-08-30 16:32:01',NULL,'0000-00-00 00:00:00'),(931,'date_mutation',NULL,1,'2012-09-03 09:26:06',1,'2012-09-30 15:30:48'),(932,'msg_cancel_urgent_success',NULL,1,'2012-09-03 15:01:16',NULL,'0000-00-00 00:00:00'),(933,'overstock_report',NULL,1,'2012-09-05 08:14:51',NULL,'0000-00-00 00:00:00'),(934,'lessstock_report',NULL,1,'2012-09-05 09:10:31',NULL,'0000-00-00 00:00:00'),(935,'expired_report',NULL,1,'2012-09-05 09:10:57',NULL,'0000-00-00 00:00:00'),(936,'retur_from',NULL,1,'2012-09-07 09:02:12',NULL,'0000-00-00 00:00:00'),(937,'trans_no',NULL,1,'2012-09-07 09:02:26',NULL,'0000-00-00 00:00:00'),(938,'retur_number',NULL,1,'2012-09-07 09:02:41',NULL,'0000-00-00 00:00:00'),(939,'currency_rate',NULL,1,'2012-09-07 09:03:08',NULL,'0000-00-00 00:00:00'),(940,'created_by',NULL,1,'2012-09-07 09:03:25',NULL,'0000-00-00 00:00:00'),(941,'prepared_by',NULL,1,'2012-09-07 09:03:42',NULL,'0000-00-00 00:00:00'),(942,'business_partner',NULL,1,'2012-09-07 09:04:02',NULL,'0000-00-00 00:00:00'),(943,'receiver',NULL,1,'2012-09-07 10:47:17',1,'2012-09-07 10:49:22'),(944,'stock_card',NULL,1,'2012-09-10 14:39:11',NULL,'0000-00-00 00:00:00'),(945,'class_style',NULL,1,'2012-09-12 15:27:03',NULL,'0000-00-00 00:00:00'),(946,'stock_goods_stock',NULL,1,'2012-09-20 19:43:59',NULL,'0000-00-00 00:00:00'),(947,'stock_only_available',NULL,1,'2012-09-20 19:44:23',NULL,'0000-00-00 00:00:00'),(948,'stock_for',NULL,1,'2012-09-20 19:44:38',NULL,'0000-00-00 00:00:00'),(949,'stock_needed',NULL,1,'2012-09-20 19:44:58',NULL,'0000-00-00 00:00:00'),(950,'not_packet',NULL,1,'2012-09-21 08:29:25',NULL,'0000-00-00 00:00:00'),(951,'units_small_sell',NULL,1,'2012-09-21 08:33:11',NULL,'0000-00-00 00:00:00'),(952,'packet_type_goods',NULL,1,'2012-09-21 08:35:44',NULL,'0000-00-00 00:00:00'),(953,'default_price_supplier',NULL,1,'2012-09-21 08:37:01',NULL,'0000-00-00 00:00:00'),(954,'unit_dept',NULL,1,'2012-09-21 15:41:00',1,'2012-09-21 15:41:24'),(955,'unit_address',NULL,1,'2012-09-21 15:42:07',NULL,'0000-00-00 00:00:00'),(956,'po_supplier_goods',NULL,1,'2012-09-25 08:42:29',NULL,'0000-00-00 00:00:00'),(957,'po_internal_goods',NULL,1,'2012-09-25 08:43:53',1,'2012-10-01 05:11:25'),(958,'refer_to',NULL,1,'2012-09-25 08:56:14',NULL,'0000-00-00 00:00:00'),(959,'sell_unit',NULL,1,'2012-09-25 14:53:56',NULL,'0000-00-00 00:00:00'),(960,'tax_status',NULL,1,'2012-09-25 15:55:09',NULL,'0000-00-00 00:00:00'),(961,'discount_status',NULL,1,'2012-09-25 15:55:57',NULL,'0000-00-00 00:00:00'),(962,'no_stock_available_for',NULL,1,'2012-09-26 08:19:30',NULL,'0000-00-00 00:00:00'),(963,'goods_code_search',NULL,1,'2012-09-26 11:01:27',NULL,'0000-00-00 00:00:00'),(964,'goods_price',NULL,1,'2012-09-26 13:34:14',NULL,'0000-00-00 00:00:00'),(965,'usage_for',NULL,1,'2012-09-26 14:01:07',NULL,'0000-00-00 00:00:00'),(966,'nrp',NULL,1,'2012-09-28 14:46:57',NULL,'0000-00-00 00:00:00'),(967,'attachment_name',NULL,1,'2012-09-28 14:47:54',1,'2012-09-28 14:48:52'),(968,'attachment_info',NULL,1,'2012-09-28 14:48:19',NULL,'0000-00-00 00:00:00'),(969,'information',NULL,1,'2012-09-28 14:49:17',NULL,'0000-00-00 00:00:00'),(970,'clear',NULL,1,'2012-09-28 14:50:01',NULL,'0000-00-00 00:00:00'),(971,'transactional',NULL,1,'2012-09-28 14:50:37',NULL,'0000-00-00 00:00:00'),(972,'account_detail',NULL,1,'2012-09-28 14:51:29',NULL,'0000-00-00 00:00:00'),(973,'business_model',NULL,1,'2012-09-28 14:52:09',NULL,'0000-00-00 00:00:00'),(974,'opportunity_name',NULL,1,'2012-09-28 14:52:37',NULL,'0000-00-00 00:00:00'),(976,'opportunity',NULL,1,'2012-09-28 14:54:55',NULL,'0000-00-00 00:00:00'),(977,'revenue',NULL,1,'2012-09-28 14:55:21',1,'2012-09-28 14:57:05'),(978,'gross_profit',NULL,1,'2012-09-28 14:56:50',1,'2012-09-28 18:00:35'),(979,'next_step',NULL,1,'2012-09-28 14:57:47',NULL,'0000-00-00 00:00:00'),(980,'additional_information',NULL,1,'2012-09-28 14:58:10',NULL,'0000-00-00 00:00:00'),(981,'is_prospect_start',NULL,1,'2012-09-28 14:58:47',NULL,'0000-00-00 00:00:00'),(982,'not_started',NULL,1,'2012-09-28 14:59:56',1,'2012-09-28 15:01:04'),(983,'already_started',NULL,1,'2012-09-28 15:00:51',NULL,'0000-00-00 00:00:00'),(984,'transaction_log',NULL,1,'2012-09-28 15:01:23',NULL,'0000-00-00 00:00:00'),(985,'view_log',NULL,1,'2012-09-28 15:01:42',NULL,'0000-00-00 00:00:00'),(986,'nominal_revenue',NULL,1,'2012-09-28 15:04:58',1,'2012-09-28 17:59:05'),(987,'contact',NULL,1,'2012-09-28 15:05:33',NULL,'0000-00-00 00:00:00'),(988,'contact_data',NULL,1,'2012-09-28 15:05:59',NULL,'0000-00-00 00:00:00'),(989,'attachment_data',NULL,1,'2012-09-28 15:06:26',NULL,'0000-00-00 00:00:00'),(990,'bussiness_data',NULL,1,'2012-09-28 15:08:29',NULL,'0000-00-00 00:00:00'),(991,'contact_name',NULL,1,'2012-09-28 15:09:40',NULL,'0000-00-00 00:00:00'),(993,'opportunity_form_wizard',NULL,1,'2012-09-28 15:19:23',NULL,'0000-00-00 00:00:00'),(994,'contact_form_wizard',NULL,1,'2012-09-28 15:20:42',NULL,'0000-00-00 00:00:00'),(995,'do_not_call',NULL,1,'2012-09-28 15:23:02',1,'2012-09-28 18:22:35'),(996,'outlook_sync',NULL,1,'2012-09-28 15:23:28',NULL,'0000-00-00 00:00:00'),(997,'from_contact',NULL,1,'2012-09-28 15:23:51',NULL,'0000-00-00 00:00:00'),(998,'main_address',NULL,1,'2012-09-28 15:24:26',9,'2012-10-04 18:10:27'),(999,'other_address',NULL,1,'2012-09-28 15:24:48',NULL,'0000-00-00 00:00:00'),(1000,'instant_messaging_data',NULL,1,'2012-09-28 15:25:52',NULL,'0000-00-00 00:00:00'),(1001,'social_media_data',NULL,1,'2012-09-28 15:26:20',NULL,'0000-00-00 00:00:00'),(1002,'im_type',NULL,1,'2012-09-28 15:27:11',NULL,'0000-00-00 00:00:00'),(1003,'set_as_primary',NULL,1,'2012-09-28 15:41:21',NULL,'0000-00-00 00:00:00'),(1004,'target_form_wizard',NULL,1,'2012-09-28 16:10:56',NULL,'0000-00-00 00:00:00'),(1005,'reference_number',NULL,1,'2012-09-28 16:19:15',NULL,'0000-00-00 00:00:00'),(1006,'media_type',NULL,9,'2012-09-28 17:38:37',NULL,'0000-00-00 00:00:00'),(1007,'contact_detail',NULL,9,'2012-09-28 17:39:08',NULL,'0000-00-00 00:00:00'),(1008,'lead_form_wizard',NULL,1,'2012-09-28 18:06:45',1,'2012-09-28 18:14:53'),(1009,'lead_status_desc',NULL,1,'2012-09-28 18:08:50',1,'2012-09-28 18:09:22'),(1010,'lead_source_desc',NULL,1,'2012-09-28 18:09:44',1,'2012-09-28 18:15:11'),(1011,'nominal_opportunity',NULL,1,'2012-09-28 18:21:19',1,'2012-10-04 18:57:35'),(1012,'units_name',NULL,1,'2012-09-30 11:19:14',NULL,'0000-00-00 00:00:00'),(1013,'action_name',NULL,1,'2012-09-30 11:20:08',NULL,'0000-00-00 00:00:00'),(1014,'stock_start',NULL,1,'2012-09-30 13:42:08',1,'2012-09-30 13:45:26'),(1015,'stock_end',NULL,1,'2012-09-30 13:42:27',1,'2012-09-30 13:45:41'),(1016,'sender_name',NULL,1,'2012-09-30 15:29:43',NULL,'0000-00-00 00:00:00'),(1017,'receiver_name',NULL,1,'2012-09-30 15:30:01',NULL,'0000-00-00 00:00:00'),(1018,'relocation_direction',NULL,1,'2012-09-30 16:14:02',NULL,'0000-00-00 00:00:00'),(1019,'relocation_submitter',NULL,1,'2012-09-30 16:18:03',1,'2012-09-30 16:20:50'),(1020,'relocation_sender',NULL,1,'2012-09-30 16:18:40',NULL,'0000-00-00 00:00:00'),(1021,'from_name',NULL,1,'2012-09-30 16:21:46',NULL,'0000-00-00 00:00:00'),(1022,'to_name',NULL,1,'2012-09-30 16:22:02',NULL,'0000-00-00 00:00:00'),(1023,'batchcode_mode',NULL,1,'2012-09-30 18:33:19',NULL,'0000-00-00 00:00:00'),(1024,'no_stock',NULL,1,'2012-09-30 19:23:15',NULL,'0000-00-00 00:00:00'),(1025,'category_name',NULL,1,'2012-10-01 09:49:15',NULL,'0000-00-00 00:00:00'),(1026,'print_excel',NULL,1,'2012-10-01 09:49:56',NULL,'0000-00-00 00:00:00'),(1027,'detail_name',NULL,1,'2012-10-01 09:52:38',NULL,'0000-00-00 00:00:00'),(1028,'entry_date',NULL,1,'2012-10-01 09:54:23',NULL,'0000-00-00 00:00:00'),(1029,'entry_time',NULL,1,'2012-10-01 09:54:40',NULL,'0000-00-00 00:00:00'),(1030,'qty_name',NULL,1,'2012-10-01 10:02:52',NULL,'0000-00-00 00:00:00'),(1031,'current_stock',NULL,1,'2012-10-01 13:49:32',NULL,'0000-00-00 00:00:00'),(1032,'new_message_notification',NULL,4,'2012-10-02 10:31:36',NULL,'0000-00-00 00:00:00'),(1033,'message_send_fail',NULL,4,'2012-10-02 10:32:34',NULL,'0000-00-00 00:00:00'),(1034,'new_message',NULL,4,'2012-10-02 10:33:49',NULL,'0000-00-00 00:00:00'),(1035,'message_saved',NULL,4,'2012-10-02 10:34:49',4,'2012-10-02 13:12:36'),(1036,'message_sent',NULL,4,'2012-10-02 10:35:12',NULL,'0000-00-00 00:00:00'),(1037,'no_message',NULL,4,'2012-10-02 10:36:41',NULL,'0000-00-00 00:00:00'),(1038,'received_message',NULL,4,'2012-10-02 10:38:11',NULL,'0000-00-00 00:00:00'),(1039,'sent_message',NULL,4,'2012-10-02 10:39:01',NULL,'0000-00-00 00:00:00'),(1040,'saved_message',NULL,4,'2012-10-02 10:39:34',NULL,'0000-00-00 00:00:00'),(1041,'message_confirm_permanent_delete',NULL,4,'2012-10-02 13:08:33',NULL,'0000-00-00 00:00:00'),(1042,'message_successfully',NULL,4,'2012-10-02 13:11:21',NULL,'0000-00-00 00:00:00'),(1043,'message_folder_delete_success',NULL,4,'2012-10-03 09:52:38',4,'2012-10-03 09:59:21'),(1044,'message_folder_rename_fail',NULL,4,'2012-10-03 09:54:00',NULL,'0000-00-00 00:00:00'),(1045,'message_folder_rename_success',NULL,4,'2012-10-03 09:56:12',4,'2012-10-03 09:59:01'),(1046,'message_folder_create_fail',NULL,4,'2012-10-03 09:57:15',NULL,'0000-00-00 00:00:00'),(1047,'message_folder_create_success',NULL,4,'2012-10-03 09:58:32',NULL,'0000-00-00 00:00:00'),(1048,'blaclist_update_success',NULL,4,'2012-10-03 10:00:00',NULL,'0000-00-00 00:00:00'),(1049,'blacklist_update_fail',NULL,4,'2012-10-03 10:00:36',NULL,'0000-00-00 00:00:00'),(1050,'message_folder_delete_confirm',NULL,4,'2012-10-03 10:06:44',NULL,'0000-00-00 00:00:00'),(1051,'notification',NULL,9,'2012-10-03 11:14:03',NULL,'0000-00-00 00:00:00'),(1052,'view_notification_list',NULL,9,'2012-10-03 11:14:30',NULL,'0000-00-00 00:00:00'),(1053,'messaging',NULL,9,'2012-10-03 11:14:53',NULL,'0000-00-00 00:00:00'),(1054,'subject',NULL,9,'2012-10-03 11:15:17',NULL,'0000-00-00 00:00:00'),(1055,'select_all',NULL,9,'2012-10-03 11:15:36',NULL,'0000-00-00 00:00:00'),(1056,'un_select_all',NULL,9,'2012-10-03 11:16:12',NULL,'0000-00-00 00:00:00'),(1057,'select_inverse',NULL,9,'2012-10-03 11:17:51',NULL,'0000-00-00 00:00:00'),(1058,'move_to',NULL,9,'2012-10-03 11:18:16',NULL,'0000-00-00 00:00:00'),(1059,'mark_as_unread',NULL,9,'2012-10-03 11:18:50',NULL,'0000-00-00 00:00:00'),(1060,'sent_to_email',NULL,9,'2012-10-03 11:19:09',9,'2012-10-03 11:22:37'),(1061,'save_change',NULL,9,'2012-10-03 11:19:29',NULL,'0000-00-00 00:00:00'),(1062,'saved',NULL,9,'2012-10-03 11:20:36',NULL,'0000-00-00 00:00:00'),(1063,'new',NULL,9,'2012-10-03 11:20:52',NULL,'0000-00-00 00:00:00'),(1064,'refresh',NULL,9,'2012-10-03 11:21:11',NULL,'0000-00-00 00:00:00'),(1065,'setting',NULL,9,'2012-10-03 11:21:28',9,'2012-10-03 11:21:58'),(1066,'send_to',NULL,9,'2012-10-03 11:24:13',NULL,'0000-00-00 00:00:00'),(1067,'message',NULL,9,'2012-10-03 11:24:28',NULL,'0000-00-00 00:00:00'),(1068,'send',NULL,9,'2012-10-03 11:24:40',NULL,'0000-00-00 00:00:00'),(1069,'folder',NULL,9,'2012-10-03 11:25:05',NULL,'0000-00-00 00:00:00'),(1070,'blacklist',NULL,9,'2012-10-03 11:25:23',NULL,'0000-00-00 00:00:00'),(1071,'blacklisted User',NULL,9,'2012-10-03 11:25:56',NULL,'0000-00-00 00:00:00'),(1072,'read',NULL,9,'2012-10-03 11:27:15',NULL,'0000-00-00 00:00:00'),(1073,'reply',NULL,9,'2012-10-03 11:27:31',NULL,'0000-00-00 00:00:00'),(1074,'forward',NULL,9,'2012-10-03 11:27:59',NULL,'0000-00-00 00:00:00'),(1075,'select_recipient',NULL,1,'2012-10-03 13:26:56',NULL,'0000-00-00 00:00:00'),(1076,'subject_empty',NULL,1,'2012-10-03 13:27:56',1,'2012-10-03 13:28:57'),(1077,'goods_promotion',NULL,1,'2012-10-03 13:57:46',1,'2012-10-03 13:59:05'),(1078,'make_retur',NULL,1,'2012-10-03 15:34:29',NULL,'0000-00-00 00:00:00'),(1079,'subordinat',NULL,1,'2012-10-04 16:34:11',NULL,'0000-00-00 00:00:00'),(1080,'contract_number',NULL,1,'2012-10-04 16:35:18',1,'2012-10-04 16:35:53'),(1081,'contract_name',NULL,1,'2012-10-04 16:36:11',NULL,'0000-00-00 00:00:00'),(1082,'contract_form_wizard',NULL,1,'2012-10-04 16:36:36',NULL,'0000-00-00 00:00:00'),(1083,'projected_revenue',NULL,1,'2012-10-04 16:38:49',1,'2012-10-04 16:39:47'),(1084,'projected_gross_profit',NULL,1,'2012-10-04 16:39:17',1,'2012-10-04 16:40:00'),(1085,'nominal_contract',NULL,1,'2012-10-04 16:41:30',NULL,'0000-00-00 00:00:00'),(1086,'contract_detail',NULL,1,'2012-10-04 16:43:21',NULL,'0000-00-00 00:00:00'),(1087,'main_country',NULL,1,'2012-10-04 17:14:35',9,'2012-10-04 18:06:10'),(1088,'billing_country',NULL,1,'2012-10-04 17:24:01',9,'2012-10-04 17:41:10'),(1089,'billing_state',NULL,1,'2012-10-04 17:24:50',9,'2012-10-04 17:41:51'),(1090,'billing_city',NULL,1,'2012-10-04 17:25:22',9,'2012-10-04 17:41:02'),(1091,'billing_sub_district',NULL,1,'2012-10-04 17:25:54',9,'2012-10-04 17:42:06'),(1092,'billing_village',NULL,1,'2012-10-04 17:26:19',9,'2012-10-04 17:42:17'),(1093,'billing_postal_code',NULL,1,'2012-10-04 17:26:46',9,'2012-10-04 17:41:41'),(1094,'billing_phone_number',NULL,1,'2012-10-04 17:27:12',9,'2012-10-04 17:41:31'),(1095,'billing_fax_number',NULL,1,'2012-10-04 17:27:39',9,'2012-10-04 17:41:20'),(1096,'shiping_address',NULL,1,'2012-10-04 17:28:05',NULL,'0000-00-00 00:00:00'),(1097,'shiping_country',NULL,1,'2012-10-04 17:28:37',NULL,'0000-00-00 00:00:00'),(1098,'shiping_state',NULL,1,'2012-10-04 17:29:04',NULL,'0000-00-00 00:00:00'),(1099,'shiping_city',NULL,1,'2012-10-04 17:29:25',NULL,'0000-00-00 00:00:00'),(1100,'shiping_sub_district',NULL,1,'2012-10-04 17:29:55',1,'2012-10-04 17:30:20'),(1101,'shiping_village',NULL,1,'2012-10-04 17:30:36',NULL,'0000-00-00 00:00:00'),(1102,'shiping_postal_code',NULL,1,'2012-10-04 17:30:59',NULL,'0000-00-00 00:00:00'),(1103,'shiping_phone_number',NULL,1,'2012-10-04 17:31:35',NULL,'0000-00-00 00:00:00'),(1104,'shiping_fax_number',NULL,1,'2012-10-04 17:32:00',NULL,'0000-00-00 00:00:00'),(1105,'custom_validation_cek_email_empty',NULL,9,'2012-10-04 17:37:48',9,'2012-10-04 17:39:11'),(1106,'segment_data',NULL,9,'2012-10-04 17:40:12',9,'2012-10-04 17:43:23'),(1107,'main_state',NULL,9,'2012-10-04 18:06:39',NULL,'0000-00-00 00:00:00'),(1108,'main_city',NULL,9,'2012-10-04 18:07:00',NULL,'0000-00-00 00:00:00'),(1109,'main_sub_district',NULL,9,'2012-10-04 18:07:24',NULL,'0000-00-00 00:00:00'),(1110,'main_village',NULL,9,'2012-10-04 18:07:56',NULL,'0000-00-00 00:00:00'),(1111,'main_postal_code',NULL,9,'2012-10-04 18:08:18',NULL,'0000-00-00 00:00:00'),(1112,'main_phone_number',NULL,9,'2012-10-04 18:08:40',NULL,'0000-00-00 00:00:00'),(1113,'main_fax_number',NULL,9,'2012-10-04 18:09:01',NULL,'0000-00-00 00:00:00'),(1114,'other_country',NULL,9,'2012-10-04 18:11:31',NULL,'0000-00-00 00:00:00'),(1115,'other_state',NULL,9,'2012-10-04 18:12:00',NULL,'0000-00-00 00:00:00'),(1116,'other_city',NULL,9,'2012-10-04 18:12:26',NULL,'0000-00-00 00:00:00'),(1117,'other_sub_district',NULL,9,'2012-10-04 18:12:52',NULL,'0000-00-00 00:00:00'),(1118,'other_village',NULL,9,'2012-10-04 18:13:57',NULL,'0000-00-00 00:00:00'),(1119,'other_postal_code',NULL,9,'2012-10-04 18:14:38',NULL,'0000-00-00 00:00:00'),(1120,'other_phone_number',NULL,9,'2012-10-04 18:15:07',NULL,'0000-00-00 00:00:00'),(1121,'other_fax_number',NULL,9,'2012-10-04 18:15:35',NULL,'0000-00-00 00:00:00'),(1122,'im_data',NULL,9,'2012-10-04 18:16:32',NULL,'0000-00-00 00:00:00'),(1123,'warning',NULL,9,'2012-10-04 18:17:41',NULL,'0000-00-00 00:00:00'),(1124,'attachment_name_field_is_required',NULL,9,'2012-10-04 18:18:24',NULL,'0000-00-00 00:00:00'),(1125,'contact_name_field_is_required',NULL,9,'2012-10-04 18:19:18',NULL,'0000-00-00 00:00:00'),(1126,'lead',NULL,1,'2012-10-04 18:36:51',NULL,'0000-00-00 00:00:00'),(1127,'case_form_wizard',NULL,1,'2012-10-04 19:03:32',NULL,'0000-00-00 00:00:00'),(1128,'main_information',NULL,1,'2012-10-04 19:04:56',NULL,'0000-00-00 00:00:00'),(1129,'resolution',NULL,1,'2012-10-04 19:05:23',NULL,'0000-00-00 00:00:00'),(1130,'dependencies',NULL,1,'2012-10-04 19:05:58',NULL,'0000-00-00 00:00:00'),(1131,'case',NULL,1,'2012-10-04 19:06:19',NULL,'0000-00-00 00:00:00'),(1132,'duplication',NULL,1,'2012-10-04 19:06:46',NULL,'0000-00-00 00:00:00'),(1133,'tag',NULL,1,'2012-10-04 19:07:04',NULL,'0000-00-00 00:00:00'),(1134,'separated_by_commas',NULL,1,'2012-10-04 19:07:32',NULL,'0000-00-00 00:00:00'),(1135,'follow_up',NULL,1,'2012-10-04 19:08:08',NULL,'0000-00-00 00:00:00'),(1136,'case_number',NULL,1,'2012-10-04 19:08:25',NULL,'0000-00-00 00:00:00'),(1137,'case_transaction_log',NULL,1,'2012-10-04 19:08:52',NULL,'0000-00-00 00:00:00'),(1138,'title',NULL,9,'2012-10-05 11:20:06',NULL,'0000-00-00 00:00:00'),(1139,'content',NULL,9,'2012-10-05 11:20:27',NULL,'0000-00-00 00:00:00'),(1140,'case_field_is_required',NULL,1,'2012-10-05 13:55:48',1,'2012-10-05 14:27:43'),(1141,'follow_up_field_is_required',NULL,1,'2012-10-05 14:21:16',1,'2012-10-05 14:21:59'),(1142,'search_periode',NULL,1,'2012-10-06 16:38:48',NULL,'0000-00-00 00:00:00'),(1143,'date_range',NULL,1,'2012-10-06 16:40:16',NULL,'0000-00-00 00:00:00'),(1144,'month_range',NULL,1,'2012-10-06 16:40:58',1,'2012-10-06 16:41:40'),(1145,'weekly_name',NULL,1,'2012-10-06 16:47:20',NULL,'0000-00-00 00:00:00'),(1146,'monthly_name',NULL,1,'2012-10-06 16:47:33',NULL,'0000-00-00 00:00:00'),(1147,'goods_forecast_stock',NULL,1,'2012-10-07 07:21:10',NULL,'0000-00-00 00:00:00'),(1148,'week_label',NULL,1,'2012-10-07 07:24:05',NULL,'0000-00-00 00:00:00'),(1149,'column',NULL,23,'2012-10-09 08:20:12',23,'2012-10-09 08:20:44'),(1151,'prospect_status',NULL,1,'2012-10-10 09:46:38',NULL,'0000-00-00 00:00:00'),(1152,'period_type',NULL,1,'2012-10-10 09:46:59',NULL,'0000-00-00 00:00:00'),(1153,'ongoing',NULL,1,'2012-10-10 09:47:23',NULL,'0000-00-00 00:00:00'),(1154,'deal',NULL,1,'2012-10-10 09:47:47',1,'2012-10-10 09:54:32'),(1155,'failed',NULL,1,'2012-10-10 09:48:09',NULL,'0000-00-00 00:00:00'),(1156,'monthly',NULL,1,'2012-10-10 09:48:27',NULL,'0000-00-00 00:00:00'),(1157,'yearly',NULL,1,'2012-10-10 09:48:45',NULL,'0000-00-00 00:00:00'),(1158,'range',NULL,1,'2012-10-10 09:48:59',NULL,'0000-00-00 00:00:00'),(1159,'ongoing_prospect',NULL,1,'2012-10-10 09:49:28',NULL,'0000-00-00 00:00:00'),(1160,'deal_prospect',NULL,1,'2012-10-10 09:53:26',NULL,'0000-00-00 00:00:00'),(1161,'failed_prospect',NULL,1,'2012-10-10 09:54:02',NULL,'0000-00-00 00:00:00'),(1162,'monthly_period',NULL,1,'2012-10-10 09:55:08',NULL,'0000-00-00 00:00:00'),(1163,'yearly_period',NULL,1,'2012-10-10 09:55:30',NULL,'0000-00-00 00:00:00'),(1164,'tabel',NULL,1,'2012-10-10 09:56:01',NULL,'0000-00-00 00:00:00'),(1165,'graphic',NULL,1,'2012-10-10 09:57:10',NULL,'0000-00-00 00:00:00'),(1166,'sub_total',NULL,1,'2012-10-10 09:57:35',NULL,'0000-00-00 00:00:00'),(1167,'jan',NULL,1,'2012-10-10 09:57:48',NULL,'0000-00-00 00:00:00'),(1168,'feb',NULL,1,'2012-10-10 09:58:06',NULL,'0000-00-00 00:00:00'),(1169,'mar',NULL,1,'2012-10-10 09:58:22',NULL,'0000-00-00 00:00:00'),(1170,'apr',NULL,1,'2012-10-10 09:58:34',NULL,'0000-00-00 00:00:00'),(1171,'jun',NULL,1,'2012-10-10 09:58:49',NULL,'0000-00-00 00:00:00'),(1172,'jul',NULL,1,'2012-10-10 09:59:01',NULL,'0000-00-00 00:00:00'),(1173,'aug',NULL,1,'2012-10-10 09:59:22',NULL,'0000-00-00 00:00:00'),(1174,'sep',NULL,1,'2012-10-10 09:59:37',NULL,'0000-00-00 00:00:00'),(1175,'oct',NULL,1,'2012-10-10 09:59:53',NULL,'0000-00-00 00:00:00'),(1176,'nov',NULL,1,'2012-10-10 10:00:11',NULL,'0000-00-00 00:00:00'),(1177,'dec',NULL,1,'2012-10-10 10:00:24',NULL,'0000-00-00 00:00:00'),(1178,'crmtask',NULL,1,'2012-10-10 10:25:51',NULL,'0000-00-00 00:00:00'),(1179,'self_manage',NULL,1,'2012-10-10 10:27:47',1,'2012-10-10 10:28:51'),(1180,'delegate_to_subordinate',NULL,1,'2012-10-10 10:29:08',NULL,'0000-00-00 00:00:00'),(1181,'pop_up',NULL,1,'2012-10-10 10:29:37',NULL,'0000-00-00 00:00:00'),(1182,'related_to_empty',NULL,1,'2012-10-10 10:32:47',1,'2012-10-10 10:33:18'),(1183,'data',NULL,1,'2012-10-10 10:38:34',NULL,'0000-00-00 00:00:00'),(1184,'crmnote',NULL,1,'2012-10-10 10:42:30',NULL,'0000-00-00 00:00:00'),(1185,'profile',NULL,1,'2012-10-11 06:24:58',NULL,'0000-00-00 00:00:00'),(1186,'change_password',NULL,1,'2012-10-11 06:25:21',NULL,'0000-00-00 00:00:00'),(1187,'old_password',NULL,1,'2012-10-11 07:55:41',NULL,'0000-00-00 00:00:00'),(1188,'new_password',NULL,1,'2012-10-11 07:55:59',NULL,'0000-00-00 00:00:00'),(1189,'confirm_new_password',NULL,1,'2012-10-11 07:56:30',NULL,'0000-00-00 00:00:00'),(1190,'custom_validation_wrong_old_password',NULL,1,'2012-10-11 07:57:10',NULL,'0000-00-00 00:00:00'),(1191,'change_password_success',NULL,1,'2012-10-11 08:10:21',NULL,'0000-00-00 00:00:00'),(1192,'change_password_fail',NULL,1,'2012-10-11 08:10:45',NULL,'0000-00-00 00:00:00'),(1193,'contract_transaction_log',NULL,1,'2012-10-11 11:27:09',NULL,'0000-00-00 00:00:00'),(1194,'opportunity_transaction_log',NULL,1,'2012-10-11 11:28:12',NULL,'0000-00-00 00:00:00'),(1195,'group_used',NULL,1,'2012-10-11 12:34:57',NULL,'0000-00-00 00:00:00'),(1196,'company_form_wizard',NULL,1,'2012-10-11 12:44:29',NULL,'0000-00-00 00:00:00'),(1197,'softwarerelease',NULL,1,'2012-10-11 13:13:56',NULL,'0000-00-00 00:00:00'),(1198,'custom_validation_name_not_available',NULL,1,'2012-10-11 13:33:16',NULL,'0000-00-00 00:00:00'),(1199,'all_unit',NULL,1,'2012-10-11 14:25:24',NULL,'0000-00-00 00:00:00'),(1200,'contract_nominal',NULL,1,'2012-10-11 14:26:31',NULL,'0000-00-00 00:00:00'),(1201,'crmmeeting',NULL,1,'2012-10-11 14:29:38',NULL,'0000-00-00 00:00:00'),(1202,'invitee',NULL,1,'2012-10-11 14:30:51',NULL,'0000-00-00 00:00:00'),(1203,'location',NULL,1,'2012-10-11 14:31:09',NULL,'0000-00-00 00:00:00'),(1204,'reminder',NULL,1,'2012-10-11 14:31:24',NULL,'0000-00-00 00:00:00'),(1205,'lead_data',NULL,1,'2012-10-11 14:32:02',NULL,'0000-00-00 00:00:00'),(1206,'target_data',NULL,1,'2012-10-11 14:32:20',NULL,'0000-00-00 00:00:00'),(1207,'target',NULL,1,'2012-10-11 14:32:36',NULL,'0000-00-00 00:00:00'),(1208,'officer_data',NULL,1,'2012-10-11 14:32:55',1,'2012-10-11 14:33:13'),(1209,'crmcall',NULL,1,'2012-10-11 14:34:20',NULL,'0000-00-00 00:00:00'),(1210,'direction',NULL,1,'2012-10-11 14:34:36',NULL,'0000-00-00 00:00:00'),(1211,'customer',NULL,1,'2012-10-11 15:22:07',NULL,'0000-00-00 00:00:00'),(1212,'draft',NULL,1,'2012-10-11 15:22:44',NULL,'0000-00-00 00:00:00'),(1213,'approved',NULL,1,'2012-10-11 15:23:01',NULL,'0000-00-00 00:00:00'),(1214,'incomplete',NULL,1,'2012-10-11 15:23:24',NULL,'0000-00-00 00:00:00'),(1215,'completed',NULL,1,'2012-10-11 15:23:51',NULL,'0000-00-00 00:00:00'),(1216,'verified',NULL,1,'2012-10-11 15:24:31',1,'2012-10-11 15:26:10'),(1217,'units_price',NULL,1,'2012-10-11 15:27:34',NULL,'0000-00-00 00:00:00'),(1218,'discount_percent',NULL,1,'2012-10-11 15:27:55',NULL,'0000-00-00 00:00:00'),(1219,'discount_nominal',NULL,1,'2012-10-11 15:28:22',NULL,'0000-00-00 00:00:00'),(1220,'goods_bonus',NULL,1,'2012-10-11 15:28:51',NULL,'0000-00-00 00:00:00'),(1221,'sales_canvas',NULL,1,'2012-10-11 15:35:40',NULL,'0000-00-00 00:00:00'),(1222,'van',NULL,1,'2012-10-11 15:36:25',NULL,'0000-00-00 00:00:00'),(1223,'sales_type',NULL,1,'2012-10-11 19:06:09',NULL,'0000-00-00 00:00:00'),(1224,'general_commision',NULL,1,'2012-10-12 04:43:36',NULL,'0000-00-00 00:00:00'),(1225,'commision_type',NULL,1,'2012-10-12 04:44:21',NULL,'0000-00-00 00:00:00'),(1226,'commision',NULL,1,'2012-10-12 04:44:45',NULL,'0000-00-00 00:00:00'),(1227,'ref_value',NULL,1,'2012-10-12 04:45:24',NULL,'0000-00-00 00:00:00'),(1228,'commision_value',NULL,1,'2012-10-12 04:45:54',NULL,'0000-00-00 00:00:00'),(1229,'per_goods_commision',NULL,1,'2012-10-12 05:06:50',NULL,'0000-00-00 00:00:00'),(1230,'received_units',NULL,1,'2012-10-12 15:25:58',NULL,'0000-00-00 00:00:00'),(1231,'retur_units',NULL,1,'2012-10-12 15:26:10',NULL,'0000-00-00 00:00:00'),(1232,'custom_validation_lang_key_name_been_used',NULL,1,'2012-10-17 09:04:57',1,'2012-10-17 09:05:10'),(1233,'discount_type',NULL,20,'2012-10-17 09:08:04',NULL,'0000-00-00 00:00:00'),(1234,'is_public',NULL,1,'2012-10-17 09:09:22',NULL,'0000-00-00 00:00:00'),(1235,'discount_value',NULL,20,'2012-10-17 09:11:49',NULL,'0000-00-00 00:00:00'),(1236,'discount_goods',NULL,20,'2012-10-17 09:13:21',NULL,'0000-00-00 00:00:00'),(1237,'commisiongoods',NULL,20,'2012-10-17 09:14:54',NULL,'0000-00-00 00:00:00'),(1238,'pcs_discount',NULL,20,'2012-10-17 09:17:15',NULL,'0000-00-00 00:00:00'),(1239,'start_periode',NULL,20,'2012-10-17 09:31:09',NULL,'0000-00-00 00:00:00'),(1240,'end_periode',NULL,20,'2012-10-17 09:31:29',NULL,'0000-00-00 00:00:00'),(1241,'goods_id',NULL,20,'2012-10-17 09:35:55',NULL,'0000-00-00 00:00:00'),(1242,'sales_position',NULL,20,'2012-10-17 09:39:41',NULL,'0000-00-00 00:00:00'),(1243,'emp_number',NULL,20,'2012-10-17 09:49:49',NULL,'0000-00-00 00:00:00'),(1244,'emp_name',NULL,20,'2012-10-17 09:50:16',NULL,'0000-00-00 00:00:00'),(1245,'company_type',NULL,8,'2012-10-18 11:34:13',NULL,'0000-00-00 00:00:00'),(1246,'company_detail',NULL,8,'2012-10-18 13:39:44',NULL,'0000-00-00 00:00:00'),(1248,'sales_transaction',NULL,1,'2012-10-19 10:50:41',NULL,'0000-00-00 00:00:00'),(1249,'payment_terms',NULL,1,'2012-10-19 10:51:09',1,'2012-10-19 10:52:03'),(1250,'taking_order',NULL,1,'2012-10-19 10:52:36',NULL,'0000-00-00 00:00:00'),(1251,'delivery_date',NULL,1,'2012-10-19 10:53:59',NULL,'0000-00-00 00:00:00'),(1252,'down_payment',NULL,1,'2012-10-19 10:54:23',NULL,'0000-00-00 00:00:00'),(1253,'businessstatus',NULL,24,'2012-10-23 11:15:22',NULL,'0000-00-00 00:00:00'),(1254,'capitalstatus',NULL,24,'2012-10-23 14:12:48',NULL,'0000-00-00 00:00:00'),(1255,'sales_verification',NULL,1,'2012-10-24 14:22:08',1,'2012-10-24 14:22:35'),(1256,'formula_number',NULL,1,'2012-10-29 08:48:47',NULL,'0000-00-00 00:00:00'),(1257,'formula',NULL,1,'2012-10-29 08:58:32',NULL,'0000-00-00 00:00:00'),(1258,'sample',NULL,1,'2012-10-29 08:58:52',NULL,'0000-00-00 00:00:00'),(1259,'digit',NULL,1,'2012-10-29 09:20:05',NULL,'0000-00-00 00:00:00'),(1260,'restart',NULL,1,'2012-10-29 09:23:57',NULL,'0000-00-00 00:00:00'),(1261,'is_query',NULL,1,'2012-10-29 09:24:24',NULL,'0000-00-00 00:00:00'),(1262,'user_profile',NULL,1,'2012-10-29 11:16:13',NULL,'0000-00-00 00:00:00'),(1263,'lang',NULL,1,'2012-10-29 11:16:31',NULL,'0000-00-00 00:00:00'),(1264,'custom_validation_order_name_not_available',NULL,1,'2012-10-29 11:37:02',1,'2012-10-29 13:15:52'),(1265,'commision_exist_in',NULL,1,'2012-10-29 13:06:17',NULL,'0000-00-00 00:00:00'),(1266,'msg_save_commision_success',NULL,1,'2012-10-29 13:06:29',NULL,'0000-00-00 00:00:00'),(1267,'no_commision',NULL,1,'2012-10-29 13:06:49',NULL,'0000-00-00 00:00:00'),(1268,'reset_commision',NULL,1,'2012-10-29 13:07:04',NULL,'0000-00-00 00:00:00'),(1269,'this_link',NULL,1,'2012-10-29 13:07:18',NULL,'0000-00-00 00:00:00'),(1270,'recap_customerorder',NULL,1,'2012-10-29 13:07:59',NULL,'0000-00-00 00:00:00'),(1271,'weekly',NULL,1,'2012-10-29 13:13:11',NULL,'0000-00-00 00:00:00'),(1272,'custom_validation_phone_type_name_not_available',NULL,1,'2012-10-29 14:18:15',NULL,'0000-00-00 00:00:00'),(1273,'custom_validation_photo_type_name_not_available',NULL,1,'2012-10-29 14:24:12',NULL,'0000-00-00 00:00:00'),(1274,'prioritylevel',NULL,1,'2012-10-29 15:18:02',NULL,'0000-00-00 00:00:00'),(1275,'purposestatus',NULL,1,'2012-10-29 15:50:57',NULL,'0000-00-00 00:00:00'),(1276,'bugresolution',NULL,1,'2012-10-29 16:51:48',1,'2012-11-01 10:33:21'),(1277,'bugsource',NULL,1,'2012-10-30 08:51:07',1,'2012-11-01 10:44:06'),(1278,'bugstatus',NULL,24,'2012-10-30 09:40:23',1,'2012-11-01 10:56:06'),(1279,'bugtype',NULL,1,'2012-10-30 09:43:33',1,'2012-11-01 11:01:32'),(1280,'unit_option',NULL,1,'2012-10-30 09:44:12',NULL,'0000-00-00 00:00:00'),(1281,'use_unit_as_working_unit',NULL,1,'2012-10-30 09:49:27',NULL,'0000-00-00 00:00:00'),(1282,'use_employee_unit_as_working_unit',NULL,1,'2012-10-30 09:50:01',NULL,'0000-00-00 00:00:00'),(1283,'access_right',NULL,1,'2012-10-30 13:40:40',NULL,'0000-00-00 00:00:00'),(1284,'category_access',NULL,1,'2012-10-30 13:41:09',NULL,'0000-00-00 00:00:00'),(1285,'show_po_price',NULL,1,'2012-10-30 13:42:16',1,'2012-10-30 13:44:21'),(1286,'show_do_price',NULL,1,'2012-10-30 13:43:40',NULL,'0000-00-00 00:00:00'),(1287,'show_gr_price',NULL,1,'2012-10-30 13:44:03',NULL,'0000-00-00 00:00:00'),(1288,'deposit_amount',NULL,1,'2012-10-30 13:58:07',NULL,'0000-00-00 00:00:00'),(1289,'sales_canvas_report',NULL,1,'2012-10-30 14:08:45',NULL,'0000-00-00 00:00:00'),(1290,'retur_customer_report',NULL,1,'2012-10-31 07:30:52',NULL,'0000-00-00 00:00:00'),(1291,'daily_sales_report',NULL,1,'2012-10-31 11:45:23',NULL,'0000-00-00 00:00:00'),(1292,'remaining',NULL,1,'2012-10-31 11:51:48',NULL,'0000-00-00 00:00:00'),(1293,'payment_due',NULL,1,'2012-10-31 13:35:48',NULL,'0000-00-00 00:00:00'),(1294,'invoice_date',NULL,1,'2012-10-31 13:36:05',NULL,'0000-00-00 00:00:00'),(1295,'percentage',NULL,1,'2012-10-31 13:36:26',NULL,'0000-00-00 00:00:00'),(1296,'payment_condition',NULL,1,'2012-10-31 13:38:06',NULL,'0000-00-00 00:00:00'),(1297,'subtotal',NULL,1,'2012-10-31 13:38:25',NULL,'0000-00-00 00:00:00'),(1298,'discount_and_fine',NULL,1,'2012-10-31 13:39:22',NULL,'0000-00-00 00:00:00'),(1299,'days',NULL,1,'2012-10-31 13:39:35',NULL,'0000-00-00 00:00:00'),(1300,'sale_remarks',NULL,1,'2012-10-31 14:14:31',NULL,'0000-00-00 00:00:00'),(1301,'nominal',NULL,1,'2012-10-31 14:16:37',NULL,'0000-00-00 00:00:00'),(1302,'goods_income_report',NULL,1,'2012-11-01 10:12:51',NULL,'0000-00-00 00:00:00'),(1303,'goods_outcome_report',NULL,1,'2012-11-01 13:54:02',NULL,'0000-00-00 00:00:00'),(1304,'addition',NULL,1,'2012-11-01 14:30:02',NULL,'0000-00-00 00:00:00'),(1305,'reduction',NULL,1,'2012-11-01 14:30:19',NULL,'0000-00-00 00:00:00'),(1306,'stock_opname_report',NULL,1,'2012-11-01 14:32:15',NULL,'0000-00-00 00:00:00'),(1307,'waretype_id',NULL,1,'2012-11-05 09:22:04',NULL,'0000-00-00 00:00:00'),(1308,'usage_recap',NULL,1,'2012-11-06 10:50:22',NULL,'0000-00-00 00:00:00'),(1309,'Tuesday',NULL,1,'2012-11-06 13:30:54',NULL,'0000-00-00 00:00:00'),(1310,'Monday',NULL,1,'2012-11-06 13:31:07',NULL,'0000-00-00 00:00:00'),(1311,'Wednesday',NULL,1,'2012-11-06 13:31:18',NULL,'0000-00-00 00:00:00'),(1312,'Thursday',NULL,1,'2012-11-06 13:31:26',NULL,'0000-00-00 00:00:00'),(1313,'Friday',NULL,1,'2012-11-06 13:31:39',1,'2012-11-06 13:32:14'),(1314,'Saturday',NULL,1,'2012-11-06 13:31:58',NULL,'0000-00-00 00:00:00'),(1315,'Sunday',NULL,1,'2012-11-06 13:32:09',NULL,'0000-00-00 00:00:00'),(1316,'about',NULL,1,'2012-11-07 09:47:59',NULL,'0000-00-00 00:00:00'),(1317,'legal_notice',NULL,1,'2012-11-07 09:48:12',NULL,'0000-00-00 00:00:00'),(1318,'home',NULL,1,'2012-11-07 09:48:31',NULL,'0000-00-00 00:00:00'),(1319,'scroll_up',NULL,1,'2012-11-07 09:48:55',NULL,'0000-00-00 00:00:00'),(1320,'scroll_down',NULL,1,'2012-11-07 09:49:12',NULL,'0000-00-00 00:00:00'),(1321,'advance_search',NULL,1,'2012-11-07 09:53:31',NULL,'0000-00-00 00:00:00'),(1322,'basic_search',NULL,1,'2012-11-07 09:53:55',1,'2012-11-07 13:35:29'),(1323,'msg_cancel_success',NULL,1,'2012-11-07 10:02:37',NULL,'0000-00-00 00:00:00'),(1324,'account_logo',NULL,1,'2012-11-07 10:22:14',NULL,'0000-00-00 00:00:00'),(1325,'logo',NULL,1,'2012-11-07 10:22:23',NULL,'0000-00-00 00:00:00'),(1326,'retur_item_empty',NULL,1,'2012-11-07 11:42:05',NULL,'0000-00-00 00:00:00'),(1327,'country_capital',NULL,1,'2012-11-07 11:56:53',NULL,'0000-00-00 00:00:00'),(1328,'region',NULL,1,'2012-11-07 12:48:35',NULL,'0000-00-00 00:00:00'),(1329,'bank_account_data',NULL,1,'2012-11-07 12:57:59',NULL,'0000-00-00 00:00:00'),(1330,'npwp_data',NULL,1,'2012-11-07 12:58:17',NULL,'0000-00-00 00:00:00'),(1331,'billing_address_data',NULL,1,'2012-11-07 13:00:37',NULL,'0000-00-00 00:00:00'),(1332,'shipping_address_data',NULL,1,'2012-11-07 13:01:05',NULL,'0000-00-00 00:00:00'),(1333,'logo_data',NULL,1,'2012-11-07 13:01:25',NULL,'0000-00-00 00:00:00'),(1334,'basic_search_title',NULL,1,'2012-11-07 13:34:31',1,'2012-11-07 13:35:16'),(1335,'advance_search_title',NULL,1,'2012-11-07 13:36:08',1,'2012-11-07 13:38:14'),(1336,'logo_type',NULL,1,'2012-11-07 13:49:19',NULL,'0000-00-00 00:00:00'),(1337,'meeting',NULL,1,'2012-11-07 19:10:00',NULL,'0000-00-00 00:00:00'),(1338,'call',NULL,1,'2012-11-07 19:10:14',NULL,'0000-00-00 00:00:00'),(1339,'task',NULL,1,'2012-11-07 19:10:34',NULL,'0000-00-00 00:00:00'),(1340,'note',NULL,1,'2012-11-07 19:10:51',NULL,'0000-00-00 00:00:00'),(1341,'account_data',NULL,1,'2012-11-07 19:45:31',NULL,'0000-00-00 00:00:00'),(1342,'business_address_data',NULL,1,'2012-11-07 19:53:19',9,'2012-11-11 23:32:19'),(1343,'home_address_data',NULL,1,'2012-11-07 19:53:46',NULL,'0000-00-00 00:00:00'),(1344,'converts',NULL,1,'2012-11-08 08:50:05',NULL,'0000-00-00 00:00:00'),(1345,'current_photo',NULL,1,'2012-11-08 09:31:22',NULL,'0000-00-00 00:00:00'),(1346,'photo_preview',NULL,1,'2012-11-08 09:31:51',NULL,'0000-00-00 00:00:00'),(1347,'custom_validation_cek_phone_empty',NULL,1,'2012-11-08 10:01:50',NULL,'0000-00-00 00:00:00'),(1348,'custom_validation_religion_name_already_exists',NULL,4,'2012-11-08 10:38:33',NULL,'0000-00-00 00:00:00'),(1349,'file_name',NULL,1,'2012-11-08 10:57:04',NULL,'0000-00-00 00:00:00'),(1350,'custom_validation_salutation_name_already_exists',NULL,24,'2012-11-08 11:06:07',NULL,'0000-00-00 00:00:00'),(1351,'custom_validation_functional_position_name_not_available',NULL,24,'2012-11-08 13:48:13',NULL,'0000-00-00 00:00:00'),(1352,'custom_validation_functional_position_code_not_available',NULL,24,'2012-11-08 13:50:22',NULL,'0000-00-00 00:00:00'),(1353,'leader',NULL,1,'2012-11-08 13:54:27',NULL,'0000-00-00 00:00:00'),(1354,'custom_validation_colour_name_already_exists',NULL,24,'2012-11-08 15:45:00',NULL,'0000-00-00 00:00:00'),(1355,'custom_validation_currency_name_already_exists',NULL,24,'2012-11-08 16:20:42',NULL,'0000-00-00 00:00:00'),(1356,'this_link_allows_you_to_download',NULL,37,'2012-11-09 10:29:06',NULL,'0000-00-00 00:00:00'),(1357,'you_can_download_the_vcard_file_directly_here',NULL,37,'2012-11-09 10:29:32',1,'2012-11-22 21:33:03'),(1358,'this_is_your_business_card_qrcode',NULL,37,'2012-11-09 10:30:03',NULL,'0000-00-00 00:00:00'),(1359,'the_data_you_have_filled_in_has_generated',NULL,37,'2012-11-09 10:30:30',NULL,'0000-00-00 00:00:00'),(1360,'download',NULL,37,'2012-11-09 10:43:10',NULL,'0000-00-00 00:00:00'),(1361,'scan',NULL,37,'2012-11-09 10:43:23',NULL,'0000-00-00 00:00:00'),(1362,'you_can_download_the_image_directly_here',NULL,37,'2012-11-09 11:17:46',1,'2012-11-22 21:32:50'),(1363,'msg_export_success',NULL,37,'2012-11-09 11:18:44',NULL,'0000-00-00 00:00:00'),(1364,'custom_validation_prioritylevel_name_already_exists',NULL,24,'2012-11-09 14:18:51',NULL,'0000-00-00 00:00:00'),(1365,'custom_validation_prioritylevel_level_already_exists',NULL,24,'2012-11-09 14:24:34',NULL,'0000-00-00 00:00:00'),(1366,'custom_validation_prioritylevel_order_already_exists',NULL,24,'2012-11-09 14:29:56',NULL,'0000-00-00 00:00:00'),(1367,'custom_validation_bugtype_name_already_exists',NULL,24,'2012-11-09 14:48:44',NULL,'0000-00-00 00:00:00'),(1368,'custom_validation_bugstatus_name_already_exists',NULL,24,'2012-11-09 15:27:11',NULL,'0000-00-00 00:00:00'),(1369,'custom_validation_bugstatus_order_already_exists',NULL,24,'2012-11-09 15:31:38',NULL,'0000-00-00 00:00:00'),(1370,'custom_validation_bugsource_name_already_exists',NULL,24,'2012-11-09 15:54:38',24,'2012-11-09 16:00:28'),(1371,'priority',NULL,24,'2012-11-09 16:15:22',NULL,'0000-00-00 00:00:00'),(1372,'customertype',NULL,24,'2012-11-09 16:16:12',NULL,'0000-00-00 00:00:00'),(1373,'export_vcard',NULL,9,'2012-11-09 16:33:10',NULL,'0000-00-00 00:00:00'),(1374,'lead_conversion_form',NULL,9,'2012-11-09 16:34:26',NULL,'0000-00-00 00:00:00'),(1375,'contact_form',NULL,9,'2012-11-11 23:30:37',NULL,'0000-00-00 00:00:00'),(1376,'company_org',NULL,9,'2012-11-11 23:31:02',NULL,'0000-00-00 00:00:00'),(1377,'job_title',NULL,9,'2012-11-11 23:31:18',NULL,'0000-00-00 00:00:00'),(1378,'building_name',NULL,9,'2012-11-11 23:31:36',NULL,'0000-00-00 00:00:00'),(1379,'business_address',NULL,9,'2012-11-11 23:32:03',NULL,'0000-00-00 00:00:00'),(1380,'home_address',NULL,9,'2012-11-11 23:32:37',NULL,'0000-00-00 00:00:00'),(1381,'generate',NULL,9,'2012-11-11 23:33:03',NULL,'0000-00-00 00:00:00'),(1382,'2_1_version',NULL,9,'2012-11-11 23:33:25',NULL,'0000-00-00 00:00:00'),(1383,'3_0_version',NULL,9,'2012-11-11 23:33:42',NULL,'0000-00-00 00:00:00'),(1384,'4_0_version',NULL,9,'2012-11-11 23:34:03',NULL,'0000-00-00 00:00:00'),(1385,'standard_format',NULL,9,'2012-11-11 23:35:36',NULL,'0000-00-00 00:00:00'),(1386,'email_and_website',NULL,9,'2012-11-11 23:37:09',NULL,'0000-00-00 00:00:00'),(1387,'preferred_email',NULL,9,'2012-11-11 23:37:32',1,'2012-11-22 21:30:14'),(1388,'alternative_email',NULL,9,'2012-11-11 23:38:14',NULL,'0000-00-00 00:00:00'),(1389,'work_website',NULL,9,'2012-11-11 23:38:29',NULL,'0000-00-00 00:00:00'),(1390,'business_phone',NULL,9,'2012-11-11 23:38:50',NULL,'0000-00-00 00:00:00'),(1391,'business_fax',NULL,9,'2012-11-11 23:39:08',NULL,'0000-00-00 00:00:00'),(1392,'mobile_phone',NULL,9,'2012-11-11 23:39:28',NULL,'0000-00-00 00:00:00'),(1393,'home_phone',NULL,9,'2012-11-11 23:39:46',NULL,'0000-00-00 00:00:00'),(1394,'ok',NULL,1,'2012-11-12 06:36:09',NULL,'0000-00-00 00:00:00'),(1395,'confirm_delete',NULL,1,'2012-11-12 06:37:45',NULL,'0000-00-00 00:00:00'),(1396,'message_delete',NULL,1,'2012-11-12 06:38:16',NULL,'0000-00-00 00:00:00'),(1397,'alert',NULL,1,'2012-11-12 06:39:18',NULL,'0000-00-00 00:00:00'),(1398,'confirm',NULL,1,'2012-11-12 06:39:42',NULL,'0000-00-00 00:00:00'),(1399,'prompt',NULL,1,'2012-11-12 06:40:31',NULL,'0000-00-00 00:00:00'),(1400,'wrong_url',NULL,1,'2012-11-12 06:40:54',NULL,'0000-00-00 00:00:00'),(1401,'maximum_file_size',NULL,1,'2012-11-12 06:57:16',NULL,'0000-00-00 00:00:00'),(1402,'forbidden_filetype',NULL,1,'2012-11-12 06:57:47',NULL,'0000-00-00 00:00:00'),(1403,'progress',NULL,1,'2012-11-12 06:58:28',NULL,'0000-00-00 00:00:00'),(1404,'remove',NULL,1,'2012-11-12 06:59:12',NULL,'0000-00-00 00:00:00'),(1405,'upload_canceled',NULL,1,'2012-11-12 06:59:39',NULL,'0000-00-00 00:00:00'),(1406,'aborting',NULL,1,'2012-11-12 06:59:56',NULL,'0000-00-00 00:00:00'),(1407,'image_preview',NULL,1,'2012-11-12 07:00:38',NULL,'0000-00-00 00:00:00'),(1408,'select_file',NULL,1,'2012-11-12 07:00:56',NULL,'0000-00-00 00:00:00'),(1409,'unable_to_compute',NULL,1,'2012-11-12 07:01:16',NULL,'0000-00-00 00:00:00'),(1410,'good_discount',NULL,24,'2012-11-12 08:47:50',NULL,'0000-00-00 00:00:00'),(1411,'treatment_discount',NULL,24,'2012-11-12 08:48:19',NULL,'0000-00-00 00:00:00'),(1412,'goods_discount',NULL,24,'2012-11-12 08:49:58',NULL,'0000-00-00 00:00:00'),(1414,'simple_search',NULL,24,'2012-11-14 10:25:03',NULL,'0000-00-00 00:00:00'),(1415,'custom_validation_code_already_exists',NULL,1,'2012-11-14 11:20:16',1,'2012-11-14 15:34:58'),(1416,'custom_validation_name_already_exists',NULL,1,'2012-11-14 11:20:41',1,'2012-11-14 15:34:30'),(1417,'custom_validation_is_bank_code_avalilable',NULL,24,'2012-11-14 15:18:51',NULL,'0000-00-00 00:00:00'),(1418,'backup_to_vcard',NULL,37,'2012-11-19 10:32:34',NULL,'0000-00-00 00:00:00'),(1419,'synchronization',NULL,37,'2012-11-19 15:01:34',NULL,'0000-00-00 00:00:00'),(1420,'assignment',NULL,37,'2012-11-20 09:36:24',NULL,'0000-00-00 00:00:00'),(1421,'account_assignment',NULL,37,'2012-11-20 09:37:28',NULL,'0000-00-00 00:00:00'),(1422,'ecs_module',NULL,1,'2012-11-20 10:53:37',NULL,'0000-00-00 00:00:00'),(1423,'finance_module',NULL,1,'2012-11-20 10:53:49',NULL,'0000-00-00 00:00:00'),(1424,'informal_education_level',NULL,1,'2012-11-20 11:18:23',NULL,'0000-00-00 00:00:00'),(1425,'custom_validation_order_already_exists',NULL,1,'2012-11-21 08:46:31',NULL,'0000-00-00 00:00:00'),(1426,'employee_and_officer_should_not_be_the_same',NULL,37,'2012-11-22 14:58:42',NULL,'0000-00-00 00:00:00'),(1427,'lead_assignment',NULL,1,'2012-11-22 21:29:24',NULL,'0000-00-00 00:00:00'),(1428,'email_alternative',NULL,1,'2012-11-22 21:29:56',NULL,'0000-00-00 00:00:00'),(1429,'email_this',NULL,1,'2012-11-22 21:30:48',NULL,'0000-00-00 00:00:00'),(1430,'download_file',NULL,1,'2012-11-22 21:31:09',1,'2012-11-22 21:33:23'),(1431,'detail_transaction',NULL,37,'2012-11-23 09:02:57',NULL,'0000-00-00 00:00:00'),(1432,'ownerstatus',NULL,1,'2012-11-23 09:16:58',NULL,'0000-00-00 00:00:00'),(1433,'contract_summary',NULL,37,'2012-11-23 14:18:01',NULL,'0000-00-00 00:00:00'),(1434,'custom_validation_level_already_exists',NULL,1,'2012-11-28 10:50:08',NULL,'0000-00-00 00:00:00'),(1435,'set_as_account',NULL,41,'2012-11-30 08:56:07',NULL,'0000-00-00 00:00:00'),(1436,'set_other_master_data',NULL,41,'2012-11-30 08:57:30',NULL,'0000-00-00 00:00:00'),(1437,'do_no_more_goods',NULL,1,'2012-11-30 10:30:15',NULL,'0000-00-00 00:00:00'),(1438,'custom_validation_username_already_exists',NULL,1,'2012-11-30 14:03:10',NULL,'0000-00-00 00:00:00'),(1439,'employee_area',NULL,1,'2012-11-30 16:28:30',NULL,'0000-00-00 00:00:00'),(1440,'msg_total_percent_over',NULL,1,'2012-12-03 09:03:44',NULL,'0000-00-00 00:00:00'),(1441,'msg_total_nominal_over',NULL,1,'2012-12-03 09:06:08',1,'2012-12-03 09:10:59'),(1442,'unit_name',NULL,1,'2012-12-04 08:50:04',NULL,'0000-00-00 00:00:00'),(1443,'unit_profit_centre',NULL,1,'2012-12-04 09:18:19',1,'2012-12-04 09:19:25'),(1444,'partial_update',NULL,1,'2012-12-04 18:21:23',NULL,'0000-00-00 00:00:00'),(1445,'message_error_mutation_input',NULL,10,'2012-12-08 16:09:35',NULL,'0000-00-00 00:00:00'),(1446,'bug_category',NULL,1,'2012-12-13 10:18:35',NULL,'0000-00-00 00:00:00'),(1447,'crm.ref.software.release',NULL,1,'2012-12-18 10:45:56',NULL,'0000-00-00 00:00:00'),(1448,'in_thousands',NULL,1,'2012-12-18 15:28:40',NULL,'0000-00-00 00:00:00'),(1449,'address_and_contact',NULL,1,'2012-12-28 14:31:48',NULL,'0000-00-00 00:00:00'),(1450,'add_other_goods',NULL,1,'2012-12-28 15:12:02',NULL,'0000-00-00 00:00:00'),(1451,'ware_type',NULL,1,'2013-01-16 14:10:23',NULL,'0000-00-00 00:00:00'),(1452,'buy_area',NULL,1,'2013-01-16 14:15:13',NULL,'0000-00-00 00:00:00'),(1453,'sell_area',NULL,1,'2013-01-16 14:16:07',NULL,'0000-00-00 00:00:00'),(1454,'hour',NULL,1,'2013-02-14 09:42:33',NULL,'0000-00-00 00:00:00'),(1455,'minute',NULL,1,'2013-02-14 09:42:45',NULL,'0000-00-00 00:00:00'),(1456,'telp_number_hp',NULL,1,'2013-02-15 09:35:59',5,'2013-05-30 14:09:06'),(1457,'order_form',NULL,1,'2013-02-15 09:36:17',NULL,'0000-00-00 00:00:00'),(1458,'pickup_date',NULL,1,'2013-02-15 09:37:01',NULL,'0000-00-00 00:00:00'),(1459,'pickup_time',NULL,1,'2013-02-15 09:37:19',NULL,'0000-00-00 00:00:00'),(1460,'pickup_place',NULL,1,'2013-02-15 09:37:42',NULL,'0000-00-00 00:00:00'),(1461,'max_100_char',NULL,1,'2013-02-15 09:38:10',NULL,'0000-00-00 00:00:00'),(1462,'booking',NULL,1,'2013-02-15 09:38:24',NULL,'0000-00-00 00:00:00'),(1463,'nama',NULL,1,'2013-02-15 09:38:39',NULL,'0000-00-00 00:00:00'),(1464,'telp_hp',NULL,1,'2013-02-15 09:38:55',NULL,'0000-00-00 00:00:00'),(1465,'taxi_number',NULL,1,'2013-02-15 09:39:10',1,'2014-01-24 14:22:38'),(1466,'station',NULL,1,'2013-02-15 09:39:28',NULL,'0000-00-00 00:00:00'),(1467,'count',NULL,1,'2013-02-15 09:39:38',NULL,'0000-00-00 00:00:00'),(1468,'taxi_availability',NULL,1,'2013-02-15 09:40:55',NULL,'0000-00-00 00:00:00'),(1469,'msg_taxi_number_not_available',NULL,1,'2013-02-15 09:41:33',NULL,'0000-00-00 00:00:00'),(1470,'order_number',NULL,1,'2013-02-15 09:41:59',NULL,'0000-00-00 00:00:00'),(1471,'max_photo_upload',NULL,1,'2013-02-15 09:42:52',NULL,'0000-00-00 00:00:00'),(1472,'is_driver',NULL,1,'2013-02-15 09:43:49',NULL,'0000-00-00 00:00:00'),(1473,'employee_functional_position',NULL,1,'2013-02-15 09:44:09',NULL,'0000-00-00 00:00:00'),(1474,'user',NULL,1,'2013-02-15 09:46:10',NULL,'0000-00-00 00:00:00'),(1475,'call_number',NULL,1,'2013-02-15 09:46:39',NULL,'0000-00-00 00:00:00'),(1476,'varian_type',NULL,1,'2013-02-15 09:48:38',NULL,'0000-00-00 00:00:00'),(1477,'vehicle_type',NULL,1,'2013-02-15 09:48:56',NULL,'0000-00-00 00:00:00'),(1478,'assembly_year',NULL,1,'2013-02-15 09:49:23',NULL,'0000-00-00 00:00:00'),(1479,'color',NULL,1,'2013-02-15 09:49:46',NULL,'0000-00-00 00:00:00'),(1480,'police_number',NULL,1,'2013-02-15 09:50:10',NULL,'0000-00-00 00:00:00'),(1481,'taxi_vehicle',NULL,1,'2013-02-15 09:50:38',NULL,'0000-00-00 00:00:00'),(1482,'plate_number',NULL,1,'2013-02-15 09:50:56',NULL,'0000-00-00 00:00:00'),(1483,'taxi_poll',NULL,1,'2013-02-15 09:51:17',NULL,'0000-00-00 00:00:00'),(1484,'registration_info',NULL,1,'2013-02-15 09:51:43',NULL,'0000-00-00 00:00:00'),(1485,'owner_name',NULL,1,'2013-02-15 09:51:59',NULL,'0000-00-00 00:00:00'),(1486,'owner_address',NULL,1,'2013-02-15 09:52:14',NULL,'0000-00-00 00:00:00'),(1487,'chassis_number',NULL,1,'2013-02-15 09:52:35',NULL,'0000-00-00 00:00:00'),(1488,'machine_number',NULL,1,'2013-02-15 09:52:50',NULL,'0000-00-00 00:00:00'),(1489,'fuel_type',NULL,1,'2013-02-15 09:53:07',NULL,'0000-00-00 00:00:00'),(1490,'plate_color_type',NULL,1,'2013-02-15 09:53:34',NULL,'0000-00-00 00:00:00'),(1491,'bpkb_number',NULL,1,'2013-02-15 09:53:55',NULL,'0000-00-00 00:00:00'),(1492,'dealer',NULL,1,'2013-02-15 09:54:12',NULL,'0000-00-00 00:00:00'),(1493,'purchase_date',NULL,1,'2013-02-15 09:54:28',NULL,'0000-00-00 00:00:00'),(1494,'own_status',NULL,1,'2013-02-15 09:54:57',NULL,'0000-00-00 00:00:00'),(1495,'specification',NULL,1,'2013-02-15 09:55:19',NULL,'0000-00-00 00:00:00'),(1496,'remark',NULL,1,'2013-02-15 09:55:32',NULL,'0000-00-00 00:00:00'),(1497,'varian',NULL,1,'2013-02-15 09:55:59',NULL,'0000-00-00 00:00:00'),(1498,'birth_place',NULL,1,'2013-02-15 09:58:51',NULL,'0000-00-00 00:00:00'),(1499,'taxicustomer',NULL,1,'2013-02-15 09:59:12',1,'2013-02-15 09:59:40'),(1500,'detail_station',NULL,1,'2013-02-18 08:40:12',NULL,'0000-00-00 00:00:00'),(1501,'employee_work_unit',NULL,1,'2013-02-22 09:25:18',NULL,'0000-00-00 00:00:00'),(1502,'driver',NULL,1,'2013-02-22 09:25:55',1,'2016-11-23 20:59:34'),(1503,'purchase_price',NULL,1,'2013-02-22 09:26:46',NULL,'0000-00-00 00:00:00'),(1504,'vehicle',NULL,1,'2013-02-22 09:31:14',NULL,'0000-00-00 00:00:00'),(1505,'driver_car',NULL,1,'2013-02-22 09:31:38',NULL,'0000-00-00 00:00:00'),(1506,'report_type',NULL,1,'2013-03-04 09:13:01',NULL,'0000-00-00 00:00:00'),(1507,'process',NULL,1,'2013-03-04 09:13:15',NULL,'0000-00-00 00:00:00'),(1508,'check_all',NULL,1,'2013-03-05 10:09:33',NULL,'0000-00-00 00:00:00'),(1509,'uncheck_all',NULL,1,'2013-03-05 10:10:22',NULL,'0000-00-00 00:00:00'),(1510,'statistic',NULL,1,'2013-03-05 11:14:12',NULL,'0000-00-00 00:00:00'),(1511,'graph',NULL,1,'2013-03-05 11:14:23',NULL,'0000-00-00 00:00:00'),(1512,'summary',NULL,1,'2013-03-05 11:14:33',NULL,'0000-00-00 00:00:00'),(1513,'employee_category',NULL,1,'2013-03-05 11:41:38',NULL,'0000-00-00 00:00:00'),(1514,'staff',NULL,1,'2013-03-05 11:41:47',NULL,'0000-00-00 00:00:00'),(1515,'parameter',NULL,1,'2013-03-05 11:42:36',NULL,'0000-00-00 00:00:00'),(1516,'total_manpower',NULL,1,'2013-03-05 11:46:02',NULL,'0000-00-00 00:00:00'),(1517,'manpower',NULL,1,'2013-03-05 15:58:24',NULL,'0000-00-00 00:00:00'),(1518,'percent',NULL,1,'2013-03-05 15:59:04',NULL,'0000-00-00 00:00:00'),(1519,'statistic_manpower',NULL,1,'2013-03-06 11:29:39',NULL,'0000-00-00 00:00:00'),(1520,'realized',NULL,1,'2013-03-06 13:55:45',NULL,'0000-00-00 00:00:00'),(1521,'telp_number',NULL,1,'2013-03-06 13:56:30',NULL,'0000-00-00 00:00:00'),(1522,'age',NULL,1,'2013-03-06 14:01:36',NULL,'0000-00-00 00:00:00'),(1523,'birthday',NULL,1,'2013-03-06 14:02:06',NULL,'0000-00-00 00:00:00'),(1524,'training',NULL,1,'2013-03-06 14:02:23',NULL,'0000-00-00 00:00:00'),(1525,'quit',NULL,1,'2013-03-06 14:02:38',NULL,'0000-00-00 00:00:00'),(1526,'sim',NULL,1,'2013-03-06 14:03:06',1,'2013-03-06 14:03:57'),(1527,'employee_is_driver',NULL,1,'2013-03-06 14:05:40',NULL,'0000-00-00 00:00:00'),(1528,'application',NULL,1,'2013-03-06 14:14:19',NULL,'0000-00-00 00:00:00'),(1529,'en',NULL,1,'2013-03-06 14:14:35',NULL,'0000-00-00 00:00:00'),(1530,'id',NULL,1,'2013-03-06 14:14:42',NULL,'0000-00-00 00:00:00'),(1531,'total_vehicle',NULL,1,'2013-03-07 13:57:21',NULL,'0000-00-00 00:00:00'),(1532,'owner',NULL,1,'2013-03-08 09:28:32',NULL,'0000-00-00 00:00:00'),(1533,'pool',NULL,1,'2013-03-08 09:29:07',NULL,'0000-00-00 00:00:00'),(1534,'transaction_number',NULL,1,'2013-03-08 09:29:39',NULL,'0000-00-00 00:00:00'),(1535,'0_until_16',NULL,1,'2013-03-08 15:15:44',NULL,'0000-00-00 00:00:00'),(1536,'17_until_24',NULL,1,'2013-03-08 15:16:04',NULL,'0000-00-00 00:00:00'),(1537,'25_until_35',NULL,1,'2013-03-08 15:16:22',NULL,'0000-00-00 00:00:00'),(1538,'36_until_46',NULL,1,'2013-03-08 15:16:45',NULL,'0000-00-00 00:00:00'),(1539,'55_above',NULL,1,'2013-03-08 15:17:10',NULL,'0000-00-00 00:00:00'),(1540,'total_customer',NULL,1,'2013-03-08 15:17:53',1,'2013-03-08 15:18:07'),(1541,'47_until_54',NULL,1,'2013-03-08 15:49:29',1,'2013-03-08 15:50:11'),(1542,'print',NULL,1,'2013-03-11 09:12:40',NULL,'0000-00-00 00:00:00'),(1543,'employee_report',NULL,1,'2013-03-11 09:43:32',NULL,'0000-00-00 00:00:00'),(1544,'vehicle_report',NULL,1,'2013-03-11 11:13:17',NULL,'0000-00-00 00:00:00'),(1545,'customer_report',NULL,1,'2013-03-11 14:04:16',NULL,'0000-00-00 00:00:00'),(1546,'customer_name',NULL,1,'2013-03-11 14:08:05',NULL,'0000-00-00 00:00:00'),(1547,'driver_report',NULL,1,'2013-03-11 14:45:08',NULL,'0000-00-00 00:00:00'),(1548,'employee_demograph',NULL,1,'2013-03-13 08:41:32',NULL,'0000-00-00 00:00:00'),(1549,'employee_demograph_report',NULL,1,'2013-03-13 12:08:56',1,'2013-03-13 12:09:26'),(1550,'reservation_report',NULL,1,'2013-03-22 15:13:29',NULL,'0000-00-00 00:00:00'),(1551,'vehicle_demograph',NULL,1,'2013-03-25 09:53:31',NULL,'0000-00-00 00:00:00'),(1552,'vehicle_demograph_report',NULL,1,'2013-03-25 10:56:26',NULL,'0000-00-00 00:00:00'),(1553,'customer_demograph',NULL,1,'2013-03-25 11:04:37',NULL,'0000-00-00 00:00:00'),(1554,'customer_demograph_report',NULL,1,'2013-03-25 11:04:58',NULL,'0000-00-00 00:00:00'),(1555,'taxi_driver',NULL,1,'2013-05-28 08:15:13',NULL,'0000-00-00 00:00:00'),(1556,'get_taxi',NULL,1,'2013-05-29 11:01:36',NULL,'0000-00-00 00:00:00'),(1557,'canceled',NULL,1,'2013-05-30 08:15:25',NULL,'0000-00-00 00:00:00'),(1558,'taxi',NULL,1,'2013-05-30 08:15:49',NULL,'0000-00-00 00:00:00'),(1559,'taxi_available',NULL,1,'2013-05-30 08:53:59',NULL,'0000-00-00 00:00:00'),(1560,'msg_insert_success',NULL,1,'2013-05-30 13:59:10',NULL,'0000-00-00 00:00:00'),(1561,'pickup',NULL,1,'2013-05-31 08:35:55',NULL,'0000-00-00 00:00:00'),(1562,'taxi_not_available',NULL,1,'2013-05-31 08:37:25',NULL,'0000-00-00 00:00:00'),(1563,'previous_day',NULL,1,'2013-05-31 08:40:05',NULL,'0000-00-00 00:00:00'),(1564,'next_day',NULL,1,'2013-05-31 08:54:42',NULL,'0000-00-00 00:00:00'),(1565,'order_info',NULL,1,'2013-05-31 10:42:39',NULL,'0000-00-00 00:00:00'),(1566,'title_confirm_cancel',NULL,1,'2013-05-31 10:43:08',NULL,'0000-00-00 00:00:00'),(1567,'taxi_order',NULL,1,'2013-05-31 10:46:15',NULL,'0000-00-00 00:00:00'),(1568,'msg_confirm_cancel',NULL,1,'2013-05-31 10:52:08',NULL,'0000-00-00 00:00:00'),(1569,'reminder_this_hour',NULL,1,'2013-05-31 16:03:23',1,'2013-05-31 17:09:38'),(1570,'sms',NULL,1,'2013-05-31 17:09:52',NULL,'0000-00-00 00:00:00'),(1571,'vehicle_number',NULL,1,'2016-01-11 13:08:06',NULL,'0000-00-00 00:00:00'),(1572,'lane',NULL,1,'2016-01-11 13:08:19',NULL,'0000-00-00 00:00:00'),(1573,'device_id',NULL,1,'2016-01-11 13:08:47',NULL,'0000-00-00 00:00:00'),(1574,'no_lane',NULL,1,'2016-01-11 13:39:41',NULL,'0000-00-00 00:00:00'),(1575,'radius',NULL,1,'2016-01-12 09:22:15',NULL,'0000-00-00 00:00:00'),(1576,'internal_code',NULL,1,'2016-05-09 10:33:40',1,'2016-11-03 19:02:34'),(1577,'tjolane',NULL,1,'2016-05-09 10:40:20',NULL,'0000-00-00 00:00:00'),(1578,'shelter',NULL,1,'2016-05-09 10:43:44',NULL,'0000-00-00 00:00:00'),(1579,'route',NULL,1,'2016-05-09 10:44:17',NULL,'0000-00-00 00:00:00'),(1580,'lat',NULL,1,'2016-05-09 10:53:46',NULL,'0000-00-00 00:00:00'),(1581,'long',NULL,1,'2016-05-09 10:54:08',NULL,'0000-00-00 00:00:00'),(1582,'tjoshelter',NULL,1,'2016-05-09 10:55:26',NULL,'0000-00-00 00:00:00'),(1583,'cptype id',NULL,1,'2016-05-09 11:07:58',NULL,'0000-00-00 00:00:00'),(1584,'schedule',NULL,1,'2016-09-03 17:56:55',NULL,'0000-00-00 00:00:00'),(1585,'origin',NULL,1,'2016-09-03 17:57:15',NULL,'0000-00-00 00:00:00'),(1586,'scheduled_departure',NULL,1,'2016-09-03 17:57:40',NULL,'0000-00-00 00:00:00'),(1587,'real_departure',NULL,1,'2016-09-03 17:58:32',NULL,'0000-00-00 00:00:00'),(1588,'scheduled_arrival',NULL,1,'2016-09-03 17:59:20',NULL,'0000-00-00 00:00:00'),(1589,'real_arrival',NULL,1,'2016-09-03 17:59:37',NULL,'0000-00-00 00:00:00'),(1590,'avg_speed',NULL,1,'2016-09-03 18:00:02',NULL,'0000-00-00 00:00:00'),(1591,'speed',NULL,1,'2016-09-03 18:00:17',NULL,'0000-00-00 00:00:00'),(1592,'altitude',NULL,1,'2016-09-03 18:01:12',NULL,'0000-00-00 00:00:00'),(1593,'trip',NULL,1,'2016-09-05 15:44:14',NULL,'0000-00-00 00:00:00'),(1594,'shelter_origin',NULL,1,'2016-09-14 13:50:49',NULL,'0000-00-00 00:00:00'),(1595,'shelter_arrival',NULL,1,'2016-09-14 13:51:16',NULL,'0000-00-00 00:00:00'),(1596,'schedule_departure',NULL,1,'2016-09-14 13:51:48',NULL,'0000-00-00 00:00:00'),(1597,'schedule_departure_real',NULL,1,'2016-09-14 13:58:11',NULL,'0000-00-00 00:00:00'),(1598,'status_departure',NULL,1,'2016-09-14 13:58:30',NULL,'0000-00-00 00:00:00'),(1599,'schedule_arrival',NULL,1,'2016-09-14 13:58:53',NULL,'0000-00-00 00:00:00'),(1600,'schedule_arrival_real',NULL,1,'2016-09-14 13:59:24',NULL,'0000-00-00 00:00:00'),(1601,'status_arrival',NULL,1,'2016-09-14 13:59:44',1,'2016-09-14 14:00:27'),(1602,'distance',NULL,1,'2016-09-14 14:01:05',NULL,'0000-00-00 00:00:00'),(1603,'mileage',NULL,1,'2016-09-14 14:01:46',NULL,'0000-00-00 00:00:00'),(1604,'top_speed_five',NULL,1,'2016-09-14 14:03:17',NULL,'0000-00-00 00:00:00'),(1605,'total_overspeed',NULL,1,'2016-09-14 14:03:38',NULL,'0000-00-00 00:00:00'),(1606,'max_speed',NULL,1,'2016-09-14 14:04:15',1,'2016-09-14 14:06:24'),(1607,'last_update',NULL,1,'2016-09-14 14:04:42',NULL,'0000-00-00 00:00:00'),(1608,'all_driver',NULL,1,'2016-09-14 14:05:06',NULL,'0000-00-00 00:00:00'),(1609,'speed_average',NULL,1,'2016-09-14 14:05:25',NULL,'0000-00-00 00:00:00'),(1610,'min_speed',NULL,1,'2016-09-14 14:06:08',NULL,'0000-00-00 00:00:00'),(1611,'presentase_ontime',NULL,1,'2016-09-14 14:07:20',NULL,'0000-00-00 00:00:00'),(1612,'presentase_late',NULL,1,'2016-09-14 14:08:02',NULL,'0000-00-00 00:00:00'),(1613,'TJOARMADA',NULL,1,'2016-09-21 10:52:19',NULL,'0000-00-00 00:00:00'),(1614,'HEADWAY',NULL,1,'2016-09-21 10:55:48',1,'2016-09-21 11:08:04'),(1615,'registered_phone_number',NULL,1,'2016-11-03 18:57:48',NULL,'0000-00-00 00:00:00'),(1616,'device',NULL,1,'2016-11-03 18:58:22',1,'2016-11-23 17:11:07'),(1617,'id_number',NULL,1,'2016-11-03 18:58:41',NULL,'0000-00-00 00:00:00'),(1618,'driving_license_number',NULL,1,'2016-11-03 18:59:03',NULL,'0000-00-00 00:00:00'),(1619,'emergency_phone_number',NULL,1,'2016-11-03 18:59:32',NULL,'0000-00-00 00:00:00'),(1620,'register_timestamp',NULL,1,'2016-11-03 18:59:59',NULL,'0000-00-00 00:00:00'),(1621,'vehiclebrand',NULL,1,'2016-11-23 11:13:22',NULL,'0000-00-00 00:00:00'),(1622,'vehiclebrandvarian',NULL,1,'2016-11-23 11:14:39',NULL,'0000-00-00 00:00:00'),(1623,'vehicletype',NULL,1,'2016-11-23 11:26:14',NULL,'0000-00-00 00:00:00'),(1624,'vehicle_assembly_year',NULL,1,'2016-11-23 11:27:48',1,'2016-11-23 11:29:59'),(1625,'vehicle_chassis_number',NULL,1,'2016-11-23 11:29:39',NULL,'0000-00-00 00:00:00'),(1626,'vehicle_machine_number',NULL,1,'2016-11-23 11:30:27',NULL,'0000-00-00 00:00:00'),(1627,'vehicle_type_fuel',NULL,1,'2016-11-23 11:30:56',NULL,'0000-00-00 00:00:00'),(1628,'vehicle_color_type',NULL,1,'2016-11-23 11:31:24',1,'2016-11-23 11:47:28'),(1629,'vehicle_bpkb_number',NULL,1,'2016-11-23 11:31:50',NULL,'0000-00-00 00:00:00'),(1630,'vehicle_valid_date',NULL,1,'2016-11-23 11:41:08',1,'2017-03-15 08:31:16'),(1631,'vehicle_dealer',NULL,1,'2016-11-23 11:41:40',NULL,'0000-00-00 00:00:00'),(1632,'vehicle_currency',NULL,1,'2016-11-23 11:42:19',NULL,'0000-00-00 00:00:00'),(1633,'vehicle_price',NULL,1,'2016-11-23 11:42:35',NULL,'0000-00-00 00:00:00'),(1634,'vehicle_purchase_date',NULL,1,'2016-11-23 11:42:59',NULL,'0000-00-00 00:00:00'),(1635,'vehicle_own_status',NULL,1,'2016-11-23 11:43:24',NULL,'0000-00-00 00:00:00'),(1636,'vehicle_condition',NULL,1,'2016-11-23 11:43:53',NULL,'0000-00-00 00:00:00'),(1637,'vehicle_spec',NULL,1,'2016-11-23 11:44:24',NULL,'0000-00-00 00:00:00'),(1638,'vehicle_photo',NULL,1,'2016-11-23 11:44:48',NULL,'0000-00-00 00:00:00'),(1639,'vehicle_status',NULL,1,'2016-11-23 11:45:38',NULL,'0000-00-00 00:00:00'),(1640,'vehicle_desc',NULL,1,'2016-11-23 11:46:06',NULL,'0000-00-00 00:00:00'),(1641,'vehicle_color',NULL,1,'2016-11-23 11:48:01',NULL,'0000-00-00 00:00:00'),(1642,'imei_id',NULL,1,'2016-11-23 16:53:07',NULL,'0000-00-00 00:00:00'),(1643,'no_hp',NULL,1,'2016-11-23 16:53:30',1,'2017-04-11 16:38:46'),(1644,'provider',NULL,1,'2016-11-23 16:58:53',NULL,'0000-00-00 00:00:00'),(1645,'tjodevice',NULL,1,'2016-11-23 17:12:41',NULL,'0000-00-00 00:00:00'),(1646,'line',NULL,1,'2016-11-23 20:00:41',NULL,'0000-00-00 00:00:00'),(1647,'jam_mulai_ops',NULL,1,'2016-11-23 20:01:26',NULL,'0000-00-00 00:00:00'),(1648,'jam_sls_ops',NULL,1,'2016-11-23 20:02:15',NULL,'0000-00-00 00:00:00'),(1649,'driver_internal_code',NULL,1,'2016-11-23 20:04:13',NULL,'0000-00-00 00:00:00'),(1650,'broadcast',NULL,1,'2016-11-23 20:21:52',NULL,'0000-00-00 00:00:00'),(1651,'cjdriver',NULL,1,'2016-11-23 21:01:55',NULL,'0000-00-00 00:00:00'),(1652,'automatic_by_system',NULL,1,'2016-11-23 21:03:02',NULL,'0000-00-00 00:00:00'),(1653,'ritase',NULL,1,'2016-11-23 21:15:35',NULL,'0000-00-00 00:00:00'),(1654,'jml_overspeed',NULL,1,'2016-11-24 08:42:54',NULL,'0000-00-00 00:00:00'),(1655,'text',NULL,1,'2016-11-28 15:30:39',NULL,'0000-00-00 00:00:00'),(1656,'feedback',NULL,1,'2016-11-28 15:31:13',NULL,'0000-00-00 00:00:00'),(1657,'show_lane',NULL,1,'2017-01-31 10:57:01',NULL,'0000-00-00 00:00:00'),(1658,'imei_exist',NULL,1,'2017-02-16 09:45:25',NULL,'0000-00-00 00:00:00'),(1659,'dev_name',NULL,1,'2017-03-01 16:25:39',NULL,'0000-00-00 00:00:00'),(1660,'are_your_sure_clear',NULL,1,'2017-03-14 11:28:41',NULL,'0000-00-00 00:00:00'),(1661,'delete_last_point',NULL,1,'2017-03-14 11:32:42',NULL,'0000-00-00 00:00:00'),(1662,'confirm_save_title',NULL,1,'2017-03-14 14:44:58',NULL,'0000-00-00 00:00:00'),(1663,'confirm_save_msg',NULL,1,'2017-03-14 14:45:19',NULL,'0000-00-00 00:00:00'),(1664,'title_popup_0',NULL,1,'2017-04-11 14:34:52',1,'2017-04-11 16:32:12'),(1665,'title_popup_5',NULL,1,'2017-04-11 14:36:21',1,'2017-04-11 16:34:18'),(1666,'title_popup_1h',NULL,1,'2017-04-11 14:38:26',1,'2017-04-11 16:32:59'),(1667,'title_popup_24h',NULL,1,'2017-04-11 16:30:40',1,'2017-04-11 16:39:40'),(1668,'device_imei',NULL,1,'2017-04-11 16:35:17',NULL,'0000-00-00 00:00:00'),(1669,'msisdn',NULL,1,'2017-04-11 16:37:32',NULL,'0000-00-00 00:00:00'),(1670,'device_serial',NULL,1,'2017-04-11 16:38:11',NULL,'0000-00-00 00:00:00'),(1671,'click_for_detail',NULL,1,'2017-04-11 16:44:06',NULL,'0000-00-00 00:00:00');

/*Table structure for table `gtfw_key_text` */


CREATE TABLE `gtfw_key_text` (
  `key_text_key_id` bigint(20) NOT NULL COMMENT 'refer to gtfw_key.key_id',
  `key_text_lang_code` varchar(5) NOT NULL COMMENT 'refer to gtfw_lang.lang_code',
  `key_text_key_text` text,
  `insert_user_id` bigint(20) DEFAULT NULL,
  `insert_timestamp` datetime DEFAULT '0000-00-00 00:00:00',
  `update_user_id` bigint(20) DEFAULT NULL,
  `update_timestamp` datetime DEFAULT '0000-00-00 00:00:00',
  PRIMARY KEY (`key_text_key_id`,`key_text_lang_code`),
  KEY `FK_gtfw_key_text_lang` (`key_text_lang_code`),
  KEY `idx_gtfw_key_text` (`key_text_key_id`),
  CONSTRAINT `fk_gtfw_key_text` FOREIGN KEY (`key_text_key_id`) REFERENCES `gtfw_key` (`key_id`) ON UPDATE CASCADE,
  CONSTRAINT `fk_gtfw_key_text_0` FOREIGN KEY (`key_text_lang_code`) REFERENCES `gtfw_lang` (`lang_code`) ON UPDATE CASCADE
) ENGINE=InnoDB DEFAULT CHARSET=latin1;

/*Data for the table `gtfw_key_text` */

insert  into `gtfw_key_text`(`key_text_key_id`,`key_text_lang_code`,`key_text_key_text`,`insert_user_id`,`insert_timestamp`,`update_user_id`,`update_timestamp`) values (1,'en','Login Admin Area',NULL,'0000-00-00 00:00:00',NULL,'0000-00-00 00:00:00'),(1,'id','Masuk Halaman Administrasi',NULL,'0000-00-00 00:00:00',NULL,'0000-00-00 00:00:00'),(2,'en','Hello',NULL,'0000-00-00 00:00:00',NULL,'0000-00-00 00:00:00'),(2,'id','Halo',NULL,'0000-00-00 00:00:00',NULL,'0000-00-00 00:00:00'),(3,'en','Username',NULL,'0000-00-00 00:00:00',NULL,'0000-00-00 00:00:00'),(3,'id','Nama Pengguna',NULL,'0000-00-00 00:00:00',NULL,'0000-00-00 00:00:00'),(4,'en','Password',NULL,'0000-00-00 00:00:00',NULL,'0000-00-00 00:00:00'),(4,'id','Kata Sandi',NULL,'0000-00-00 00:00:00',NULL,'0000-00-00 00:00:00'),(5,'en','Login',NULL,'0000-00-00 00:00:00',NULL,'0000-00-00 00:00:00'),(5,'id','Masuk',NULL,'0000-00-00 00:00:00',NULL,'0000-00-00 00:00:00'),(6,'en','Logout',NULL,'0000-00-00 00:00:00',NULL,'0000-00-00 00:00:00'),(6,'id','Keluar',NULL,'0000-00-00 00:00:00',NULL,'0000-00-00 00:00:00'),(7,'en','Keyword',NULL,'0000-00-00 00:00:00',NULL,'0000-00-00 00:00:00'),(7,'id','Kata Kunci',NULL,'0000-00-00 00:00:00',NULL,'0000-00-00 00:00:00'),(8,'en','Searching',NULL,'0000-00-00 00:00:00',NULL,'0000-00-00 00:00:00'),(8,'id','Pencarian',NULL,'0000-00-00 00:00:00',NULL,'0000-00-00 00:00:00'),(9,'en','Code',NULL,'0000-00-00 00:00:00',NULL,'0000-00-00 00:00:00'),(9,'id','Kode',NULL,'0000-00-00 00:00:00',NULL,'0000-00-00 00:00:00'),(10,'en','Enter Keyword',NULL,'0000-00-00 00:00:00',NULL,'0000-00-00 00:00:00'),(10,'id','Masukan Kata Kunci',NULL,'0000-00-00 00:00:00',NULL,'0000-00-00 00:00:00'),(11,'en','Search',NULL,'0000-00-00 00:00:00',NULL,'0000-00-00 00:00:00'),(11,'id','Cari',NULL,'0000-00-00 00:00:00',NULL,'0000-00-00 00:00:00'),(12,'en','Language',NULL,'0000-00-00 00:00:00',NULL,'0000-00-00 00:00:00'),(12,'id','Bahasa',NULL,'0000-00-00 00:00:00',NULL,'0000-00-00 00:00:00'),(13,'en','Add',NULL,'0000-00-00 00:00:00',NULL,'0000-00-00 00:00:00'),(13,'id','Tambah',NULL,'0000-00-00 00:00:00',NULL,'0000-00-00 00:00:00'),(14,'en','Add Data',NULL,'0000-00-00 00:00:00',NULL,'0000-00-00 00:00:00'),(14,'id','Tambah Data',NULL,'0000-00-00 00:00:00',NULL,'0000-00-00 00:00:00'),(15,'en','Action',NULL,'0000-00-00 00:00:00',NULL,'0000-00-00 00:00:00'),(15,'id','Aksi',NULL,'0000-00-00 00:00:00',NULL,'0000-00-00 00:00:00'),(16,'en','Name',NULL,'0000-00-00 00:00:00',NULL,'0000-00-00 00:00:00'),(16,'id','Nama',NULL,'0000-00-00 00:00:00',NULL,'0000-00-00 00:00:00'),(17,'en','Data Not Found',9,'2012-10-03 11:23:37',NULL,'0000-00-00 00:00:00'),(17,'id','Data Tidak Ditemukan',9,'2012-10-03 11:23:37',NULL,'0000-00-00 00:00:00'),(18,'en','Icon',NULL,'0000-00-00 00:00:00',NULL,'0000-00-00 00:00:00'),(18,'id','Ikon',NULL,'0000-00-00 00:00:00',NULL,'0000-00-00 00:00:00'),(19,'en','Detail',1,'2012-08-14 13:35:31',NULL,'0000-00-00 00:00:00'),(19,'id','Detail',1,'2012-08-14 13:35:31',NULL,'0000-00-00 00:00:00'),(20,'en','Key',NULL,'0000-00-00 00:00:00',NULL,'0000-00-00 00:00:00'),(20,'id','Kunci',NULL,'0000-00-00 00:00:00',NULL,'0000-00-00 00:00:00'),(21,'en','Session Expired !!',NULL,'0000-00-00 00:00:00',NULL,'0000-00-00 00:00:00'),(21,'id','Session Login Anda Expired.. <br />Silakan Login Kembali',NULL,'0000-00-00 00:00:00',NULL,'0000-00-00 00:00:00'),(22,'en','Data added successfully',1,'2012-06-18 16:15:15',NULL,'0000-00-00 00:00:00'),(22,'id','Penambahan data berhasil',1,'2012-06-18 16:15:15',NULL,'0000-00-00 00:00:00'),(23,'en','Data addition failed',1,'2012-08-13 14:17:43',NULL,'0000-00-00 00:00:00'),(23,'id','Penambahan data gagal',1,'2012-08-13 14:17:43',NULL,'0000-00-00 00:00:00'),(24,'en','Data updated successfully',1,'2012-06-18 16:17:00',NULL,'0000-00-00 00:00:00'),(24,'id','Pengubahan data berhasil',1,'2012-06-18 16:17:00',NULL,'0000-00-00 00:00:00'),(25,'en','Data update fail',1,'2012-11-07 11:44:22',NULL,'0000-00-00 00:00:00'),(25,'id','Pengubahan data gagal',1,'2012-11-07 11:44:22',NULL,'0000-00-00 00:00:00'),(26,'en','of',1,'2012-06-18 19:44:06',NULL,'0000-00-00 00:00:00'),(26,'id','dari',1,'2012-06-18 19:44:06',NULL,'0000-00-00 00:00:00'),(27,'en','Edit',1,'2012-11-07 13:15:27',NULL,'0000-00-00 00:00:00'),(27,'id','Edit',1,'2012-11-07 13:15:27',NULL,'0000-00-00 00:00:00'),(28,'en','Data deleted successfully',4,'2012-10-17 09:53:59',NULL,'0000-00-00 00:00:00'),(28,'id','Penghapusan data berhasil',4,'2012-10-17 09:53:59',NULL,'0000-00-00 00:00:00'),(29,'en','Data deletion failed',1,'2012-06-19 07:47:40',NULL,'0000-00-00 00:00:00'),(29,'id','Penghapusan data gagal',1,'2012-06-19 07:47:40',NULL,'0000-00-00 00:00:00'),(30,'en','Are your sure want to delete data',1,'2012-06-20 09:52:31',NULL,'0000-00-00 00:00:00'),(30,'id','Anda yakin ingin menghapus data',1,'2012-06-20 09:52:31',NULL,'0000-00-00 00:00:00'),(31,'en','Delete Data',1,'2012-06-20 09:25:36',NULL,'0000-00-00 00:00:00'),(31,'id','Hapus Data',1,'2012-06-20 09:25:36',NULL,'0000-00-00 00:00:00'),(32,'en','Data not found',1,'2012-06-20 23:17:11',NULL,'0000-00-00 00:00:00'),(32,'id','Data tidak ditemukan',1,'2012-06-20 23:17:11',NULL,'0000-00-00 00:00:00'),(33,'en','Blood Type',1,'2012-06-21 14:10:29',NULL,'0000-00-00 00:00:00'),(33,'id','Golongan Darah',1,'2012-06-21 14:10:29',NULL,'0000-00-00 00:00:00'),(34,'en','Address Type',1,'2012-06-21 14:15:22',NULL,'0000-00-00 00:00:00'),(34,'id','Tipe Alamat',1,'2012-06-21 14:15:22',NULL,'0000-00-00 00:00:00'),(35,'en','Email Type',1,'2012-06-21 14:31:41',NULL,'0000-00-00 00:00:00'),(35,'id','Tipe Email',1,'2012-06-21 14:31:41',NULL,'0000-00-00 00:00:00'),(36,'en','Active',1,'2012-07-05 14:10:54',NULL,'0000-00-00 00:00:00'),(36,'id','Aktif',1,'2012-07-05 14:10:54',NULL,'0000-00-00 00:00:00'),(37,'en','Not Active',1,'2012-06-21 14:33:54',NULL,'0000-00-00 00:00:00'),(37,'id','Tidak Aktif',1,'2012-06-21 14:33:54',NULL,'0000-00-00 00:00:00'),(38,'en','Description',1,'2012-06-21 17:03:31',NULL,'0000-00-00 00:00:00'),(38,'id','Keterangan',1,'2012-06-21 17:03:31',NULL,'0000-00-00 00:00:00'),(39,'en','Last Modified',1,'2012-06-21 14:39:40',NULL,'0000-00-00 00:00:00'),(39,'id','Update Terakhir',1,'2012-06-21 14:39:40',NULL,'0000-00-00 00:00:00'),(40,'en','Category',1,'2012-06-21 14:41:12',NULL,'0000-00-00 00:00:00'),(40,'id','Kategori',1,'2012-06-21 14:41:12',NULL,'0000-00-00 00:00:00'),(41,'en','Status',1,'2012-06-21 14:42:25',NULL,'0000-00-00 00:00:00'),(41,'id','Status',1,'2012-06-21 14:42:25',NULL,'0000-00-00 00:00:00'),(42,'en','Submitted',1,'2012-09-28 15:04:02',NULL,'0000-00-00 00:00:00'),(42,'id','Awal Input',1,'2012-09-28 15:04:02',NULL,'0000-00-00 00:00:00'),(43,'en','Modified',1,'2012-06-21 14:47:39',NULL,'0000-00-00 00:00:00'),(43,'id','Ubah',1,'2012-06-21 14:47:39',NULL,'0000-00-00 00:00:00'),(44,'en','Last Option',1,'2012-06-21 14:52:15',NULL,'0000-00-00 00:00:00'),(44,'id','Pilihan Terakhir',1,'2012-06-21 14:52:15',NULL,'0000-00-00 00:00:00'),(45,'en','Business Sector',1,'2012-06-21 15:42:18',NULL,'0000-00-00 00:00:00'),(45,'id','Sektor Usaha',1,'2012-06-21 15:42:18',NULL,'0000-00-00 00:00:00'),(46,'en','Driving License Type',1,'2012-06-21 16:19:45',NULL,'0000-00-00 00:00:00'),(46,'id','Jenis SIM',1,'2012-06-21 16:19:45',NULL,'0000-00-00 00:00:00'),(47,'en','Funds',1,'2012-09-28 18:14:38',NULL,'0000-00-00 00:00:00'),(47,'id','Sumber Dana',1,'2012-09-28 18:14:38',NULL,'0000-00-00 00:00:00'),(48,'en','Hotel Type',1,'2012-06-22 08:02:55',NULL,'0000-00-00 00:00:00'),(48,'id','Jenis Hotel',1,'2012-06-22 08:02:55',NULL,'0000-00-00 00:00:00'),(49,'en','Identity Type',1,'2012-06-22 08:22:34',NULL,'0000-00-00 00:00:00'),(49,'id','Jenis Identitas',1,'2012-06-22 08:22:34',NULL,'0000-00-00 00:00:00'),(50,'en','Other Identity Type',1,'2012-06-22 08:59:46',NULL,'0000-00-00 00:00:00'),(50,'id','Jenis Identitas Lain',1,'2012-06-22 08:59:46',NULL,'0000-00-00 00:00:00'),(51,'en','Bank Type',1,'2012-06-22 09:46:09',NULL,'0000-00-00 00:00:00'),(51,'id','Jenis Bank',1,'2012-06-22 09:46:09',NULL,'0000-00-00 00:00:00'),(52,'en','Phone',1,'2012-06-22 10:04:32',NULL,'0000-00-00 00:00:00'),(52,'id','Telepon',1,'2012-06-22 10:04:32',NULL,'0000-00-00 00:00:00'),(53,'en','Address',1,'2012-06-22 10:05:38',NULL,'0000-00-00 00:00:00'),(53,'id','Alamat',1,'2012-06-22 10:05:38',NULL,'0000-00-00 00:00:00'),(54,'en','Faximile',1,'2012-06-22 10:06:57',NULL,'0000-00-00 00:00:00'),(54,'id','Faksimili',1,'2012-06-22 10:06:57',NULL,'0000-00-00 00:00:00'),(55,'en','Country',1,'2012-06-22 11:20:05',NULL,'0000-00-00 00:00:00'),(55,'id','Negara',1,'2012-06-22 11:20:05',NULL,'0000-00-00 00:00:00'),(56,'en','Capital',1,'2012-06-22 11:21:04',NULL,'0000-00-00 00:00:00'),(56,'id','Modal',1,'2012-06-22 11:21:04',NULL,'0000-00-00 00:00:00'),(57,'en','Region',8,'2012-11-07 14:02:05',NULL,'0000-00-00 00:00:00'),(57,'id','Region',8,'2012-11-07 14:02:05',NULL,'0000-00-00 00:00:00'),(58,'en','Nationality (Singular)',1,'2012-11-07 12:08:27',NULL,'0000-00-00 00:00:00'),(58,'id','Kewarganegaraan (Tunggal)',1,'2012-11-07 12:08:27',NULL,'0000-00-00 00:00:00'),(59,'en','Nationality (Plural)',1,'2012-11-07 12:08:10',NULL,'0000-00-00 00:00:00'),(59,'id','Kewarganegaraan (Jamak)',1,'2012-11-07 12:08:10',NULL,'0000-00-00 00:00:00'),(60,'en','Currency',1,'2012-06-22 11:23:29',NULL,'0000-00-00 00:00:00'),(60,'id','Mata Uang',1,'2012-06-22 11:23:29',NULL,'0000-00-00 00:00:00'),(61,'en','Currency Code',1,'2012-06-22 11:23:57',NULL,'0000-00-00 00:00:00'),(61,'id','Kode Mata Uang',1,'2012-06-22 11:23:57',NULL,'0000-00-00 00:00:00'),(62,'en','State',1,'2012-06-22 13:42:27',NULL,'0000-00-00 00:00:00'),(62,'id','Propinsi/Negara Bagian',1,'2012-06-22 13:42:27',NULL,'0000-00-00 00:00:00'),(63,'en','Bank',1,'2012-06-23 08:08:23',NULL,'0000-00-00 00:00:00'),(63,'id','Bank',1,'2012-06-23 08:08:23',NULL,'0000-00-00 00:00:00'),(64,'en','Company',1,'2012-06-23 08:11:56',NULL,'0000-00-00 00:00:00'),(64,'id','Perusahaan',1,'2012-06-23 08:11:56',NULL,'0000-00-00 00:00:00'),(65,'en','City',8,'2012-11-07 15:31:11',NULL,'0000-00-00 00:00:00'),(65,'id','Kota/Kabupaten',8,'2012-11-07 15:31:11',NULL,'0000-00-00 00:00:00'),(66,'en','Latitude',1,'2012-06-23 08:20:32',NULL,'0000-00-00 00:00:00'),(66,'id','Lintang',1,'2012-06-23 08:20:32',NULL,'0000-00-00 00:00:00'),(67,'en','Longitude',1,'2012-06-23 08:21:01',NULL,'0000-00-00 00:00:00'),(67,'id','Garis Bujur',1,'2012-06-23 08:21:01',NULL,'0000-00-00 00:00:00'),(68,'en','Timezone',1,'2012-06-23 08:22:22',NULL,'0000-00-00 00:00:00'),(68,'id','Zona Waktu',1,'2012-06-23 08:22:22',NULL,'0000-00-00 00:00:00'),(69,'en','Sub District',1,'2012-06-23 08:31:29',NULL,'0000-00-00 00:00:00'),(69,'id','Kecamatan',1,'2012-06-23 08:31:29',NULL,'0000-00-00 00:00:00'),(70,'en','Instant Messaging Type',1,'2012-06-23 08:42:27',NULL,'0000-00-00 00:00:00'),(70,'id','Jenis Instant Messaging',1,'2012-06-23 08:42:27',NULL,'0000-00-00 00:00:00'),(71,'en','Icon Path',1,'2012-06-23 08:43:38',NULL,'0000-00-00 00:00:00'),(71,'id','Path Ikon',1,'2012-06-23 08:43:38',NULL,'0000-00-00 00:00:00'),(72,'en','Icon Type',1,'2012-06-23 08:43:55',NULL,'0000-00-00 00:00:00'),(72,'id','Jenis Ikon',1,'2012-06-23 08:43:55',NULL,'0000-00-00 00:00:00'),(73,'en','Icon Size',1,'2012-06-23 08:44:15',NULL,'0000-00-00 00:00:00'),(73,'id','Ukuran Ikon',1,'2012-06-23 08:44:15',NULL,'0000-00-00 00:00:00'),(74,'en','Parent',1,'2012-06-23 09:24:04',NULL,'0000-00-00 00:00:00'),(74,'id','Induk',1,'2012-06-23 09:24:04',NULL,'0000-00-00 00:00:00'),(75,'en','KBLI',1,'2012-06-23 09:31:52',NULL,'0000-00-00 00:00:00'),(75,'id','KBLI',1,'2012-06-23 09:31:52',NULL,'0000-00-00 00:00:00'),(77,'en','Marital Code',1,'2012-06-23 10:44:13',NULL,'0000-00-00 00:00:00'),(77,'id','Kode Nikah',1,'2012-06-23 10:44:13',NULL,'0000-00-00 00:00:00'),(78,'en','Ownership',1,'2012-06-23 12:40:08',NULL,'0000-00-00 00:00:00'),(78,'id','Kepemilikan',1,'2012-06-23 12:40:08',NULL,'0000-00-00 00:00:00'),(79,'en','Phone Type',1,'2012-06-23 12:59:57',NULL,'0000-00-00 00:00:00'),(79,'id','Jenis Komunikasi',1,'2012-06-23 12:59:57',NULL,'0000-00-00 00:00:00'),(80,'en','Photo Type',1,'2012-06-23 13:16:11',NULL,'0000-00-00 00:00:00'),(80,'id','Jenis Foto',1,'2012-06-23 13:16:11',NULL,'0000-00-00 00:00:00'),(81,'en','Religion',1,'2012-06-23 13:26:25',NULL,'0000-00-00 00:00:00'),(81,'id','Agama',1,'2012-06-23 13:26:25',NULL,'0000-00-00 00:00:00'),(82,'en','Unit',1,'2012-10-11 14:25:38',NULL,'0000-00-00 00:00:00'),(82,'id','Unit',1,'2012-10-11 14:25:39',NULL,'0000-00-00 00:00:00'),(83,'en','Units',1,'2012-06-23 13:33:51',NULL,'0000-00-00 00:00:00'),(83,'id','Satuan',1,'2012-06-23 13:33:51',NULL,'0000-00-00 00:00:00'),(84,'en','Salutation',1,'2012-06-23 18:36:26',NULL,'0000-00-00 00:00:00'),(84,'id','Sapaan',1,'2012-06-23 18:36:26',NULL,'0000-00-00 00:00:00'),(85,'en','Social Media Account',1,'2012-09-28 15:27:58',NULL,'0000-00-00 00:00:00'),(85,'id','Akun Jejaring Sosial',1,'2012-09-28 15:27:58',NULL,'0000-00-00 00:00:00'),(86,'en','Area',1,'2012-08-15 13:37:15',NULL,'0000-00-00 00:00:00'),(86,'id','Area/Wilayah',1,'2012-08-15 13:37:15',NULL,'0000-00-00 00:00:00'),(87,'en','Code/Name/Barcode',1,'2012-06-25 10:49:33',NULL,'0000-00-00 00:00:00'),(87,'id','Kode/Nama/Barcode',1,'2012-06-25 10:49:33',NULL,'0000-00-00 00:00:00'),(88,'en','Transportation Type',1,'2012-06-25 11:43:52',NULL,'0000-00-00 00:00:00'),(88,'id','Jenis Transportasi',1,'2012-06-25 11:43:52',NULL,'0000-00-00 00:00:00'),(89,'en','External Code',1,'2012-09-25 14:04:49',NULL,'0000-00-00 00:00:00'),(89,'id','Kode Pemesanan Ke Supplier',1,'2012-09-25 14:04:49',NULL,'0000-00-00 00:00:00'),(90,'en','Formal Education Type',1,'2012-06-25 14:11:22',NULL,'0000-00-00 00:00:00'),(90,'id','Jenis Pendidikan Formal',1,'2012-06-25 14:11:22',NULL,'0000-00-00 00:00:00'),(91,'en','Is Grade',1,'2012-06-25 14:11:46',NULL,'0000-00-00 00:00:00'),(91,'id','Berjenjang',1,'2012-06-25 14:11:46',NULL,'0000-00-00 00:00:00'),(92,'en','Order',1,'2012-06-25 14:12:05',NULL,'0000-00-00 00:00:00'),(92,'id','Urutan',1,'2012-06-25 14:12:05',NULL,'0000-00-00 00:00:00'),(93,'en','External Name',1,'2012-09-25 14:05:14',NULL,'0000-00-00 00:00:00'),(93,'id','Nama Pemesanan Ke Supplier',1,'2012-09-25 14:05:14',NULL,'0000-00-00 00:00:00'),(94,'en','Function',1,'2012-06-25 14:15:48',NULL,'0000-00-00 00:00:00'),(94,'id','Fungsi',1,'2012-06-25 14:15:48',NULL,'0000-00-00 00:00:00'),(95,'en','Formal Education Level',1,'2012-06-25 14:37:45',NULL,'0000-00-00 00:00:00'),(95,'id','Tingkat Pendidikan Formal',1,'2012-06-25 14:37:45',NULL,'0000-00-00 00:00:00'),(96,'en','Formal Education Grade',1,'2012-06-25 15:22:49',NULL,'0000-00-00 00:00:00'),(96,'id','Jenjang Pendidikan Formal',1,'2012-06-25 15:22:50',NULL,'0000-00-00 00:00:00'),(97,'en','Informal Education Type',1,'2012-06-25 16:05:08',NULL,'0000-00-00 00:00:00'),(97,'id','Jenis Pendidikan Informal',1,'2012-06-25 16:05:08',NULL,'0000-00-00 00:00:00'),(98,'en','Minimal Order TO Supplier',1,'2012-09-21 08:16:18',NULL,'0000-00-00 00:00:00'),(98,'id','Minimal Pemesanan Ke Supplier',1,'2012-09-21 08:16:18',NULL,'0000-00-00 00:00:00'),(99,'en','Minimal Stock',1,'2012-09-21 08:17:08',NULL,'0000-00-00 00:00:00'),(99,'id','Batas Minimal Stock',1,'2012-09-21 08:17:08',NULL,'0000-00-00 00:00:00'),(100,'en','Over Stock',1,'2012-06-25 16:37:00',NULL,'0000-00-00 00:00:00'),(100,'id','Batas Maksimal Stok',1,'2012-06-25 16:37:00',NULL,'0000-00-00 00:00:00'),(101,'en','Sell Margin',1,'2012-06-25 16:38:48',NULL,'0000-00-00 00:00:00'),(101,'id','Keuntungan Jual',1,'2012-06-25 16:38:48',NULL,'0000-00-00 00:00:00'),(102,'en','Taxable Goods',1,'2012-09-21 08:19:51',NULL,'0000-00-00 00:00:00'),(102,'id','Barang Kena Pajak',1,'2012-09-21 08:19:51',NULL,'0000-00-00 00:00:00'),(103,'en','Goods Can Be Discounted',1,'2012-09-21 08:31:47',NULL,'0000-00-00 00:00:00'),(103,'id','Barang Bisa Didiskon',1,'2012-09-21 08:31:47',NULL,'0000-00-00 00:00:00'),(104,'en','Warehouse Units',1,'2012-06-25 16:41:29',NULL,'0000-00-00 00:00:00'),(104,'id','Satuan Gudang',1,'2012-06-25 16:41:29',NULL,'0000-00-00 00:00:00'),(105,'en','Supplier Unit',1,'2012-09-25 14:20:00',NULL,'0000-00-00 00:00:00'),(105,'id','Satuan Pembelian Ke Supplier',1,'2012-09-25 14:20:00',NULL,'0000-00-00 00:00:00'),(106,'en','Conversion',1,'2012-06-25 16:42:46',NULL,'0000-00-00 00:00:00'),(106,'id','Konversi',1,'2012-06-25 16:42:46',NULL,'0000-00-00 00:00:00'),(107,'en','Brand',1,'2012-06-25 16:44:35',NULL,'0000-00-00 00:00:00'),(107,'id','Merk',1,'2012-06-25 16:44:35',NULL,'0000-00-00 00:00:00'),(108,'en','Size',1,'2012-06-25 16:45:01',NULL,'0000-00-00 00:00:00'),(108,'id','Ukuran',1,'2012-06-25 16:45:01',NULL,'0000-00-00 00:00:00'),(110,'en','Colour',1,'2012-06-25 16:45:17',NULL,'0000-00-00 00:00:00'),(110,'id','Warna',1,'2012-06-25 16:45:17',NULL,'0000-00-00 00:00:00'),(111,'en','Dosage Form',1,'2012-06-25 16:46:33',NULL,'0000-00-00 00:00:00'),(111,'id','Jenis Sediaan',1,'2012-06-25 16:46:33',NULL,'0000-00-00 00:00:00'),(112,'en','Default Price',1,'2012-06-25 16:47:21',NULL,'0000-00-00 00:00:00'),(112,'id','Harga Default',1,'2012-06-25 16:47:21',NULL,'0000-00-00 00:00:00'),(113,'en','Vendor',1,'2012-06-26 08:18:52',NULL,'0000-00-00 00:00:00'),(113,'id','Vendor',1,'2012-06-26 08:18:52',NULL,'0000-00-00 00:00:00'),(114,'en','Sell Price',1,'2012-06-26 08:22:27',NULL,'0000-00-00 00:00:00'),(114,'id','Harga Jual',1,'2012-06-26 08:22:27',NULL,'0000-00-00 00:00:00'),(115,'en','Internal Price',1,'2012-06-26 08:23:44',NULL,'0000-00-00 00:00:00'),(115,'id','Harga Internal',1,'2012-06-26 08:23:44',NULL,'0000-00-00 00:00:00'),(116,'en','Warehouse Price',1,'2012-06-26 08:24:22',NULL,'0000-00-00 00:00:00'),(116,'id','Harga Gudang',1,'2012-06-26 08:24:22',NULL,'0000-00-00 00:00:00'),(118,'en','Packet Type',1,'2012-06-26 08:25:40',NULL,'0000-00-00 00:00:00'),(118,'id','Tipe Paket',1,'2012-06-26 08:25:40',NULL,'0000-00-00 00:00:00'),(119,'en','Yes',1,'2012-06-26 08:26:32',NULL,'0000-00-00 00:00:00'),(119,'id','Ya',1,'2012-06-26 08:26:32',NULL,'0000-00-00 00:00:00'),(120,'en','No',1,'2012-06-26 08:26:43',NULL,'0000-00-00 00:00:00'),(120,'id','Tidak',1,'2012-06-26 08:26:43',NULL,'0000-00-00 00:00:00'),(121,'en','Component',1,'2012-06-26 08:27:15',NULL,'0000-00-00 00:00:00'),(121,'id','Komponen',1,'2012-06-26 08:27:15',NULL,'0000-00-00 00:00:00'),(122,'en','Amount',1,'2012-06-26 08:27:48',NULL,'0000-00-00 00:00:00'),(122,'id','Jumlah',1,'2012-06-26 08:27:48',NULL,'0000-00-00 00:00:00'),(123,'en','PLU/Barcode',1,'2012-09-21 08:11:54',NULL,'0000-00-00 00:00:00'),(123,'id','PLU/Barcode',1,'2012-09-21 08:11:54',NULL,'0000-00-00 00:00:00'),(124,'en','Warehouse Conversion',1,'2012-06-26 08:44:52',NULL,'0000-00-00 00:00:00'),(124,'id','Konversi Gudang',1,'2012-06-26 08:44:52',NULL,'0000-00-00 00:00:00'),(125,'en','Supplier Conversion',1,'2012-06-26 08:46:17',NULL,'0000-00-00 00:00:00'),(125,'id','Konversi Supplier',1,'2012-06-26 08:46:17',NULL,'0000-00-00 00:00:00'),(126,'en','Packet',1,'2012-06-26 08:48:18',NULL,'0000-00-00 00:00:00'),(126,'id','Paket',1,'2012-06-26 08:48:18',NULL,'0000-00-00 00:00:00'),(127,'en','Package',1,'2012-06-26 10:10:06',NULL,'0000-00-00 00:00:00'),(127,'id','Paket',1,'2012-06-26 10:10:06',NULL,'0000-00-00 00:00:00'),(128,'en','halo %s',NULL,'0000-00-00 00:00:00',NULL,'0000-00-00 00:00:00'),(128,'id','halo %s',NULL,'0000-00-00 00:00:00',NULL,'0000-00-00 00:00:00'),(129,'en','Branch',1,'2012-06-26 13:56:06',NULL,'0000-00-00 00:00:00'),(129,'id','Cabang',1,'2012-06-26 13:56:06',NULL,'0000-00-00 00:00:00'),(130,'en','From',1,'2012-06-26 14:04:21',NULL,'0000-00-00 00:00:00'),(130,'id','Dari',1,'2012-06-26 14:04:21',NULL,'0000-00-00 00:00:00'),(131,'en','To',1,'2012-06-26 14:04:31',NULL,'0000-00-00 00:00:00'),(131,'id','Kepada',1,'2012-06-26 14:04:31',NULL,'0000-00-00 00:00:00'),(132,'en','Goods',1,'2012-06-26 14:04:50',NULL,'0000-00-00 00:00:00'),(132,'id','Barang',1,'2012-06-26 14:04:50',NULL,'0000-00-00 00:00:00'),(133,'en','Date',1,'2012-06-26 14:05:09',NULL,'0000-00-00 00:00:00'),(133,'id','Tanggal',1,'2012-06-26 14:05:09',NULL,'0000-00-00 00:00:00'),(134,'en','Remarks',1,'2012-06-26 14:07:20',NULL,'0000-00-00 00:00:00'),(134,'id','Keterangan',1,'2012-06-26 14:07:20',NULL,'0000-00-00 00:00:00'),(135,'en','Stock',1,'2012-06-26 14:10:07',NULL,'0000-00-00 00:00:00'),(135,'id','Stok',1,'2012-06-26 14:10:07',NULL,'0000-00-00 00:00:00'),(136,'en','Send Date',1,'2012-06-26 14:11:12',NULL,'0000-00-00 00:00:00'),(136,'id','Tanggal Kirim',1,'2012-06-26 14:11:12',NULL,'0000-00-00 00:00:00'),(137,'en','Request',1,'2012-06-26 14:12:07',NULL,'0000-00-00 00:00:00'),(137,'id','Permintaan',1,'2012-06-26 14:12:07',NULL,'0000-00-00 00:00:00'),(138,'en','Discount',1,'2012-06-26 14:12:59',NULL,'0000-00-00 00:00:00'),(138,'id','Diskon',1,'2012-06-26 14:12:59',NULL,'0000-00-00 00:00:00'),(139,'en','Total',1,'2012-06-26 14:13:12',NULL,'0000-00-00 00:00:00'),(139,'id','Total',1,'2012-06-26 14:13:12',NULL,'0000-00-00 00:00:00'),(140,'en','VAT',1,'2012-06-26 14:58:28',NULL,'0000-00-00 00:00:00'),(140,'id','VAT',1,'2012-06-26 14:58:28',NULL,'0000-00-00 00:00:00'),(141,'en','Informal Education Organizer',1,'2012-06-27 08:30:42',NULL,'0000-00-00 00:00:00'),(141,'id','Penyelenggara Pendidikan Informal',1,'2012-06-27 08:30:42',NULL,'0000-00-00 00:00:00'),(142,'en','Nonformal Education Type',1,'2012-06-27 08:50:36',NULL,'0000-00-00 00:00:00'),(142,'id','Jenis Pendidikan Nonformal',1,'2012-06-27 08:50:36',NULL,'0000-00-00 00:00:00'),(143,'en','Nonformal Education Organizer',1,'2012-06-27 10:09:35',NULL,'0000-00-00 00:00:00'),(143,'id','Penyelenggara Pendidikan Nonformal',1,'2012-06-27 10:09:35',NULL,'0000-00-00 00:00:00'),(144,'en','Organization Type',1,'2012-06-27 10:31:27',NULL,'0000-00-00 00:00:00'),(144,'id','Jenis Organisasi',1,'2012-06-27 10:31:27',NULL,'0000-00-00 00:00:00'),(145,'en','Organization Level',1,'2012-06-27 11:18:50',NULL,'0000-00-00 00:00:00'),(145,'id','Tingkat Organisasi',1,'2012-06-27 11:18:50',NULL,'0000-00-00 00:00:00'),(146,'en','Referral Type',1,'2012-06-27 13:52:02',NULL,'0000-00-00 00:00:00'),(146,'id','Jenis Relasi',1,'2012-06-27 13:52:02',NULL,'0000-00-00 00:00:00'),(147,'en','Language Type',1,'2012-06-27 14:05:41',NULL,'0000-00-00 00:00:00'),(147,'id','Jenis Bahasa',1,'2012-06-27 14:05:41',NULL,'0000-00-00 00:00:00'),(148,'en','Language Fluent Type',1,'2012-06-27 14:19:28',NULL,'0000-00-00 00:00:00'),(148,'id','Jenis Kefasihan Bahasa',1,'2012-06-27 14:19:28',NULL,'0000-00-00 00:00:00'),(149,'en','Language Quality Type',1,'2012-06-27 14:29:07',NULL,'0000-00-00 00:00:00'),(149,'id','Jenis Kualitas Bahasa',1,'2012-06-27 14:29:07',NULL,'0000-00-00 00:00:00'),(150,'en','Language Certificate Type',1,'2012-06-27 14:50:10',NULL,'0000-00-00 00:00:00'),(150,'id','Jenis Sertifikat Bahasa',1,'2012-06-27 14:50:10',NULL,'0000-00-00 00:00:00'),(151,'en','Technical Type',1,'2012-06-27 15:09:26',NULL,'0000-00-00 00:00:00'),(151,'id','Jenis Teknis',1,'2012-06-27 15:09:26',NULL,'0000-00-00 00:00:00'),(152,'en','Technical Quality Type',1,'2012-06-27 15:17:26',NULL,'0000-00-00 00:00:00'),(152,'id','Jenis Kualitas Teknis',1,'2012-06-27 15:17:26',NULL,'0000-00-00 00:00:00'),(153,'en','Structural Position Type',1,'2012-06-27 15:30:42',NULL,'0000-00-00 00:00:00'),(153,'id','Jenis Jabatan Struktural',1,'2012-06-27 15:30:42',NULL,'0000-00-00 00:00:00'),(154,'en','Goods Category ',1,'2012-10-01 10:05:07',NULL,'0000-00-00 00:00:00'),(154,'id','Kategori Barang',1,'2012-10-01 10:05:07',NULL,'0000-00-00 00:00:00'),(155,'en','Purchase Status',1,'2012-06-28 10:18:25',NULL,'0000-00-00 00:00:00'),(155,'id','Status Pembelian',1,'2012-06-28 10:18:25',NULL,'0000-00-00 00:00:00'),(156,'en','Medic Status',1,'2012-06-28 10:19:26',NULL,'0000-00-00 00:00:00'),(156,'id','Status Medis',1,'2012-06-28 10:19:26',NULL,'0000-00-00 00:00:00'),(157,'en','Functional Position Type',1,'2012-06-28 14:01:38',NULL,'0000-00-00 00:00:00'),(157,'id','Jenis Jabatan Fungsional',1,'2012-06-28 14:01:38',NULL,'0000-00-00 00:00:00'),(158,'en','Symbol',1,'2012-06-28 16:13:55',NULL,'0000-00-00 00:00:00'),(158,'id','Simbol',1,'2012-06-28 16:13:55',NULL,'0000-00-00 00:00:00'),(159,'en','Currency has been entered',1,'2012-06-29 08:31:51',NULL,'0000-00-00 00:00:00'),(159,'id','Mata Uang sudah pernah dimasukkan',1,'2012-06-29 08:31:51',NULL,'0000-00-00 00:00:00'),(160,'en','Exchange Source',1,'2012-06-29 09:00:03',NULL,'0000-00-00 00:00:00'),(160,'id','Sumber Kurs',1,'2012-06-29 09:00:03',NULL,'0000-00-00 00:00:00'),(161,'en','Begin Date',1,'2012-06-29 09:34:54',NULL,'0000-00-00 00:00:00'),(161,'id','Tanggal Mulai',1,'2012-06-29 09:34:54',NULL,'0000-00-00 00:00:00'),(162,'en','End Date',1,'2012-06-29 09:35:12',NULL,'0000-00-00 00:00:00'),(162,'id','Tanggal Akhir',1,'2012-06-29 09:35:12',NULL,'0000-00-00 00:00:00'),(163,'en','Exchange Rate',1,'2012-06-29 09:35:40',NULL,'0000-00-00 00:00:00'),(163,'id','Tarif Kurs',1,'2012-06-29 09:35:40',NULL,'0000-00-00 00:00:00'),(164,'en','Buy',1,'2012-06-29 09:36:02',NULL,'0000-00-00 00:00:00'),(164,'id','Beli',1,'2012-06-29 09:36:02',NULL,'0000-00-00 00:00:00'),(165,'en','Sell',1,'2012-06-29 09:36:13',NULL,'0000-00-00 00:00:00'),(165,'id','Jual',1,'2012-06-29 09:36:13',NULL,'0000-00-00 00:00:00'),(166,'en','Period',1,'2012-06-29 09:36:58',NULL,'0000-00-00 00:00:00'),(166,'id','Periode',1,'2012-06-29 09:36:58',NULL,'0000-00-00 00:00:00'),(167,'en','Update Kurs Currency',1,'2012-06-29 10:28:54',NULL,'0000-00-00 00:00:00'),(167,'id','Perbarui Kurs Mata Uang',1,'2012-06-29 10:28:54',NULL,'0000-00-00 00:00:00'),(168,'en','Need to be Updated',1,'2012-06-29 11:29:57',NULL,'0000-00-00 00:00:00'),(168,'id','Perlu diperbarui',1,'2012-06-29 11:29:57',NULL,'0000-00-00 00:00:00'),(169,'en','Last Modified',1,'2012-09-28 15:02:09',NULL,'0000-00-00 00:00:00'),(169,'id','Ubahan Terakhir',1,'2012-09-28 15:02:09',NULL,'0000-00-00 00:00:00'),(170,'en','Activated the currency data',1,'2012-06-29 13:52:11',NULL,'0000-00-00 00:00:00'),(170,'id','Aktifkan data Mata Uang',1,'2012-06-29 13:52:11',NULL,'0000-00-00 00:00:00'),(171,'en','Source',1,'2012-06-29 14:04:35',NULL,'0000-00-00 00:00:00'),(171,'id','Sumber',1,'2012-06-29 14:04:35',NULL,'0000-00-00 00:00:00'),(172,'en','Draft Qty',1,'2012-10-01 10:03:48',NULL,'0000-00-00 00:00:00'),(172,'id','Jumlah Draft',1,'2012-10-01 10:03:48',NULL,'0000-00-00 00:00:00'),(173,'en','Master',1,'2012-07-02 08:14:02',NULL,'0000-00-00 00:00:00'),(173,'id','Master',1,'2012-07-02 08:14:02',NULL,'0000-00-00 00:00:00'),(174,'en','Passport Type',1,'2012-07-02 08:23:03',NULL,'0000-00-00 00:00:00'),(174,'id','Jenis Passport',1,'2012-07-02 08:23:03',NULL,'0000-00-00 00:00:00'),(175,'en','Project Type',1,'2012-07-02 08:29:01',NULL,'0000-00-00 00:00:00'),(175,'id','Jenis Proyek',1,'2012-07-02 08:29:01',NULL,'0000-00-00 00:00:00'),(176,'en','Training Approach',1,'2012-07-02 08:33:59',NULL,'0000-00-00 00:00:00'),(176,'id','Pendekatan Pelatihan',1,'2012-07-02 08:33:59',NULL,'0000-00-00 00:00:00'),(177,'en','Training Needs',1,'2012-07-02 08:43:22',NULL,'0000-00-00 00:00:00'),(177,'id','Kebutuhan Pelatihan',1,'2012-07-02 08:43:22',NULL,'0000-00-00 00:00:00'),(178,'en','History Rate',1,'2012-07-02 08:59:05',NULL,'0000-00-00 00:00:00'),(178,'id','Riwayat Kurs',1,'2012-07-02 08:59:05',NULL,'0000-00-00 00:00:00'),(179,'en','Rate',1,'2012-07-02 08:59:30',NULL,'0000-00-00 00:00:00'),(179,'id','Harga',1,'2012-07-02 08:59:30',NULL,'0000-00-00 00:00:00'),(181,'en','History',1,'2012-07-02 08:59:54',NULL,'0000-00-00 00:00:00'),(181,'id','Riwayat',1,'2012-07-02 08:59:54',NULL,'0000-00-00 00:00:00'),(182,'en','Seminar Level',1,'2012-07-02 09:03:45',NULL,'0000-00-00 00:00:00'),(182,'id','Tingkat Seminar',1,'2012-07-02 09:03:45',NULL,'0000-00-00 00:00:00'),(183,'en','Certification Field',1,'2012-07-02 09:15:50',NULL,'0000-00-00 00:00:00'),(183,'id','Bidang Sertifikasi',1,'2012-07-02 09:15:50',NULL,'0000-00-00 00:00:00'),(184,'en','Health Insurance Member Status',1,'2012-07-02 09:25:13',NULL,'0000-00-00 00:00:00'),(184,'id','Status Anggota Asuransi Kesehatan',1,'2012-07-02 09:25:13',NULL,'0000-00-00 00:00:00'),(185,'en','Internal Insurance Category',1,'2012-07-02 10:57:08',NULL,'0000-00-00 00:00:00'),(185,'id','Kategori Asuransi Internal',1,'2012-07-02 10:57:08',NULL,'0000-00-00 00:00:00'),(187,'en','Internal Insurance Type',1,'2012-07-02 10:59:02',NULL,'0000-00-00 00:00:00'),(187,'id','Jenis Asuransi Internal',1,'2012-07-02 10:59:02',NULL,'0000-00-00 00:00:00'),(188,'en','Internal Insurance Product',1,'2012-07-02 11:20:39',NULL,'0000-00-00 00:00:00'),(188,'id','Produk Asuransi Internal',1,'2012-07-02 11:20:39',NULL,'0000-00-00 00:00:00'),(189,'en','Internal Insurance Class',1,'2012-07-02 11:59:40',NULL,'0000-00-00 00:00:00'),(189,'id','Kelas Asuransi Internal',1,'2012-07-02 11:59:40',NULL,'0000-00-00 00:00:00'),(190,'en','Internal Insurance Plafon',1,'2012-07-02 13:34:10',NULL,'0000-00-00 00:00:00'),(190,'id','Plafon Asuransi Internal',1,'2012-07-02 13:34:10',NULL,'0000-00-00 00:00:00'),(191,'en','Internal Insurance Reference Type',1,'2012-07-02 13:53:30',NULL,'0000-00-00 00:00:00'),(191,'id','Jenis Referensi Asuransi Internal',1,'2012-07-02 13:53:30',NULL,'0000-00-00 00:00:00'),(192,'en','External Insurance Category',1,'2012-07-02 15:38:52',NULL,'0000-00-00 00:00:00'),(192,'id','Kategori Asuransi Eksternal',1,'2012-07-02 15:38:52',NULL,'0000-00-00 00:00:00'),(194,'en','External Insurance Type',1,'2012-07-02 16:13:36',NULL,'0000-00-00 00:00:00'),(194,'id','Jenis Asuransi Eksternal',1,'2012-07-02 16:13:36',NULL,'0000-00-00 00:00:00'),(195,'en','Is Locked',1,'2012-07-03 08:34:44',NULL,'0000-00-00 00:00:00'),(195,'id','Terkunci',1,'2012-07-03 08:34:44',NULL,'0000-00-00 00:00:00'),(196,'en','The %s field is required.',1,'2012-07-03 09:43:11',NULL,'0000-00-00 00:00:00'),(196,'id','Field %s harus diisi.',1,'2012-07-03 09:43:11',NULL,'0000-00-00 00:00:00'),(197,'en','The %s field must have a value.',1,'2012-07-03 09:43:40',NULL,'0000-00-00 00:00:00'),(197,'id','Field %s harus dipilih.',1,'2012-07-03 09:43:40',NULL,'0000-00-00 00:00:00'),(198,'en','The %s field must contain a valid email address.',1,'2012-07-03 09:44:04',NULL,'0000-00-00 00:00:00'),(198,'id','Field %s harus diisi dengan alamat email yang benar.',1,'2012-07-03 09:44:04',NULL,'0000-00-00 00:00:00'),(199,'en','The %s field must contain all valid email addresses.',1,'2012-07-03 09:44:31',NULL,'0000-00-00 00:00:00'),(199,'id','Field %s harus diisi dengan alamat-alamat email yang benar.',1,'2012-07-03 09:44:31',NULL,'0000-00-00 00:00:00'),(200,'en','The %s field must contain a valid URL.',1,'2012-07-03 09:44:59',NULL,'0000-00-00 00:00:00'),(200,'id','Field %s harus diisi dengan URL yang benar.',1,'2012-07-03 09:44:59',NULL,'0000-00-00 00:00:00'),(201,'en','The %s field must contain a valid IP.',1,'2012-07-03 10:07:51',NULL,'0000-00-00 00:00:00'),(201,'id','Field %s harus diisi dengan IP yang benar.',1,'2012-07-03 10:07:51',NULL,'0000-00-00 00:00:00'),(202,'en','The %s field must be at least %s characters in length.',1,'2012-07-03 10:08:13',NULL,'0000-00-00 00:00:00'),(202,'id','Field %s harus diisi dengan sedikitnya %s karakter.',1,'2012-07-03 10:08:13',NULL,'0000-00-00 00:00:00'),(203,'en','The %s field can not exceed %s characters in length.',1,'2012-07-03 10:08:50',NULL,'0000-00-00 00:00:00'),(203,'id','Field %s tidak boleh lebih dari %s karakter.',1,'2012-07-03 10:08:50',NULL,'0000-00-00 00:00:00'),(204,'en','The %s field must be exactly %s characters in length.',1,'2012-07-03 10:09:20',NULL,'0000-00-00 00:00:00'),(204,'id','Field %s harus diisi dengan %s karakter.',1,'2012-07-03 10:09:20',NULL,'0000-00-00 00:00:00'),(205,'en','The %s field may only contain alphabetical characters.',1,'2012-07-03 10:09:39',NULL,'0000-00-00 00:00:00'),(205,'id','Field %s hanya boleh diisi dengan karakter alfabet.',1,'2012-07-03 10:09:39',NULL,'0000-00-00 00:00:00'),(206,'en','The %s field may only contain alpha-numeric characters.',1,'2012-07-03 10:09:59',NULL,'0000-00-00 00:00:00'),(206,'id','Field %s hanya boleh diisi dengan karakter alpha-numeric.',1,'2012-07-03 10:09:59',NULL,'0000-00-00 00:00:00'),(207,'en','The %s field may only contain alpha-numeric characters, underscores, and dashes.',1,'2012-07-03 10:10:32',NULL,'0000-00-00 00:00:00'),(207,'id','Field %s hanya boleh diisi dengan karakter alpha-numeric, garis bawah, dan tanda pisah (-).',1,'2012-07-03 10:10:32',NULL,'0000-00-00 00:00:00'),(208,'en','The %s field must contain only numbers.',1,'2012-07-03 10:11:27',NULL,'0000-00-00 00:00:00'),(208,'id','Field %s hanya boleh diisi dengan angka.',1,'2012-07-03 10:11:27',NULL,'0000-00-00 00:00:00'),(209,'en','The %s field must contain only numeric characters.',1,'2012-07-03 10:13:19',NULL,'0000-00-00 00:00:00'),(209,'id','Field %s hanya boleh diisi dengan karakter angka.',1,'2012-07-03 10:13:19',NULL,'0000-00-00 00:00:00'),(210,'en','The %s field must contain an integer.',1,'2012-07-03 10:15:14',NULL,'0000-00-00 00:00:00'),(210,'id','Field %s harus diisi dengan bilangan bulat.',1,'2012-07-03 10:15:14',NULL,'0000-00-00 00:00:00'),(211,'en','The %s field is not in the correct format.',1,'2012-07-03 10:19:02',NULL,'0000-00-00 00:00:00'),(211,'id','Field %s harus diisi dengan pola yang benar.',1,'2012-07-03 10:19:02',NULL,'0000-00-00 00:00:00'),(212,'en','The %s field does not match the %s field.',1,'2012-07-03 10:20:27',NULL,'0000-00-00 00:00:00'),(212,'id','Field %s tidak sesuai dengan field %s.',1,'2012-07-03 10:20:27',NULL,'0000-00-00 00:00:00'),(213,'en','The %s field must contain only positive numbers.',1,'2012-07-03 10:22:42',NULL,'0000-00-00 00:00:00'),(213,'id','Field %s harus diisi dengan bilangan positif.',1,'2012-07-03 10:22:42',NULL,'0000-00-00 00:00:00'),(214,'en','The %s field must contain a number greater than zero.',1,'2012-07-03 10:23:06',NULL,'0000-00-00 00:00:00'),(214,'id','Field %s harus diisi dengan angka lebih besar nol.',1,'2012-07-03 10:23:06',NULL,'0000-00-00 00:00:00'),(215,'en','Select',1,'2012-07-03 15:02:08',NULL,'0000-00-00 00:00:00'),(215,'id','Pilih',1,'2012-07-03 15:02:08',NULL,'0000-00-00 00:00:00'),(216,'en','District',8,'2012-11-07 16:19:09',NULL,'0000-00-00 00:00:00'),(216,'id','Kota/Kabupaten',8,'2012-11-07 16:19:09',NULL,'0000-00-00 00:00:00'),(217,'en','Code %s is not available',1,'2012-07-04 09:46:46',NULL,'0000-00-00 00:00:00'),(217,'id','Kode sudah dipakai',1,'2012-07-04 09:46:46',NULL,'0000-00-00 00:00:00'),(218,'en','Bank Branch',1,'2012-07-04 14:18:54',NULL,'0000-00-00 00:00:00'),(218,'id','Bank Cabang',1,'2012-07-04 14:18:54',NULL,'0000-00-00 00:00:00'),(219,'en','Achievement Level',1,'2012-07-04 14:52:23',NULL,'0000-00-00 00:00:00'),(219,'id','Tingkat Penghargaan',1,'2012-07-04 14:52:23',NULL,'0000-00-00 00:00:00'),(220,'en','Type Short',1,'2012-07-05 08:35:51',NULL,'0000-00-00 00:00:00'),(220,'id','Singkatan',1,'2012-07-05 08:35:51',NULL,'0000-00-00 00:00:00'),(222,'en','File Type',1,'2012-07-05 08:37:21',NULL,'0000-00-00 00:00:00'),(222,'id','Jenis File',1,'2012-07-05 08:37:21',NULL,'0000-00-00 00:00:00'),(224,'en','Internal Reference Type',1,'2012-07-05 08:54:53',NULL,'0000-00-00 00:00:00'),(224,'id','Jenis Referensi Internal',1,'2012-07-05 08:54:53',NULL,'0000-00-00 00:00:00'),(225,'en','Internal Insurance Reference',1,'2012-07-05 10:49:58',NULL,'0000-00-00 00:00:00'),(225,'id','Referensi Asuransi Internal',1,'2012-07-05 10:49:58',NULL,'0000-00-00 00:00:00'),(226,'en','Locked',1,'2012-07-05 14:05:30',NULL,'0000-00-00 00:00:00'),(226,'id','Terkunci',1,'2012-07-05 14:05:30',NULL,'0000-00-00 00:00:00'),(227,'en','Unlocked',1,'2012-07-05 14:05:43',NULL,'0000-00-00 00:00:00'),(227,'id','Tidak Terkunci',1,'2012-07-05 14:05:43',NULL,'0000-00-00 00:00:00'),(228,'en','Icon Now',1,'2012-07-06 14:11:17',NULL,'0000-00-00 00:00:00'),(228,'id','Ikon Sekarang',1,'2012-07-06 14:11:17',NULL,'0000-00-00 00:00:00'),(229,'en','There is No current file',1,'2012-07-06 14:48:58',NULL,'0000-00-00 00:00:00'),(229,'id','Belum ada file',1,'2012-07-06 14:48:58',NULL,'0000-00-00 00:00:00'),(230,'en','Employee Status',1,'2012-07-12 08:59:29',NULL,'0000-00-00 00:00:00'),(230,'id','Status Pegawai',1,'2012-07-12 08:59:29',NULL,'0000-00-00 00:00:00'),(231,'en','Is Active',1,'2012-07-12 09:01:31',NULL,'0000-00-00 00:00:00'),(231,'id','Aktif',1,'2012-07-12 09:01:31',NULL,'0000-00-00 00:00:00'),(232,'en','Is Permanent',1,'2012-07-12 09:21:01',NULL,'0000-00-00 00:00:00'),(232,'id','Tetap',1,'2012-07-12 09:21:01',NULL,'0000-00-00 00:00:00'),(233,'en','Employee Type',1,'2012-07-12 09:22:16',NULL,'0000-00-00 00:00:00'),(233,'id','Jenis Pegawai',1,'2012-07-12 09:22:16',NULL,'0000-00-00 00:00:00'),(234,'en','Further Education File Type',1,'2012-07-12 09:42:15',NULL,'0000-00-00 00:00:00'),(234,'id','Jenis File Pendidikan Lanjutan',1,'2012-07-12 09:42:15',NULL,'0000-00-00 00:00:00'),(235,'en','Grade Type',1,'2012-07-12 09:58:19',NULL,'0000-00-00 00:00:00'),(235,'id','Jenis Golongan',1,'2012-07-12 09:58:19',NULL,'0000-00-00 00:00:00'),(236,'en','Service Determination',1,'2012-07-12 10:17:14',NULL,'0000-00-00 00:00:00'),(236,'id','Penetapan Masa Kerja',1,'2012-07-12 10:17:14',NULL,'0000-00-00 00:00:00'),(237,'en','Work Period Type',1,'2012-07-12 10:30:39',NULL,'0000-00-00 00:00:00'),(237,'id','Jenis Periode Kerja',1,'2012-07-12 10:30:39',NULL,'0000-00-00 00:00:00'),(238,'en','Relationship Type',1,'2012-07-12 11:43:02',NULL,'0000-00-00 00:00:00'),(238,'id','Jenis Hubungan Keluarga',1,'2012-07-12 11:43:02',NULL,'0000-00-00 00:00:00'),(239,'en','Insurance is Covered',1,'2012-07-12 11:54:47',NULL,'0000-00-00 00:00:00'),(239,'id','Ditanggung Asuransi',1,'2012-07-12 11:54:47',NULL,'0000-00-00 00:00:00'),(240,'en','Payroll is Covered',1,'2012-07-12 11:56:38',NULL,'0000-00-00 00:00:00'),(240,'id','Ditanggung Gaji',1,'2012-07-12 11:56:38',NULL,'0000-00-00 00:00:00'),(241,'en','Has Order',1,'2012-07-12 13:17:47',NULL,'0000-00-00 00:00:00'),(241,'id','Diurutkan',1,'2012-07-12 13:17:47',NULL,'0000-00-00 00:00:00'),(242,'en','Relationship Status',1,'2012-07-12 13:59:36',NULL,'0000-00-00 00:00:00'),(242,'id','Status Hubungan Keluarga',1,'2012-07-12 13:59:36',NULL,'0000-00-00 00:00:00'),(243,'en','Employee Form Wizard',1,'2012-07-12 15:48:02',NULL,'0000-00-00 00:00:00'),(243,'id','Penambahan Pegawai',1,'2012-07-12 15:48:02',NULL,'0000-00-00 00:00:00'),(244,'en','Show History',1,'2012-07-12 15:50:02',NULL,'0000-00-00 00:00:00'),(244,'id','Lihat Riwayat',1,'2012-07-12 15:50:02',NULL,'0000-00-00 00:00:00'),(245,'en','Update Kurs',1,'2012-07-12 15:50:31',NULL,'0000-00-00 00:00:00'),(245,'id','Perbaharui Kurs',1,'2012-07-12 15:50:31',NULL,'0000-00-00 00:00:00'),(246,'en','Employee Name',1,'2012-07-12 16:04:56',NULL,'0000-00-00 00:00:00'),(246,'id','Nama Pegawai',1,'2012-07-12 16:04:56',NULL,'0000-00-00 00:00:00'),(248,'en','No',1,'2012-08-14 14:26:03',NULL,'0000-00-00 00:00:00'),(248,'id','Nomor',1,'2012-08-14 14:26:03',NULL,'0000-00-00 00:00:00'),(249,'en','Full Name',1,'2012-07-13 08:15:16',NULL,'0000-00-00 00:00:00'),(249,'id','Nama Lengkap',1,'2012-07-13 08:15:16',NULL,'0000-00-00 00:00:00'),(250,'en','Nick Name',1,'2012-07-13 08:15:32',NULL,'0000-00-00 00:00:00'),(250,'id','Nama Panggilan',1,'2012-07-13 08:15:32',NULL,'0000-00-00 00:00:00'),(252,'en','Title (Prefix)',1,'2012-07-13 08:36:59',NULL,'0000-00-00 00:00:00'),(252,'id','Gelar (Depan)',1,'2012-07-13 08:36:59',NULL,'0000-00-00 00:00:00'),(253,'en','Title (Sufix)',1,'2012-07-13 08:37:10',NULL,'0000-00-00 00:00:00'),(253,'id','Gelar (Belakang)',1,'2012-07-13 08:37:10',NULL,'0000-00-00 00:00:00'),(254,'en','Parent Number',1,'2012-07-13 08:21:49',NULL,'0000-00-00 00:00:00'),(254,'id',' Nomor Induk',1,'2012-07-13 08:21:49',NULL,'0000-00-00 00:00:00'),(255,'en','Presence Number',1,'2012-07-13 08:22:52',NULL,'0000-00-00 00:00:00'),(255,'id','Nomor Presensi',1,'2012-07-13 08:22:52',NULL,'0000-00-00 00:00:00'),(256,'en','Access Code',1,'2012-07-13 08:25:21',NULL,'0000-00-00 00:00:00'),(256,'id','Kode Akses',1,'2012-07-13 08:25:21',NULL,'0000-00-00 00:00:00'),(257,'en','Place of Birth',1,'2012-07-25 11:16:57',NULL,'0000-00-00 00:00:00'),(257,'id','Tempat Lahir',1,'2012-07-25 11:16:57',NULL,'0000-00-00 00:00:00'),(258,'en','Date of Birth ',1,'2012-07-25 11:16:45',NULL,'0000-00-00 00:00:00'),(258,'id','Tanggal Lahir',1,'2012-07-25 11:16:45',NULL,'0000-00-00 00:00:00'),(259,'en','Male',1,'2012-07-13 08:30:05',NULL,'0000-00-00 00:00:00'),(259,'id','Pria',1,'2012-07-13 08:30:05',NULL,'0000-00-00 00:00:00'),(260,'en','Female',1,'2012-07-13 08:30:31',NULL,'0000-00-00 00:00:00'),(260,'id','Wanita',1,'2012-07-13 08:30:31',NULL,'0000-00-00 00:00:00'),(261,'en','Gender',1,'2012-07-13 08:31:48',NULL,'0000-00-00 00:00:00'),(261,'id','Jenis Kelamin',1,'2012-07-13 08:31:48',NULL,'0000-00-00 00:00:00'),(262,'en','Belief',1,'2012-07-13 08:40:13',NULL,'0000-00-00 00:00:00'),(262,'id','Kepercayaan',1,'2012-07-13 08:40:13',NULL,'0000-00-00 00:00:00'),(263,'en','Input on request field cannot zero',1,'2012-07-13 08:50:04',NULL,'0000-00-00 00:00:00'),(263,'id','Nilai input pada kolom permintaan tidak boleh 0',1,'2012-07-13 08:50:04',NULL,'0000-00-00 00:00:00'),(264,'en','Employee Photo',1,'2012-07-13 08:51:48',NULL,'0000-00-00 00:00:00'),(264,'id','Foto Pegawai',1,'2012-07-13 08:51:48',NULL,'0000-00-00 00:00:00'),(265,'en','Preview',1,'2012-11-07 13:52:28',NULL,'0000-00-00 00:00:00'),(265,'id','Preview',1,'2012-11-07 13:52:28',NULL,'0000-00-00 00:00:00'),(266,'en','Attachment',1,'2012-07-13 08:54:13',NULL,'0000-00-00 00:00:00'),(266,'id','Lampiran',1,'2012-07-13 08:54:13',NULL,'0000-00-00 00:00:00'),(267,'en','Special Set other Master Data',1,'2012-07-13 08:58:14',NULL,'0000-00-00 00:00:00'),(267,'id','Pengaturan Khusus Data Master Lainnya',1,'2012-07-13 08:58:14',NULL,'0000-00-00 00:00:00'),(268,'en','Set as Vendor',1,'2012-07-13 09:03:51',NULL,'0000-00-00 00:00:00'),(268,'id','Set sebagai Vendor',1,'2012-07-13 09:03:51',NULL,'0000-00-00 00:00:00'),(269,'en','Set as Customer',1,'2012-07-13 09:04:16',NULL,'0000-00-00 00:00:00'),(269,'id','Set Sebagai Pelanggan',1,'2012-07-13 09:04:16',NULL,'0000-00-00 00:00:00'),(270,'en','Employee Data',1,'2012-07-13 09:09:45',NULL,'0000-00-00 00:00:00'),(270,'id','Data Pegawai',1,'2012-07-13 09:09:45',NULL,'0000-00-00 00:00:00'),(271,'en','Photo Type not Found',1,'2012-07-13 10:44:45',NULL,'0000-00-00 00:00:00'),(271,'id','Data Jenis Foto tidak ditemukan',1,'2012-07-13 10:44:45',NULL,'0000-00-00 00:00:00'),(272,'en','Nationality Status',1,'2012-07-16 07:58:03',NULL,'0000-00-00 00:00:00'),(272,'id','Status Nasionalisme',1,'2012-07-16 07:58:03',NULL,'0000-00-00 00:00:00'),(273,'en','Expatriat',1,'2012-07-16 07:58:26',NULL,'0000-00-00 00:00:00'),(273,'id','Ekspatriat',1,'2012-07-16 07:58:26',NULL,'0000-00-00 00:00:00'),(274,'en','Local',1,'2012-07-16 07:58:39',NULL,'0000-00-00 00:00:00'),(274,'id','Pribumi',1,'2012-07-16 07:58:39',NULL,'0000-00-00 00:00:00'),(275,'en','Position',1,'2012-07-16 13:05:18',NULL,'0000-00-00 00:00:00'),(275,'id','Jabatan',1,'2012-07-16 13:05:18',NULL,'0000-00-00 00:00:00'),(276,'en','Work Unit',1,'2012-07-16 13:06:06',NULL,'0000-00-00 00:00:00'),(276,'id','Unit Kerja',1,'2012-07-16 13:06:06',NULL,'0000-00-00 00:00:00'),(277,'en','Usage Type',1,'2012-09-26 14:00:47',NULL,'0000-00-00 00:00:00'),(277,'id','Jenis Penggunaan',1,'2012-09-26 14:00:47',NULL,'0000-00-00 00:00:00'),(278,'en','Relocation Reason',1,'2012-07-17 13:27:02',NULL,'0000-00-00 00:00:00'),(278,'id','Alasan Relokasi',1,'2012-07-17 13:27:02',NULL,'0000-00-00 00:00:00'),(279,'en','Reason',1,'2012-09-30 15:31:21',NULL,'0000-00-00 00:00:00'),(279,'id','Alasan',1,'2012-09-30 15:31:21',NULL,'0000-00-00 00:00:00'),(280,'en','Family Data',1,'2012-07-17 14:40:16',NULL,'0000-00-00 00:00:00'),(280,'id','Data Keluarga',1,'2012-07-17 14:40:16',NULL,'0000-00-00 00:00:00'),(281,'en','Family List',1,'2012-07-17 14:40:37',NULL,'0000-00-00 00:00:00'),(281,'id','Daftar Keluarga',1,'2012-07-17 14:40:37',NULL,'0000-00-00 00:00:00'),(282,'en','Relative Status',1,'2012-08-15 08:24:13',NULL,'0000-00-00 00:00:00'),(282,'id','Status Keluarga',1,'2012-08-15 08:24:13',NULL,'0000-00-00 00:00:00'),(283,'en','Personal Data',1,'2012-07-17 15:56:13',NULL,'0000-00-00 00:00:00'),(283,'id','Data Pribadi',1,'2012-07-17 15:56:13',NULL,'0000-00-00 00:00:00'),(284,'en','Save',1,'2012-07-17 16:24:44',NULL,'0000-00-00 00:00:00'),(284,'id','Simpan',1,'2012-07-17 16:24:44',NULL,'0000-00-00 00:00:00'),(285,'en','Reset',1,'2012-07-17 16:25:22',NULL,'0000-00-00 00:00:00'),(285,'id','Reset',1,'2012-07-17 16:25:22',NULL,'0000-00-00 00:00:00'),(286,'en','Cancel',1,'2012-07-17 16:25:44',NULL,'0000-00-00 00:00:00'),(286,'id','Batal',1,'2012-07-17 16:25:44',NULL,'0000-00-00 00:00:00'),(287,'en','Citizenship',1,'2012-07-18 07:56:34',NULL,'0000-00-00 00:00:00'),(287,'id','Kewarganegaraan',1,'2012-07-18 07:56:34',NULL,'0000-00-00 00:00:00'),(288,'en','Mobile Phone Number',1,'2012-07-18 08:09:42',NULL,'0000-00-00 00:00:00'),(288,'id','Nomor Handphone',1,'2012-07-18 08:09:42',NULL,'0000-00-00 00:00:00'),(289,'en','Phone No',1,'2012-07-26 09:33:22',NULL,'0000-00-00 00:00:00'),(289,'id','No Telepon',1,'2012-07-26 09:33:22',NULL,'0000-00-00 00:00:00'),(290,'en','Identity Number',1,'2012-07-18 08:15:42',NULL,'0000-00-00 00:00:00'),(290,'id','Nomor Identitas',1,'2012-07-18 08:15:42',NULL,'0000-00-00 00:00:00'),(291,'en','Other Identity Number',1,'2012-07-18 08:16:40',NULL,'0000-00-00 00:00:00'),(291,'id','Nomor Identitas Lainnya',1,'2012-07-18 08:16:40',NULL,'0000-00-00 00:00:00'),(292,'en','Extension',1,'2012-07-18 08:24:59',NULL,'0000-00-00 00:00:00'),(292,'id','Ekstensi',1,'2012-07-18 08:24:59',NULL,'0000-00-00 00:00:00'),(293,'en','Old Photo',1,'2012-07-18 08:25:54',NULL,'0000-00-00 00:00:00'),(293,'id','Foto Lama',1,'2012-07-18 08:25:54',NULL,'0000-00-00 00:00:00'),(294,'en','Or',1,'2012-07-18 08:31:31',NULL,'0000-00-00 00:00:00'),(294,'id','Atau',1,'2012-07-18 08:31:31',NULL,'0000-00-00 00:00:00'),(295,'en','Email',1,'2012-07-18 08:37:47',NULL,'0000-00-00 00:00:00'),(295,'id','Email',1,'2012-07-18 08:37:47',NULL,'0000-00-00 00:00:00'),(296,'en','Photo',1,'2012-07-18 08:38:11',NULL,'0000-00-00 00:00:00'),(296,'id','Foto',1,'2012-07-18 08:38:11',NULL,'0000-00-00 00:00:00'),(297,'en','Family',1,'2012-07-18 08:38:48',NULL,'0000-00-00 00:00:00'),(297,'id','Keluarga',1,'2012-07-18 08:38:48',NULL,'0000-00-00 00:00:00'),(298,'en','Until',1,'2012-07-30 11:18:57',NULL,'0000-00-00 00:00:00'),(298,'id','s.d',1,'2012-07-30 11:18:57',NULL,'0000-00-00 00:00:00'),(299,'en','Purchase Order Supplier',1,'2012-10-01 05:10:22',NULL,'0000-00-00 00:00:00'),(299,'id','Purchase Order Supplier',1,'2012-10-01 05:10:22',NULL,'0000-00-00 00:00:00'),(300,'en','Detail Request',1,'2012-07-18 10:12:36',NULL,'0000-00-00 00:00:00'),(300,'id','Detail Permintaan',1,'2012-07-18 10:12:36',NULL,'0000-00-00 00:00:00'),(301,'en','Detail Receive',1,'2012-07-18 10:13:04',NULL,'0000-00-00 00:00:00'),(301,'id','Detail Penerimaan',1,'2012-07-18 10:13:04',NULL,'0000-00-00 00:00:00'),(302,'en','Delivery Order',1,'2012-07-18 10:13:40',NULL,'0000-00-00 00:00:00'),(302,'id','Pengiriman',1,'2012-07-18 10:13:40',NULL,'0000-00-00 00:00:00'),(303,'en','DO Number',1,'2012-07-18 10:14:06',NULL,'0000-00-00 00:00:00'),(303,'id','Nomor DO',1,'2012-07-18 10:14:06',NULL,'0000-00-00 00:00:00'),(304,'en','History Data',1,'2012-07-18 10:29:53',NULL,'0000-00-00 00:00:00'),(304,'id','Data Riwayat',1,'2012-07-18 10:29:53',NULL,'0000-00-00 00:00:00'),(305,'en','Marriage Date',1,'2012-08-13 12:53:51',NULL,'0000-00-00 00:00:00'),(305,'id','Tanggal Menikah',1,'2012-08-13 12:53:51',NULL,'0000-00-00 00:00:00'),(306,'en','Pass Away Date',1,'2012-07-18 11:12:59',NULL,'0000-00-00 00:00:00'),(306,'id','Tanggal Meninggal',1,'2012-07-18 11:12:59',NULL,'0000-00-00 00:00:00'),(307,'en','Pass Away Status',1,'2012-07-18 11:13:12',NULL,'0000-00-00 00:00:00'),(307,'id','Status Meninggal',1,'2012-07-18 11:13:12',NULL,'0000-00-00 00:00:00'),(308,'en','Done',1,'2012-07-18 11:08:25',NULL,'0000-00-00 00:00:00'),(308,'id','Sudah',1,'2012-07-18 11:08:25',NULL,'0000-00-00 00:00:00'),(309,'en','Is Study',1,'2012-07-18 11:17:33',NULL,'0000-00-00 00:00:00'),(309,'id','Masih Study',1,'2012-07-18 11:17:33',NULL,'0000-00-00 00:00:00'),(310,'en','Is Married',1,'2012-07-18 11:50:50',NULL,'0000-00-00 00:00:00'),(310,'id','Sudah Menikah',1,'2012-07-18 11:50:50',NULL,'0000-00-00 00:00:00'),(311,'en','Institutions',1,'2012-07-18 14:00:51',NULL,'0000-00-00 00:00:00'),(311,'id','Institusi',1,'2012-07-18 14:00:51',NULL,'0000-00-00 00:00:00'),(312,'en','School Name',1,'2012-07-18 14:01:07',NULL,'0000-00-00 00:00:00'),(312,'id','Nama Sekolah',1,'2012-07-18 14:01:07',NULL,'0000-00-00 00:00:00'),(313,'en','Faculty',1,'2012-07-18 14:04:03',NULL,'0000-00-00 00:00:00'),(313,'id','Fakultas',1,'2012-07-18 14:04:03',NULL,'0000-00-00 00:00:00'),(314,'en','Study Of Program ',1,'2012-07-18 14:17:29',NULL,'0000-00-00 00:00:00'),(314,'id','Program Studi',1,'2012-07-18 14:17:29',NULL,'0000-00-00 00:00:00'),(315,'en','Concentration',1,'2012-07-18 14:08:04',NULL,'0000-00-00 00:00:00'),(315,'id','Konsentrasi',1,'2012-07-18 14:08:04',NULL,'0000-00-00 00:00:00'),(316,'en','Year Pass',1,'2012-07-18 14:18:51',NULL,'0000-00-00 00:00:00'),(316,'id','Tahun Lulus',1,'2012-07-18 14:18:51',NULL,'0000-00-00 00:00:00'),(317,'en','Working Status',1,'2012-07-18 14:41:05',NULL,'0000-00-00 00:00:00'),(317,'id','Status Sudah Bekerja',1,'2012-07-18 14:41:05',NULL,'0000-00-00 00:00:00'),(318,'en','Work Place',1,'2012-07-18 14:43:14',NULL,'0000-00-00 00:00:00'),(318,'id','Tempat Bekerja',1,'2012-07-18 14:43:14',NULL,'0000-00-00 00:00:00'),(319,'en','Work',1,'2012-07-18 14:43:32',NULL,'0000-00-00 00:00:00'),(319,'id','Pekerjaan',1,'2012-07-18 14:43:32',NULL,'0000-00-00 00:00:00'),(320,'en','Salary',1,'2012-07-18 14:44:19',NULL,'0000-00-00 00:00:00'),(320,'id','Gaji',1,'2012-07-18 14:44:19',NULL,'0000-00-00 00:00:00'),(321,'en','Income Amount',1,'2012-07-18 14:44:49',NULL,'0000-00-00 00:00:00'),(321,'id','Penghasilan',1,'2012-07-18 14:44:49',NULL,'0000-00-00 00:00:00'),(322,'en','Is Tax Free',1,'2012-07-18 15:20:33',NULL,'0000-00-00 00:00:00'),(322,'id','Tanggungan PTKP',1,'2012-07-18 15:20:33',NULL,'0000-00-00 00:00:00'),(323,'en','Tax Free Period From',1,'2012-07-18 15:22:28',NULL,'0000-00-00 00:00:00'),(323,'id','Periode Mulai PTKP',1,'2012-07-18 15:22:28',NULL,'0000-00-00 00:00:00'),(324,'en','Desc for Tax Free',1,'2012-07-18 15:20:05',NULL,'0000-00-00 00:00:00'),(324,'id','Info Tanggungan PTKP',1,'2012-07-18 15:20:05',NULL,'0000-00-00 00:00:00'),(325,'en','NPWP Ownership Status',1,'2012-07-18 15:27:45',NULL,'0000-00-00 00:00:00'),(325,'id','Status Kepemilikan NPWP',1,'2012-07-18 15:27:45',NULL,'0000-00-00 00:00:00'),(326,'en','Is NPWP',1,'2012-07-18 15:30:03',NULL,'0000-00-00 00:00:00'),(326,'id','Status Kepemilikan NPWP',1,'2012-07-18 15:30:04',NULL,'0000-00-00 00:00:00'),(327,'en','NPWP Registered Number',1,'2012-07-18 15:30:48',NULL,'0000-00-00 00:00:00'),(327,'id','Nomor NPWP Terdaftar',1,'2012-07-18 15:30:49',NULL,'0000-00-00 00:00:00'),(328,'en','NPWP Registered Name',1,'2012-07-18 15:31:46',NULL,'0000-00-00 00:00:00'),(328,'id','Nama NPWP Terdaftar',1,'2012-07-18 15:31:46',NULL,'0000-00-00 00:00:00'),(329,'en','NPWP Registered Date',1,'2012-07-18 15:32:30',NULL,'0000-00-00 00:00:00'),(329,'id','Tanggal Terdaftar NPWP',1,'2012-07-18 15:32:30',NULL,'0000-00-00 00:00:00'),(330,'en','NPWP Address',1,'2012-07-18 15:33:01',NULL,'0000-00-00 00:00:00'),(330,'id','Alamat NPWP',1,'2012-07-18 15:33:02',NULL,'0000-00-00 00:00:00'),(331,'en','Is Covered',1,'2012-07-18 15:56:54',NULL,'0000-00-00 00:00:00'),(331,'id','Ditanggung',1,'2012-07-18 15:56:55',NULL,'0000-00-00 00:00:00'),(332,'en','Is Jamsostek',1,'2012-07-18 16:00:27',NULL,'0000-00-00 00:00:00'),(332,'id','Status Kepemilikan Jamsostek',1,'2012-07-18 16:00:27',NULL,'0000-00-00 00:00:00'),(333,'en','Jamsostek Number',1,'2012-07-18 16:03:44',NULL,'0000-00-00 00:00:00'),(333,'id','Nomor Jamsostek',1,'2012-07-18 16:03:44',NULL,'0000-00-00 00:00:00'),(334,'en','Jamsostek Registered Name ',1,'2012-07-18 16:04:42',NULL,'0000-00-00 00:00:00'),(334,'id','Nama Jamsostek Terdaftar',1,'2012-07-18 16:04:42',NULL,'0000-00-00 00:00:00'),(335,'en','Period of Validity',1,'2012-07-18 16:06:06',NULL,'0000-00-00 00:00:00'),(335,'id','Masa Berlaku',1,'2012-07-18 16:06:06',NULL,'0000-00-00 00:00:00'),(336,'en','Have',1,'2012-07-18 16:09:11',NULL,'0000-00-00 00:00:00'),(336,'id','Punya',1,'2012-07-18 16:09:11',NULL,'0000-00-00 00:00:00'),(337,'en','Is Health Insurance',1,'2012-07-18 16:11:40',NULL,'0000-00-00 00:00:00'),(337,'id','Status ASKES',1,'2012-07-18 16:11:40',NULL,'0000-00-00 00:00:00'),(338,'en','Health Insurance Number',1,'2012-07-18 16:13:48',NULL,'0000-00-00 00:00:00'),(338,'id','Nomor ASKES Terdaftar',1,'2012-07-18 16:13:48',NULL,'0000-00-00 00:00:00'),(340,'en','Health Insurance Number',1,'2012-07-18 16:16:14',NULL,'0000-00-00 00:00:00'),(340,'id','Nomor ASKES Terdaftar',1,'2012-07-18 16:16:14',NULL,'0000-00-00 00:00:00'),(341,'en','Is Internal Insurance',1,'2012-07-18 16:16:59',NULL,'0000-00-00 00:00:00'),(341,'id','Gabung Asuransi Internal',1,'2012-07-18 16:16:59',NULL,'0000-00-00 00:00:00'),(342,'en','Join',1,'2012-07-18 16:19:46',NULL,'0000-00-00 00:00:00'),(342,'id','Gabung',1,'2012-07-18 16:19:46',NULL,'0000-00-00 00:00:00'),(343,'en','Registered Number',1,'2012-07-18 16:21:48',NULL,'0000-00-00 00:00:00'),(343,'id','Nomor Terdaftar',1,'2012-07-18 16:21:48',NULL,'0000-00-00 00:00:00'),(344,'en','Registered Name',1,'2012-07-18 16:22:09',NULL,'0000-00-00 00:00:00'),(344,'id','Nama Terdaftar',1,'2012-07-18 16:22:10',NULL,'0000-00-00 00:00:00'),(345,'en','Is External Insurance',1,'2012-07-18 16:28:46',NULL,'0000-00-00 00:00:00'),(345,'id','Status Asuransi Lainnya',1,'2012-07-18 16:28:46',NULL,'0000-00-00 00:00:00'),(346,'en','Status Data',1,'2012-07-18 16:35:13',NULL,'0000-00-00 00:00:00'),(346,'id','Data Status',1,'2012-07-18 16:35:13',NULL,'0000-00-00 00:00:00'),(347,'en','Default',1,'2012-07-18 16:39:21',NULL,'0000-00-00 00:00:00'),(347,'id','Standar',1,'2012-07-18 16:39:21',NULL,'0000-00-00 00:00:00'),(348,'en','File',1,'2012-11-08 13:47:55',NULL,'0000-00-00 00:00:00'),(348,'id','File',1,'2012-11-08 13:47:55',NULL,'0000-00-00 00:00:00'),(349,'en','Modify',1,'2012-07-19 14:01:53',NULL,'0000-00-00 00:00:00'),(349,'id','Ubah',1,'2012-07-19 14:01:53',NULL,'0000-00-00 00:00:00'),(350,'en','Insert',1,'2012-07-19 14:02:14',NULL,'0000-00-00 00:00:00'),(350,'id','Input',1,'2012-07-19 14:02:14',NULL,'0000-00-00 00:00:00'),(351,'en','Next',1,'2012-07-19 14:42:30',NULL,'0000-00-00 00:00:00'),(351,'id','Selanjutnya',1,'2012-07-19 14:42:30',NULL,'0000-00-00 00:00:00'),(352,'en','Previous',1,'2012-07-19 14:43:41',NULL,'0000-00-00 00:00:00'),(352,'id','Sebelumnya',1,'2012-07-19 14:43:41',NULL,'0000-00-00 00:00:00'),(354,'en','Not Default',1,'2012-07-19 15:00:28',NULL,'0000-00-00 00:00:00'),(354,'id','Tidak Standar',1,'2012-07-19 15:00:28',NULL,'0000-00-00 00:00:00'),(355,'en','Condition',1,'2012-07-19 15:23:53',NULL,'0000-00-00 00:00:00'),(355,'id','Kondisi',1,'2012-07-19 15:23:53',NULL,'0000-00-00 00:00:00'),(356,'en','Insert By Backoffice',1,'2012-07-19 15:28:30',NULL,'0000-00-00 00:00:00'),(356,'id','Input Oleh Backoffice',1,'2012-07-19 15:28:30',NULL,'0000-00-00 00:00:00'),(357,'en','Insert By Employee',1,'2012-07-19 15:28:11',NULL,'0000-00-00 00:00:00'),(357,'id','Input oleh Pegawai',1,'2012-07-19 15:28:11',NULL,'0000-00-00 00:00:00'),(358,'en','Health',1,'2012-07-20 08:06:38',NULL,'0000-00-00 00:00:00'),(358,'id','Kesehatan',1,'2012-07-20 08:06:38',NULL,'0000-00-00 00:00:00'),(359,'en','Weight',1,'2012-07-20 08:08:34',NULL,'0000-00-00 00:00:00'),(359,'id','Berat Badan',1,'2012-07-20 08:08:34',NULL,'0000-00-00 00:00:00'),(360,'en','Height',1,'2012-07-20 08:08:46',NULL,'0000-00-00 00:00:00'),(360,'id','Tinggi Badan',1,'2012-07-20 08:08:46',NULL,'0000-00-00 00:00:00'),(361,'en','Skin Color',1,'2012-07-20 08:09:41',NULL,'0000-00-00 00:00:00'),(361,'id','Warna Kulit',1,'2012-07-20 08:09:41',NULL,'0000-00-00 00:00:00'),(362,'en','Hair Color',1,'2012-07-20 08:10:00',NULL,'0000-00-00 00:00:00'),(362,'id','Warna Rambut',1,'2012-07-20 08:10:00',NULL,'0000-00-00 00:00:00'),(363,'en','Face Shape',1,'2012-07-20 08:10:59',NULL,'0000-00-00 00:00:00'),(363,'id','Bentuk Wajah',1,'2012-07-20 08:10:59',NULL,'0000-00-00 00:00:00'),(364,'en','Typical',1,'2012-07-20 08:11:25',NULL,'0000-00-00 00:00:00'),(364,'id','Ciri Fisik',1,'2012-07-20 08:11:25',NULL,'0000-00-00 00:00:00'),(365,'en','Disability',1,'2012-07-20 08:11:52',NULL,'0000-00-00 00:00:00'),(365,'id','Kekurangan/Cacat Fisik',1,'2012-07-20 08:11:52',NULL,'0000-00-00 00:00:00'),(366,'en','Disease',1,'2012-07-20 08:12:16',NULL,'0000-00-00 00:00:00'),(366,'id','Penyakit Kronis',1,'2012-07-20 08:12:16',NULL,'0000-00-00 00:00:00'),(367,'en','Alergy',1,'2012-07-20 08:12:35',NULL,'0000-00-00 00:00:00'),(367,'id','Alergi',1,'2012-07-20 08:12:35',NULL,'0000-00-00 00:00:00'),(368,'en','Employment',1,'2012-07-20 08:34:47',NULL,'0000-00-00 00:00:00'),(368,'id','Kepegawaian',1,'2012-07-20 08:34:48',NULL,'0000-00-00 00:00:00'),(369,'en','In Kg',1,'2012-07-20 08:35:49',NULL,'0000-00-00 00:00:00'),(369,'id','Dalam Kg',1,'2012-07-20 08:35:49',NULL,'0000-00-00 00:00:00'),(370,'en','In Cm',1,'2012-07-20 08:36:09',NULL,'0000-00-00 00:00:00'),(370,'id','Dalam Cm',1,'2012-07-20 08:36:10',NULL,'0000-00-00 00:00:00'),(371,'en','Ethnic',1,'2012-07-20 08:50:10',NULL,'0000-00-00 00:00:00'),(371,'id','Suku',1,'2012-07-20 08:50:10',NULL,'0000-00-00 00:00:00'),(372,'en','First Name',1,'2012-07-20 09:00:35',NULL,'0000-00-00 00:00:00'),(372,'id','Nama Depan',1,'2012-07-20 09:00:35',NULL,'0000-00-00 00:00:00'),(373,'en','Last Name',1,'2012-07-20 09:01:48',NULL,'0000-00-00 00:00:00'),(373,'id','Nama Belakang',1,'2012-07-20 09:01:48',NULL,'0000-00-00 00:00:00'),(374,'en','Middle Name',1,'2012-07-20 09:02:10',NULL,'0000-00-00 00:00:00'),(374,'id','Nama Tengah',1,'2012-07-20 09:02:10',NULL,'0000-00-00 00:00:00'),(375,'en','Work Unit List',1,'2012-07-23 08:12:03',NULL,'0000-00-00 00:00:00'),(375,'id','Daftar Satuan Kerja',1,'2012-07-23 08:12:03',NULL,'0000-00-00 00:00:00'),(376,'en','Valid From',1,'2012-07-23 08:12:28',NULL,'0000-00-00 00:00:00'),(376,'id','Berlaku Sejak',1,'2012-07-23 08:12:28',NULL,'0000-00-00 00:00:00'),(377,'en','Valid Until',1,'2012-07-23 08:12:44',NULL,'0000-00-00 00:00:00'),(377,'id','Berlaku Sampai',1,'2012-07-23 08:12:44',NULL,'0000-00-00 00:00:00'),(378,'en','Decree',1,'2012-07-23 08:13:33',NULL,'0000-00-00 00:00:00'),(378,'id','Surat Keputusan',1,'2012-07-23 08:13:33',NULL,'0000-00-00 00:00:00'),(379,'en','Decree Number',1,'2012-07-23 08:14:17',NULL,'0000-00-00 00:00:00'),(379,'id','Nomor SK',1,'2012-07-23 08:14:17',NULL,'0000-00-00 00:00:00'),(380,'en','Decree Date',1,'2012-07-23 08:15:22',NULL,'0000-00-00 00:00:00'),(380,'id','Tanggal Pengesahan',1,'2012-07-23 08:15:22',NULL,'0000-00-00 00:00:00'),(381,'en','Old File ',1,'2012-07-23 08:17:51',NULL,'0000-00-00 00:00:00'),(381,'id','File Lama',1,'2012-07-23 08:17:51',NULL,'0000-00-00 00:00:00'),(382,'en','Department',1,'2012-07-23 08:18:59',NULL,'0000-00-00 00:00:00'),(382,'id','Departemen',1,'2012-07-23 08:18:59',NULL,'0000-00-00 00:00:00'),(383,'en','Structural Position List',1,'2012-07-23 08:21:01',NULL,'0000-00-00 00:00:00'),(383,'id','Daftar Jabatan Struktural',1,'2012-07-23 08:21:01',NULL,'0000-00-00 00:00:00'),(384,'en','Structural Position',1,'2012-07-23 08:20:46',NULL,'0000-00-00 00:00:00'),(384,'id','Jabatan Struktural',1,'2012-07-23 08:20:46',NULL,'0000-00-00 00:00:00'),(385,'en','Employee Status List',1,'2012-07-23 08:41:23',NULL,'0000-00-00 00:00:00'),(385,'id','Daftar Status Pegawai',1,'2012-07-23 08:41:23',NULL,'0000-00-00 00:00:00'),(386,'en','Blood type name already used',1,'2012-07-23 09:06:10',NULL,'0000-00-00 00:00:00'),(386,'id','Nama gologan darah sudah ada',1,'2012-07-23 09:06:10',NULL,'0000-00-00 00:00:00'),(387,'en','Email type name already used',1,'2012-07-23 10:00:01',NULL,'0000-00-00 00:00:00'),(387,'id','Nama Email sudah ada',1,'2012-07-23 10:00:01',NULL,'0000-00-00 00:00:00'),(388,'en','Bussiness Sector name already used',1,'2012-07-23 10:11:02',NULL,'0000-00-00 00:00:00'),(388,'id','Nama Sektor Bisnis sudah ada',1,'2012-07-23 10:11:02',NULL,'0000-00-00 00:00:00'),(389,'en','Driving License Type name already used',1,'2012-07-23 10:20:53',NULL,'0000-00-00 00:00:00'),(389,'id','Nama Surat Ijin Mengemudi sudah ada',1,'2012-07-23 10:20:53',NULL,'0000-00-00 00:00:00'),(390,'en','Funding Source name already used',1,'2012-07-23 10:29:07',NULL,'0000-00-00 00:00:00'),(390,'id','Nama Asal Dana sudah ada',1,'2012-07-23 10:29:07',NULL,'0000-00-00 00:00:00'),(391,'en','Funding Source Code already used',1,'2012-07-23 10:35:59',NULL,'0000-00-00 00:00:00'),(391,'id','Kode Asal Dana sudah ada',1,'2012-07-23 10:35:59',NULL,'0000-00-00 00:00:00'),(392,'en',' Hotel type name already used',1,'2012-07-23 10:39:08',NULL,'0000-00-00 00:00:00'),(392,'id','Nama Hotel sudah ada',1,'2012-07-23 10:39:08',NULL,'0000-00-00 00:00:00'),(393,'en','Identity Type name already used',1,'2012-07-23 10:45:33',NULL,'0000-00-00 00:00:00'),(393,'id',' Nama Jenis Identitas sudah ada',1,'2012-07-23 10:45:33',NULL,'0000-00-00 00:00:00'),(394,'en','Other Identity Type name already used',1,'2012-07-23 10:53:19',NULL,'0000-00-00 00:00:00'),(394,'id','Nama Jenis Identitas lain sudah ada',1,'2012-07-23 10:53:19',NULL,'0000-00-00 00:00:00'),(395,'en','Bank Type name already used',1,'2012-07-23 10:56:28',NULL,'0000-00-00 00:00:00'),(395,'id','Nama Jenis Bank sudah ada',1,'2012-07-23 10:56:28',NULL,'0000-00-00 00:00:00'),(396,'en','Bank Branch name already used',1,'2012-07-23 11:01:53',NULL,'0000-00-00 00:00:00'),(396,'id','Nama Bank Cabang sudah ada',1,'2012-07-23 11:01:53',NULL,'0000-00-00 00:00:00'),(397,'en','Bank Branch Code already used',1,'2012-07-23 11:10:20',NULL,'0000-00-00 00:00:00'),(397,'id','Kode Bank Cabang sudah ada',1,'2012-07-23 11:10:20',NULL,'0000-00-00 00:00:00'),(398,'en','Country name already used',1,'2012-07-23 11:18:45',NULL,'0000-00-00 00:00:00'),(398,'id','Nama Negara sudah ada',1,'2012-07-23 11:18:45',NULL,'0000-00-00 00:00:00'),(399,'en','Country Code already used',1,'2012-07-23 11:21:47',NULL,'0000-00-00 00:00:00'),(399,'id','Kode Negara sudah ada',1,'2012-07-23 11:21:47',NULL,'0000-00-00 00:00:00'),(400,'en','State Code already used',1,'2012-07-23 11:46:40',NULL,'0000-00-00 00:00:00'),(400,'id','Kode Propinsi sudah ada',1,'2012-07-23 11:46:40',NULL,'0000-00-00 00:00:00'),(401,'en','State Name already used',1,'2012-07-23 11:47:44',NULL,'0000-00-00 00:00:00'),(401,'id','Nama Propinsi sudah ada',1,'2012-07-23 11:47:44',NULL,'0000-00-00 00:00:00'),(402,'en','City Code already used',1,'2012-07-23 11:56:22',NULL,'0000-00-00 00:00:00'),(402,'id','Kode Kota/ Kabupaten sudah ada',1,'2012-07-23 11:56:22',NULL,'0000-00-00 00:00:00'),(403,'en','City Name already used',1,'2012-07-23 11:56:52',NULL,'0000-00-00 00:00:00'),(403,'id',' Nama Kota/ Kabupaten sudah ada',1,'2012-07-23 11:56:53',NULL,'0000-00-00 00:00:00'),(404,'en','Instant Messaging name already used',1,'2012-07-23 12:15:10',NULL,'0000-00-00 00:00:00'),(404,'id','Nama Instant Messaging sudah ada',1,'2012-07-23 12:15:10',NULL,'0000-00-00 00:00:00'),(405,'en','KBLI name already used',1,'2012-07-23 12:35:42',NULL,'0000-00-00 00:00:00'),(405,'id','Nama KBLI sudah ada',1,'2012-07-23 12:35:42',NULL,'0000-00-00 00:00:00'),(406,'en','KBLI Code already used',1,'2012-07-23 12:36:12',NULL,'0000-00-00 00:00:00'),(406,'id','Kode KBLI sudah ada',1,'2012-07-23 12:36:12',NULL,'0000-00-00 00:00:00'),(407,'en','Structural Position name already used',1,'2012-07-23 13:10:42',NULL,'0000-00-00 00:00:00'),(407,'id','Nama Jabatan Struktural sudah ada',1,'2012-07-23 13:10:42',NULL,'0000-00-00 00:00:00'),(408,'en','Structural Position Code already used',1,'2012-07-23 13:11:36',NULL,'0000-00-00 00:00:00'),(408,'id','Kode Jabatan Struktural sudah ada',1,'2012-07-23 13:11:36',NULL,'0000-00-00 00:00:00'),(409,'en','Train Date',1,'2012-07-23 13:30:09',NULL,'0000-00-00 00:00:00'),(409,'id','Tanggal Masa Percobaan',1,'2012-07-23 13:30:09',NULL,'0000-00-00 00:00:00'),(410,'en','Join Date',1,'2012-07-23 13:30:38',NULL,'0000-00-00 00:00:00'),(410,'id','Tanggal Bergabung Institusi',1,'2012-07-23 13:30:38',NULL,'0000-00-00 00:00:00'),(411,'en','Quit Date',1,'2012-07-23 13:31:00',NULL,'0000-00-00 00:00:00'),(411,'id','Tanggal Keluar Institusi',1,'2012-07-23 13:31:00',NULL,'0000-00-00 00:00:00'),(412,'en','Approved By',1,'2012-07-23 15:05:06',NULL,'0000-00-00 00:00:00'),(412,'id','Di Setujui Oleh',1,'2012-07-23 15:05:06',NULL,'0000-00-00 00:00:00'),(413,'en','Employee Contract',1,'2012-07-24 08:43:26',NULL,'0000-00-00 00:00:00'),(413,'id','Kontrak Kerja Pegawai',1,'2012-07-24 08:43:26',NULL,'0000-00-00 00:00:00'),(414,'en','Employee Contract List',1,'2012-07-24 08:43:50',NULL,'0000-00-00 00:00:00'),(414,'id','Daftar Kontrak Kerja Pegawai',1,'2012-07-24 08:43:50',NULL,'0000-00-00 00:00:00'),(415,'en','Empty field if no changes',1,'2012-07-24 10:08:34',NULL,'0000-00-00 00:00:00'),(415,'id','Tanpa diisi jika belum ada perubahan',1,'2012-07-24 10:08:34',NULL,'0000-00-00 00:00:00'),(416,'en','One month before Expired',1,'2012-07-24 10:09:36',NULL,'0000-00-00 00:00:00'),(416,'id','Satu Bulan sebelum masa habis',1,'2012-07-24 10:09:36',NULL,'0000-00-00 00:00:00'),(417,'en','Two Weeks before Expired',1,'2012-07-24 10:10:50',NULL,'0000-00-00 00:00:00'),(417,'id','Dua Minggu sebelum masa habis',1,'2012-07-24 10:10:50',NULL,'0000-00-00 00:00:00'),(418,'en','One Week before Expired',1,'2012-07-24 10:11:32',NULL,'0000-00-00 00:00:00'),(418,'id','Satu Minggu sebelum masa habis',1,'2012-07-24 10:11:32',NULL,'0000-00-00 00:00:00'),(419,'en','One Day before Expired',1,'2012-07-24 10:12:11',NULL,'0000-00-00 00:00:00'),(419,'id','Satu Hari sebelum masa habis',1,'2012-07-24 10:12:11',NULL,'0000-00-00 00:00:00'),(420,'en','Reminder 1st',1,'2012-07-24 10:14:41',NULL,'0000-00-00 00:00:00'),(420,'id','Pengingat I',1,'2012-07-24 10:14:41',NULL,'0000-00-00 00:00:00'),(421,'en','Reminder 2st',1,'2012-07-24 10:14:34',NULL,'0000-00-00 00:00:00'),(421,'id','Pengingat II',1,'2012-07-24 10:14:34',NULL,'0000-00-00 00:00:00'),(422,'en','Reminder 3st',1,'2012-07-24 10:15:37',NULL,'0000-00-00 00:00:00'),(422,'id','Pengingat III',1,'2012-07-24 10:15:37',NULL,'0000-00-00 00:00:00'),(423,'en','Final Reminder',1,'2012-07-24 10:16:44',NULL,'0000-00-00 00:00:00'),(423,'id','Pengingat Akhir',1,'2012-07-24 10:16:44',NULL,'0000-00-00 00:00:00'),(424,'en','Month',1,'2012-07-24 10:24:45',NULL,'0000-00-00 00:00:00'),(424,'id','Bulan',1,'2012-07-24 10:24:45',NULL,'0000-00-00 00:00:00'),(425,'en','Year',1,'2012-07-24 10:24:54',NULL,'0000-00-00 00:00:00'),(425,'id','Tahun',1,'2012-07-24 10:24:54',NULL,'0000-00-00 00:00:00'),(426,'en','Identity',1,'2012-07-24 12:58:24',NULL,'0000-00-00 00:00:00'),(426,'id','Identitas Utama',1,'2012-07-24 12:58:24',NULL,'0000-00-00 00:00:00'),(427,'en','Identity List',1,'2012-07-24 12:58:42',NULL,'0000-00-00 00:00:00'),(427,'id','Daftar Identitas Utama',1,'2012-07-24 12:58:42',NULL,'0000-00-00 00:00:00'),(428,'en','Work Period Type',1,'2012-07-24 13:07:29',NULL,'0000-00-00 00:00:00'),(428,'id','Jenis Periode Kerja',1,'2012-07-24 13:07:29',NULL,'0000-00-00 00:00:00'),(429,'en','Status Change',1,'2012-07-24 13:29:59',NULL,'0000-00-00 00:00:00'),(429,'id','Status Ubah',1,'2012-07-24 13:29:59',NULL,'0000-00-00 00:00:00'),(430,'en','By Employee',1,'2012-07-24 13:30:16',NULL,'0000-00-00 00:00:00'),(430,'id','Oleh Pegawai',1,'2012-07-24 13:30:16',NULL,'0000-00-00 00:00:00'),(431,'en','Identity Card',1,'2012-07-24 13:38:54',NULL,'0000-00-00 00:00:00'),(431,'id','Kartu Identitas',1,'2012-07-24 13:38:54',NULL,'0000-00-00 00:00:00'),(432,'en','Employee Detail',1,'2012-07-25 08:02:08',NULL,'0000-00-00 00:00:00'),(432,'id','Detail Pegawai',1,'2012-07-25 08:02:08',NULL,'0000-00-00 00:00:00'),(433,'en','Employee',1,'2012-07-25 08:04:06',NULL,'0000-00-00 00:00:00'),(433,'id','Pegawai',1,'2012-07-25 08:04:06',NULL,'0000-00-00 00:00:00'),(434,'en','Driving License',1,'2012-07-25 08:41:00',NULL,'0000-00-00 00:00:00'),(434,'id','Surat Ijin Mengemudi (SIM)',1,'2012-07-25 08:41:00',NULL,'0000-00-00 00:00:00'),(435,'en','Driving License List',1,'2012-07-25 08:20:29',NULL,'0000-00-00 00:00:00'),(435,'id','Daftar Surat Ijin Mengemudi',1,'2012-07-25 08:20:29',NULL,'0000-00-00 00:00:00'),(436,'en','Occupation',1,'2012-07-25 08:41:13',NULL,'0000-00-00 00:00:00'),(436,'id','Pekerjaan',1,'2012-07-25 08:41:13',NULL,'0000-00-00 00:00:00'),(437,'en','Valid Date',1,'2012-07-25 08:57:38',NULL,'0000-00-00 00:00:00'),(437,'id','Tanggal Berlaku',1,'2012-07-25 08:57:38',NULL,'0000-00-00 00:00:00'),(438,'en','Passport',1,'2012-07-25 10:28:09',NULL,'0000-00-00 00:00:00'),(438,'id','Passport',1,'2012-07-25 10:28:09',NULL,'0000-00-00 00:00:00'),(439,'en','Passport List',1,'2012-07-25 10:28:39',NULL,'0000-00-00 00:00:00'),(439,'id','Daftar Passport',1,'2012-07-25 10:28:39',NULL,'0000-00-00 00:00:00'),(440,'en','Date of Issue',1,'2012-07-25 11:21:08',NULL,'0000-00-00 00:00:00'),(440,'id','Tanggal Pengeluaran',1,'2012-07-25 11:21:08',NULL,'0000-00-00 00:00:00'),(441,'en','Date of Expired',1,'2012-07-25 11:20:53',NULL,'0000-00-00 00:00:00'),(441,'id','Tanggal Habis Masa Berlaku',1,'2012-07-25 11:20:53',NULL,'0000-00-00 00:00:00'),(442,'en','Country Code',1,'2012-07-25 10:34:07',NULL,'0000-00-00 00:00:00'),(442,'id','Kode Negara',1,'2012-07-25 10:34:07',NULL,'0000-00-00 00:00:00'),(443,'en','Passport No',1,'2012-07-25 10:54:08',NULL,'0000-00-00 00:00:00'),(443,'id','No Passport',1,'2012-07-25 10:54:08',NULL,'0000-00-00 00:00:00'),(444,'en','Nationality',1,'2012-07-25 11:13:22',NULL,'0000-00-00 00:00:00'),(444,'id','Kewarganegaraan',1,'2012-07-25 11:13:22',NULL,'0000-00-00 00:00:00'),(445,'en','Issuing Office',1,'2012-07-25 11:23:14',NULL,'0000-00-00 00:00:00'),(445,'id','Kantor yang Mengeluarkan',1,'2012-07-25 11:23:14',NULL,'0000-00-00 00:00:00'),(446,'en','Status Input From',1,'2012-07-25 12:37:28',NULL,'0000-00-00 00:00:00'),(446,'id','Status Asal Input',1,'2012-07-25 12:37:28',NULL,'0000-00-00 00:00:00'),(447,'en','Back Office',1,'2012-07-25 12:42:50',NULL,'0000-00-00 00:00:00'),(447,'id','Back Office',1,'2012-07-25 12:42:50',NULL,'0000-00-00 00:00:00'),(448,'en','Visa',1,'2012-07-25 13:04:35',NULL,'0000-00-00 00:00:00'),(448,'id','Visa',1,'2012-07-25 13:04:35',NULL,'0000-00-00 00:00:00'),(449,'en','Visa List',1,'2012-07-25 13:04:53',NULL,'0000-00-00 00:00:00'),(449,'id','Daftar Visa',1,'2012-07-25 13:04:53',NULL,'0000-00-00 00:00:00'),(450,'en','Visa Type',1,'2012-07-25 13:07:20',NULL,'0000-00-00 00:00:00'),(450,'id','Jenis Visa',1,'2012-07-25 13:07:20',NULL,'0000-00-00 00:00:00'),(451,'en','Visa No',1,'2012-07-25 13:18:10',NULL,'0000-00-00 00:00:00'),(451,'id','No Visa',1,'2012-07-25 13:18:10',NULL,'0000-00-00 00:00:00'),(452,'en','Entry Code',1,'2012-07-25 13:20:08',NULL,'0000-00-00 00:00:00'),(452,'id','Kode Entry',1,'2012-07-25 13:20:08',NULL,'0000-00-00 00:00:00'),(453,'en','Maximum Stay',1,'2012-07-25 13:23:04',NULL,'0000-00-00 00:00:00'),(453,'id','Maksimal Hari Tinggal',1,'2012-07-25 13:23:04',NULL,'0000-00-00 00:00:00'),(454,'en','In Days',1,'2012-07-25 13:23:24',NULL,'0000-00-00 00:00:00'),(454,'id','Dalam Hari',1,'2012-07-25 13:23:24',NULL,'0000-00-00 00:00:00'),(455,'en','Other Identity',1,'2012-07-25 14:42:37',NULL,'0000-00-00 00:00:00'),(455,'id','Identitas Lain',1,'2012-07-25 14:42:38',NULL,'0000-00-00 00:00:00'),(456,'en','Other Identity List',1,'2012-07-25 14:43:00',NULL,'0000-00-00 00:00:00'),(456,'id','Daftar Identitas Lain',1,'2012-07-25 14:43:00',NULL,'0000-00-00 00:00:00'),(457,'en','Address List',1,'2012-07-26 08:39:26',NULL,'0000-00-00 00:00:00'),(457,'id','Daftar Alamat',1,'2012-07-26 08:39:26',NULL,'0000-00-00 00:00:00'),(458,'en','Address Category',1,'2012-07-26 08:42:45',NULL,'0000-00-00 00:00:00'),(458,'id','Kategori Alamat',1,'2012-07-26 08:42:45',NULL,'0000-00-00 00:00:00'),(459,'en','Village',1,'2012-07-26 09:14:43',NULL,'0000-00-00 00:00:00'),(459,'id','Kelurahan',1,'2012-07-26 09:14:43',NULL,'0000-00-00 00:00:00'),(460,'en','Postal Code',1,'2012-07-26 09:21:31',NULL,'0000-00-00 00:00:00'),(460,'id','Kode Pos',1,'2012-07-26 09:21:31',NULL,'0000-00-00 00:00:00'),(461,'en','Fax No',1,'2012-07-26 09:33:09',NULL,'0000-00-00 00:00:00'),(461,'id','No Fax',1,'2012-07-26 09:33:09',NULL,'0000-00-00 00:00:00'),(462,'en','Area Code',1,'2012-07-26 10:45:48',NULL,'0000-00-00 00:00:00'),(462,'id','Kode Area',1,'2012-07-26 10:45:48',NULL,'0000-00-00 00:00:00'),(463,'en','Phone List',1,'2012-07-26 10:48:37',NULL,'0000-00-00 00:00:00'),(463,'id','Daftar Telepon',1,'2012-07-26 10:48:37',NULL,'0000-00-00 00:00:00'),(464,'en','Example',1,'2012-07-26 11:07:58',NULL,'0000-00-00 00:00:00'),(464,'id','Contoh',1,'2012-07-26 11:07:59',NULL,'0000-00-00 00:00:00'),(465,'en','Street',1,'2012-07-26 11:25:42',NULL,'0000-00-00 00:00:00'),(465,'id','Alamat',1,'2012-07-26 11:25:42',NULL,'0000-00-00 00:00:00'),(466,'en','Email List',1,'2012-07-26 11:37:36',NULL,'0000-00-00 00:00:00'),(466,'id','Daftar Email',1,'2012-07-26 11:37:36',NULL,'0000-00-00 00:00:00'),(467,'en','Instant Messaging (IM)',1,'2012-07-26 13:19:46',NULL,'0000-00-00 00:00:00'),(467,'id','Instant Messaging (IM)',1,'2012-07-26 13:19:46',NULL,'0000-00-00 00:00:00'),(468,'en','Instant Messaging (IM) List',1,'2012-07-26 13:20:38',NULL,'0000-00-00 00:00:00'),(468,'id','Daftar Instant Messaging (IM)',1,'2012-07-26 13:20:38',NULL,'0000-00-00 00:00:00'),(469,'en','IM Client',1,'2012-07-26 13:22:43',NULL,'0000-00-00 00:00:00'),(469,'id','IM Client',1,'2012-07-26 13:22:43',NULL,'0000-00-00 00:00:00'),(470,'en','IM Icon',1,'2012-07-26 13:23:37',NULL,'0000-00-00 00:00:00'),(470,'id','IM Icon',1,'2012-07-26 13:23:37',NULL,'0000-00-00 00:00:00'),(471,'en','PIN',1,'2012-07-26 13:23:46',NULL,'0000-00-00 00:00:00'),(471,'id','PIN',1,'2012-07-26 13:23:46',NULL,'0000-00-00 00:00:00'),(472,'en','Social Media',1,'2012-07-26 15:19:12',NULL,'0000-00-00 00:00:00'),(472,'id','Jejaring Sosial',1,'2012-07-26 15:19:12',NULL,'0000-00-00 00:00:00'),(473,'en','Social Media List',1,'2012-07-26 15:19:33',NULL,'0000-00-00 00:00:00'),(473,'id','Daftar Jejaring Sosial',1,'2012-07-26 15:19:33',NULL,'0000-00-00 00:00:00'),(474,'en','Website',1,'2012-07-27 08:19:17',NULL,'0000-00-00 00:00:00'),(474,'id','Website',1,'2012-07-27 08:19:17',NULL,'0000-00-00 00:00:00'),(475,'en','Website List',1,'2012-07-27 08:19:38',NULL,'0000-00-00 00:00:00'),(475,'id','Daftar Website',1,'2012-07-27 08:19:38',NULL,'0000-00-00 00:00:00'),(476,'en','Relation',1,'2012-07-27 08:52:39',NULL,'0000-00-00 00:00:00'),(476,'id','Hubungan',1,'2012-07-27 08:52:39',NULL,'0000-00-00 00:00:00'),(477,'en','Referral',1,'2012-07-27 08:53:03',NULL,'0000-00-00 00:00:00'),(477,'id','Kontak Orang Terdekat',1,'2012-07-27 08:53:03',NULL,'0000-00-00 00:00:00'),(478,'en','Referral List',1,'2012-07-27 08:54:17',NULL,'0000-00-00 00:00:00'),(478,'id','Daftar Kontak Orang Terdekat',1,'2012-07-27 08:54:17',NULL,'0000-00-00 00:00:00'),(479,'en','Mobile',1,'2012-07-27 09:14:56',NULL,'0000-00-00 00:00:00'),(479,'id','No Handphone',1,'2012-07-27 09:14:56',NULL,'0000-00-00 00:00:00'),(480,'en','Period of Study',1,'2012-07-27 10:53:59',NULL,'0000-00-00 00:00:00'),(480,'id','Masa Studi',1,'2012-07-27 10:53:59',NULL,'0000-00-00 00:00:00'),(481,'en','Length of Study',1,'2012-07-27 10:54:24',NULL,'0000-00-00 00:00:00'),(481,'id','Lama Studi',1,'2012-07-27 10:54:25',NULL,'0000-00-00 00:00:00'),(482,'en','Formal Education',1,'2012-07-27 10:54:49',NULL,'0000-00-00 00:00:00'),(482,'id','Pendidikan Formal',1,'2012-07-27 10:54:49',NULL,'0000-00-00 00:00:00'),(483,'en','Formal Education List',1,'2012-07-27 10:55:16',NULL,'0000-00-00 00:00:00'),(483,'id','Daftar Pendidikan Formal',1,'2012-07-27 10:55:16',NULL,'0000-00-00 00:00:00'),(484,'en','Level',1,'2012-07-27 11:00:34',NULL,'0000-00-00 00:00:00'),(484,'id','Tingkat',1,'2012-07-27 11:00:34',NULL,'0000-00-00 00:00:00'),(485,'en','Education',1,'2012-07-27 11:05:26',NULL,'0000-00-00 00:00:00'),(485,'id','Pendidikan',1,'2012-07-27 11:05:26',NULL,'0000-00-00 00:00:00'),(486,'en','Defenition',1,'2012-07-27 11:08:04',NULL,'0000-00-00 00:00:00'),(486,'id','Defenisi',1,'2012-07-27 11:08:04',NULL,'0000-00-00 00:00:00'),(487,'en','Akademik Degree',1,'2012-07-27 12:54:36',NULL,'0000-00-00 00:00:00'),(487,'id','Gelar Akademik',1,'2012-07-27 12:54:36',NULL,'0000-00-00 00:00:00'),(488,'en','Prefix',1,'2012-07-27 12:56:08',NULL,'0000-00-00 00:00:00'),(488,'id','Depan',1,'2012-07-27 12:56:08',NULL,'0000-00-00 00:00:00'),(489,'en','Sufix',1,'2012-07-27 12:55:34',NULL,'0000-00-00 00:00:00'),(489,'id','Belakang',1,'2012-07-27 12:55:34',NULL,'0000-00-00 00:00:00'),(491,'en','Total Semester',1,'2012-07-27 13:32:52',NULL,'0000-00-00 00:00:00'),(491,'id','Total Semester',1,'2012-07-27 13:32:52',NULL,'0000-00-00 00:00:00'),(492,'en','In Year',1,'2012-07-27 13:33:12',NULL,'0000-00-00 00:00:00'),(492,'id','Dalam Tahun',1,'2012-07-27 13:33:12',NULL,'0000-00-00 00:00:00'),(493,'en','In Semester',1,'2012-07-27 13:33:31',NULL,'0000-00-00 00:00:00'),(493,'id','Dalam Semester',1,'2012-07-27 13:33:31',NULL,'0000-00-00 00:00:00'),(494,'en','IPK',1,'2012-07-27 13:34:54',NULL,'0000-00-00 00:00:00'),(494,'id','IPK',1,'2012-07-27 13:34:54',NULL,'0000-00-00 00:00:00'),(495,'en','Diploma No',1,'2012-07-27 13:36:29',NULL,'0000-00-00 00:00:00'),(495,'id','No Ijazah',1,'2012-07-27 13:36:29',NULL,'0000-00-00 00:00:00'),(496,'en','Legalized Date',1,'2012-07-27 13:38:11',NULL,'0000-00-00 00:00:00'),(496,'id','Tanggal Legalisir Ijazah',1,'2012-07-27 13:38:11',NULL,'0000-00-00 00:00:00'),(497,'en','Ceritificate Year',1,'2012-07-30 11:14:50',NULL,'0000-00-00 00:00:00'),(497,'id','Tahun Sertifikasi',1,'2012-07-30 11:14:50',NULL,'0000-00-00 00:00:00'),(498,'en','Seminar',1,'2012-07-30 10:20:10',NULL,'0000-00-00 00:00:00'),(498,'id','Seminar',1,'2012-07-30 10:20:10',NULL,'0000-00-00 00:00:00'),(499,'en','Seminar List',1,'2012-07-30 10:20:30',NULL,'0000-00-00 00:00:00'),(499,'id','Daftar Seminar',1,'2012-07-30 10:20:30',NULL,'0000-00-00 00:00:00'),(500,'en','Workshop',1,'2012-07-30 11:11:45',NULL,'0000-00-00 00:00:00'),(500,'id','Workshop / Pelatihan',1,'2012-07-30 11:11:45',NULL,'0000-00-00 00:00:00'),(501,'en','Workshop List',1,'2012-07-30 10:21:41',NULL,'0000-00-00 00:00:00'),(501,'id','Daftar Workshop / Pelatihan',1,'2012-07-30 10:21:41',NULL,'0000-00-00 00:00:00'),(502,'en','Theme',1,'2012-07-30 11:12:09',NULL,'0000-00-00 00:00:00'),(502,'id','Tema',1,'2012-07-30 11:12:09',NULL,'0000-00-00 00:00:00'),(503,'en','Background',1,'2012-07-30 11:12:28',NULL,'0000-00-00 00:00:00'),(503,'id','Latar Belakang',1,'2012-07-30 11:12:28',NULL,'0000-00-00 00:00:00'),(504,'en','Seminar Name',1,'2012-07-30 11:12:45',NULL,'0000-00-00 00:00:00'),(504,'id','Nama Seminar',1,'2012-07-30 11:12:45',NULL,'0000-00-00 00:00:00'),(505,'en','Role',1,'2012-07-30 11:12:57',NULL,'0000-00-00 00:00:00'),(505,'id','Keperluan',1,'2012-07-30 11:12:57',NULL,'0000-00-00 00:00:00'),(506,'en','Information',1,'2012-07-30 11:13:17',NULL,'0000-00-00 00:00:00'),(506,'id','Informasi',1,'2012-07-30 11:13:17',NULL,'0000-00-00 00:00:00'),(507,'en','Trainer',1,'2012-07-30 11:13:43',NULL,'0000-00-00 00:00:00'),(507,'id','Pelatih',1,'2012-07-30 11:13:43',NULL,'0000-00-00 00:00:00'),(508,'en','Trainer Profile ',1,'2012-07-30 11:13:57',NULL,'0000-00-00 00:00:00'),(508,'id','Profil Pelatih',1,'2012-07-30 11:13:57',NULL,'0000-00-00 00:00:00'),(509,'en','Duration',1,'2012-07-30 11:15:34',NULL,'0000-00-00 00:00:00'),(509,'id','Durasi',1,'2012-07-30 11:15:34',NULL,'0000-00-00 00:00:00'),(510,'en','Date of Implementation',1,'2012-07-30 11:15:58',NULL,'0000-00-00 00:00:00'),(510,'id','Tanggal Pelaksanaan',1,'2012-07-30 11:15:58',NULL,'0000-00-00 00:00:00'),(511,'en','Organizer',1,'2012-07-30 11:16:16',NULL,'0000-00-00 00:00:00'),(511,'id','Penyelenggara',1,'2012-07-30 11:16:16',NULL,'0000-00-00 00:00:00'),(512,'en','Workshop Name',1,'2012-07-30 11:16:39',NULL,'0000-00-00 00:00:00'),(512,'id','Nama Pelatihan',1,'2012-07-30 11:16:39',NULL,'0000-00-00 00:00:00'),(513,'en','Session',1,'2012-07-30 11:16:53',NULL,'0000-00-00 00:00:00'),(513,'id','Sesi',1,'2012-07-30 11:16:54',NULL,'0000-00-00 00:00:00'),(514,'en','Place',1,'2012-07-30 11:17:17',NULL,'0000-00-00 00:00:00'),(514,'id','Tempat',1,'2012-07-30 11:17:17',NULL,'0000-00-00 00:00:00'),(515,'en','Building',1,'2012-07-30 11:17:33',NULL,'0000-00-00 00:00:00'),(515,'id','Gedung',1,'2012-07-30 11:17:33',NULL,'0000-00-00 00:00:00'),(516,'en','Start',1,'2012-07-30 11:17:54',NULL,'0000-00-00 00:00:00'),(516,'id','Mulai',1,'2012-07-30 11:17:54',NULL,'0000-00-00 00:00:00'),(517,'en','End',1,'2012-07-30 11:18:02',NULL,'0000-00-00 00:00:00'),(517,'id','Selesai',1,'2012-07-30 11:18:02',NULL,'0000-00-00 00:00:00'),(518,'en','In Hour',1,'2012-07-30 11:19:28',NULL,'0000-00-00 00:00:00'),(518,'id','Dalam Jam',1,'2012-07-30 11:19:28',NULL,'0000-00-00 00:00:00'),(519,'en','Work Period',1,'2012-07-30 11:34:19',NULL,'0000-00-00 00:00:00'),(519,'id','Masa Kerja',1,'2012-07-30 11:34:19',NULL,'0000-00-00 00:00:00'),(520,'en','Work Experience',1,'2012-07-30 11:35:03',NULL,'0000-00-00 00:00:00'),(520,'id','Pengalaman Kerja',1,'2012-07-30 11:35:03',NULL,'0000-00-00 00:00:00'),(521,'en','Work Experience List',1,'2012-07-30 11:35:23',NULL,'0000-00-00 00:00:00'),(521,'id','Daftar Pengalaman Kerja',1,'2012-07-30 11:35:23',NULL,'0000-00-00 00:00:00'),(522,'en','Company Information',1,'2012-07-30 11:47:11',NULL,'0000-00-00 00:00:00'),(522,'id','Informasi Perusahaan',1,'2012-07-30 11:47:11',NULL,'0000-00-00 00:00:00'),(523,'en','Work Reference',1,'2012-07-30 11:57:48',NULL,'0000-00-00 00:00:00'),(523,'id','Referensi Kerja',1,'2012-07-30 11:57:48',NULL,'0000-00-00 00:00:00'),(524,'en','Start Date',1,'2012-07-30 12:00:57',NULL,'0000-00-00 00:00:00'),(524,'id','Tanggal Mulai',1,'2012-07-30 12:00:57',NULL,'0000-00-00 00:00:00'),(525,'en','Contact No',1,'2012-07-30 12:01:11',NULL,'0000-00-00 00:00:00'),(525,'id','No Kontak',1,'2012-07-30 12:01:11',NULL,'0000-00-00 00:00:00'),(526,'en','Work Referral',1,'2012-07-30 12:02:04',NULL,'0000-00-00 00:00:00'),(526,'id','Referensi Kerja',1,'2012-07-30 12:02:04',NULL,'0000-00-00 00:00:00'),(527,'en','Semester',1,'2012-07-30 15:28:16',NULL,'0000-00-00 00:00:00'),(527,'id','Semester',1,'2012-07-30 15:28:16',NULL,'0000-00-00 00:00:00'),(528,'en','Project Name',1,'2012-07-31 08:23:11',NULL,'0000-00-00 00:00:00'),(528,'id','Nama Proyek',1,'2012-07-31 08:23:12',NULL,'0000-00-00 00:00:00'),(529,'en','Contract',1,'2012-07-31 08:23:22',NULL,'0000-00-00 00:00:00'),(529,'id','Kontrak',1,'2012-07-31 08:23:22',NULL,'0000-00-00 00:00:00'),(530,'en','Service Users',1,'2012-07-31 08:24:33',NULL,'0000-00-00 00:00:00'),(530,'id','Pengguna Jasa',1,'2012-07-31 08:24:33',NULL,'0000-00-00 00:00:00'),(531,'en','Client',1,'2012-07-31 08:24:49',NULL,'0000-00-00 00:00:00'),(531,'id','Pemberi Kerja',1,'2012-07-31 08:24:49',NULL,'0000-00-00 00:00:00'),(532,'en','Project Year',1,'2012-07-31 08:26:25',NULL,'0000-00-00 00:00:00'),(532,'id','Tahun Proyek',1,'2012-07-31 08:26:25',NULL,'0000-00-00 00:00:00'),(533,'en','Project Experience',1,'2012-07-31 08:27:09',NULL,'0000-00-00 00:00:00'),(533,'id','Pengalaman Proyek',1,'2012-07-31 08:27:09',NULL,'0000-00-00 00:00:00'),(534,'en','Project Experience List',1,'2012-07-31 08:27:28',NULL,'0000-00-00 00:00:00'),(534,'id','Daftar Pengalaman Proyek',1,'2012-07-31 08:27:28',NULL,'0000-00-00 00:00:00'),(535,'en','Project Location',1,'2012-07-31 08:40:56',NULL,'0000-00-00 00:00:00'),(535,'id','Lokasi Proyek',1,'2012-07-31 08:40:56',NULL,'0000-00-00 00:00:00'),(536,'en','Project Description',1,'2012-07-31 08:41:18',NULL,'0000-00-00 00:00:00'),(536,'id','Deskripsi Proyek',1,'2012-07-31 08:41:18',NULL,'0000-00-00 00:00:00'),(537,'en','On Behalf The Company',1,'2012-07-31 08:41:51',NULL,'0000-00-00 00:00:00'),(537,'id','Atas Nama Perusahaan',1,'2012-07-31 08:41:51',NULL,'0000-00-00 00:00:00'),(538,'en','Job Desc',1,'2012-07-31 08:48:53',NULL,'0000-00-00 00:00:00'),(538,'id','Deskripsi Tugas',1,'2012-07-31 08:48:53',NULL,'0000-00-00 00:00:00'),(539,'en','Project Period / Contract',1,'2012-07-31 08:49:38',NULL,'0000-00-00 00:00:00'),(539,'id','Masa Proyek / Kontrak',1,'2012-07-31 08:49:38',NULL,'0000-00-00 00:00:00'),(540,'en','Reference Letter From Client',1,'2012-07-31 08:50:47',NULL,'0000-00-00 00:00:00'),(540,'id','Surat Referensi Dari Pengguna Jasa',1,'2012-07-31 08:50:47',NULL,'0000-00-00 00:00:00'),(541,'en','Task Desc',1,'2012-07-31 09:56:41',NULL,'0000-00-00 00:00:00'),(541,'id','Deskripsi Tugas',1,'2012-07-31 09:56:41',NULL,'0000-00-00 00:00:00'),(542,'en','Organization Experience',1,'2012-07-31 10:11:14',NULL,'0000-00-00 00:00:00'),(542,'id','Pengalaman Organisasi',1,'2012-07-31 10:11:14',NULL,'0000-00-00 00:00:00'),(543,'en','Organization Experience List',1,'2012-07-31 10:11:34',NULL,'0000-00-00 00:00:00'),(543,'id','Daftar Pengalaman Organisasi',1,'2012-07-31 10:11:34',NULL,'0000-00-00 00:00:00'),(544,'en','Organization Name',1,'2012-07-31 10:26:45',NULL,'0000-00-00 00:00:00'),(544,'id','Nama Organisasi',1,'2012-07-31 10:26:45',NULL,'0000-00-00 00:00:00'),(545,'en','Organization Period',1,'2012-07-31 10:31:11',NULL,'0000-00-00 00:00:00'),(545,'id','Periode Organisasi',1,'2012-07-31 10:31:11',NULL,'0000-00-00 00:00:00'),(546,'en','Role Description',1,'2012-07-31 10:31:35',NULL,'0000-00-00 00:00:00'),(546,'id','Deskripsi Peranan',1,'2012-07-31 10:31:35',NULL,'0000-00-00 00:00:00'),(547,'en','Achievement Experience',1,'2012-07-31 11:19:57',NULL,'0000-00-00 00:00:00'),(547,'id','Pengalaman Penghargaan',1,'2012-07-31 11:19:57',NULL,'0000-00-00 00:00:00'),(548,'en','Achievement Experience List',1,'2012-07-31 11:20:19',NULL,'0000-00-00 00:00:00'),(548,'id','Daftar Pengalaman Penghargaan',1,'2012-07-31 11:20:19',NULL,'0000-00-00 00:00:00'),(549,'en','Achievement Name',1,'2012-07-31 11:22:04',NULL,'0000-00-00 00:00:00'),(549,'id','Nama Penghargaan',1,'2012-07-31 11:22:04',NULL,'0000-00-00 00:00:00'),(550,'en','Achievement Description',1,'2012-07-31 11:29:12',NULL,'0000-00-00 00:00:00'),(550,'id','Deskripsi Penghargaan',1,'2012-07-31 11:29:12',NULL,'0000-00-00 00:00:00'),(551,'en','Achievement Year',1,'2012-07-31 11:28:49',NULL,'0000-00-00 00:00:00'),(551,'id','Tahun Penghargaan',1,'2012-07-31 11:28:49',NULL,'0000-00-00 00:00:00'),(553,'en','PIC',1,'2012-09-28 16:15:59',NULL,'0000-00-00 00:00:00'),(553,'id','Penanggung Jawab',1,'2012-09-28 16:15:59',NULL,'0000-00-00 00:00:00'),(554,'en','Batchcode',1,'2012-08-14 09:49:33',NULL,'0000-00-00 00:00:00'),(554,'id','Batchcode',1,'2012-08-14 09:49:33',NULL,'0000-00-00 00:00:00'),(555,'en','Expired',1,'2012-07-31 12:54:17',NULL,'0000-00-00 00:00:00'),(555,'id','Kadaluarsa',1,'2012-07-31 12:54:17',NULL,'0000-00-00 00:00:00'),(556,'en','Certification',1,'2012-07-31 12:55:14',NULL,'0000-00-00 00:00:00'),(556,'id','Sertifikasi',1,'2012-07-31 12:55:14',NULL,'0000-00-00 00:00:00'),(557,'en','Certification List',1,'2012-07-31 12:55:31',NULL,'0000-00-00 00:00:00'),(557,'id','Daftar Sertifikasi',1,'2012-07-31 12:55:31',NULL,'0000-00-00 00:00:00'),(558,'en','Certification Name',1,'2012-07-31 12:56:03',NULL,'0000-00-00 00:00:00'),(558,'id','Nama Sertifikasi',1,'2012-07-31 12:56:03',NULL,'0000-00-00 00:00:00'),(559,'en','Service Provider',1,'2012-07-31 13:06:17',NULL,'0000-00-00 00:00:00'),(559,'id','Penyedia Layanan',1,'2012-07-31 13:06:17',NULL,'0000-00-00 00:00:00'),(560,'en','Quotation Date',1,'2012-07-31 13:10:04',NULL,'0000-00-00 00:00:00'),(560,'id','Tanggal Penetapan',1,'2012-07-31 13:10:04',NULL,'0000-00-00 00:00:00'),(561,'en','Result',1,'2012-11-23 08:28:47',NULL,'0000-00-00 00:00:00'),(561,'id','Hasil',1,'2012-11-23 08:28:47',NULL,'0000-00-00 00:00:00'),(562,'en','Official Name',1,'2012-07-31 13:14:51',NULL,'0000-00-00 00:00:00'),(562,'id','Nama Pengesah',1,'2012-07-31 13:14:51',NULL,'0000-00-00 00:00:00'),(563,'en','Official Position',1,'2012-07-31 13:15:10',NULL,'0000-00-00 00:00:00'),(563,'id','Jabatan Pengesah',1,'2012-07-31 13:15:10',NULL,'0000-00-00 00:00:00'),(564,'en','If There is',1,'2012-07-31 13:15:29',NULL,'0000-00-00 00:00:00'),(564,'id','Jika Ada',1,'2012-07-31 13:15:29',NULL,'0000-00-00 00:00:00'),(565,'en','All',1,'2012-07-31 13:20:06',NULL,'0000-00-00 00:00:00'),(565,'id','Semua',1,'2012-07-31 13:20:06',NULL,'0000-00-00 00:00:00'),(566,'en','Supervisor',1,'2012-07-31 14:30:29',NULL,'0000-00-00 00:00:00'),(566,'id','Supervisor',1,'2012-07-31 14:30:29',NULL,'0000-00-00 00:00:00'),(567,'en','Medical Record Type',1,'2012-07-31 14:35:04',NULL,'0000-00-00 00:00:00'),(567,'id','Jenis Rekam Medis',1,'2012-07-31 14:35:04',NULL,'0000-00-00 00:00:00'),(568,'en','Supervision',1,'2012-07-31 15:00:46',NULL,'0000-00-00 00:00:00'),(568,'id','Pengawasan / Supervisi',1,'2012-07-31 15:00:46',NULL,'0000-00-00 00:00:00'),(569,'en','Supervision List',1,'2012-07-31 15:01:12',NULL,'0000-00-00 00:00:00'),(569,'id','Daftar Pengawasan',1,'2012-07-31 15:01:12',NULL,'0000-00-00 00:00:00'),(570,'en','Functional Position',1,'2012-08-01 09:41:42',NULL,'0000-00-00 00:00:00'),(570,'id','Jabatan Fungsional',1,'2012-08-01 09:41:42',NULL,'0000-00-00 00:00:00'),(571,'en','Functional Position List ',1,'2012-08-01 09:42:12',NULL,'0000-00-00 00:00:00'),(571,'id','Daftar Jabatan Fungsional',1,'2012-08-01 09:42:12',NULL,'0000-00-00 00:00:00'),(572,'en','Grade',1,'2012-08-01 10:36:29',NULL,'0000-00-00 00:00:00'),(572,'id','Pangkat Golongan',1,'2012-08-01 10:36:29',NULL,'0000-00-00 00:00:00'),(573,'en','Grade List',1,'2012-08-01 10:36:45',NULL,'0000-00-00 00:00:00'),(573,'id','Daftar Pangkat Golongan',1,'2012-08-01 10:36:45',NULL,'0000-00-00 00:00:00'),(574,'en','Marital Status',1,'2012-08-01 12:35:19',NULL,'0000-00-00 00:00:00'),(574,'id','Status Pernikahan',1,'2012-08-01 12:35:19',NULL,'0000-00-00 00:00:00'),(575,'en','Marital Status List',1,'2012-08-01 12:35:38',NULL,'0000-00-00 00:00:00'),(575,'id','Daftar Status Pernikahan',1,'2012-08-01 12:35:38',NULL,'0000-00-00 00:00:00'),(576,'en','Marriage Date',1,'2012-08-01 12:55:11',NULL,'0000-00-00 00:00:00'),(576,'id','Tanggal Menikah',1,'2012-08-01 12:55:11',NULL,'0000-00-00 00:00:00'),(577,'en','Salary Amount',1,'2012-08-01 15:30:06',NULL,'0000-00-00 00:00:00'),(577,'id','Nominal Gaji',1,'2012-08-01 15:30:06',NULL,'0000-00-00 00:00:00'),(578,'en','Basic Salary',1,'2012-08-01 15:31:31',NULL,'0000-00-00 00:00:00'),(578,'id','Gaji Pokok',1,'2012-08-01 15:31:31',NULL,'0000-00-00 00:00:00'),(579,'en','Basic Salary List',1,'2012-08-01 15:31:53',NULL,'0000-00-00 00:00:00'),(579,'id','Daftar Gaji Pokok',1,'2012-08-01 15:31:53',NULL,'0000-00-00 00:00:00'),(580,'en',' Punishment Type',1,'2012-08-01 15:59:15',NULL,'0000-00-00 00:00:00'),(580,'id','Jenis Hukuman',1,'2012-08-01 15:59:15',NULL,'0000-00-00 00:00:00'),(581,'en','Punishment Level',1,'2012-08-02 08:20:57',NULL,'0000-00-00 00:00:00'),(581,'id','Tingkat Hukuman',1,'2012-08-02 08:20:57',NULL,'0000-00-00 00:00:00'),(582,'en','Punishment',1,'2012-08-02 08:36:52',NULL,'0000-00-00 00:00:00'),(582,'id','Hukuman',1,'2012-08-02 08:36:52',NULL,'0000-00-00 00:00:00'),(583,'en','Punishment List',1,'2012-08-02 08:37:16',NULL,'0000-00-00 00:00:00'),(583,'id','Daftar Hukuman',1,'2012-08-02 08:37:16',NULL,'0000-00-00 00:00:00'),(584,'en','Work Service Adjusment',1,'2012-08-02 09:57:33',NULL,'0000-00-00 00:00:00'),(584,'id','Penyesuaian Masa Kerja',1,'2012-08-02 09:57:33',NULL,'0000-00-00 00:00:00'),(585,'en','Work Service Adjusment List',1,'2012-08-02 09:57:53',NULL,'0000-00-00 00:00:00'),(585,'id','Daftar Penyesuaian Masa Kerja',1,'2012-08-02 09:57:53',NULL,'0000-00-00 00:00:00'),(586,'en','Start Period',1,'2012-08-02 10:01:17',NULL,'0000-00-00 00:00:00'),(586,'id','Awal Masa Kerja',1,'2012-08-02 10:01:17',NULL,'0000-00-00 00:00:00'),(587,'en','January',1,'2012-08-02 11:35:55',NULL,'0000-00-00 00:00:00'),(587,'id','Januari',1,'2012-08-02 11:35:55',NULL,'0000-00-00 00:00:00'),(588,'en','February',1,'2012-08-02 11:36:14',NULL,'0000-00-00 00:00:00'),(588,'id','Februari',1,'2012-08-02 11:36:14',NULL,'0000-00-00 00:00:00'),(589,'en','March',1,'2012-08-02 11:36:25',NULL,'0000-00-00 00:00:00'),(589,'id','Maret',1,'2012-08-02 11:36:25',NULL,'0000-00-00 00:00:00'),(590,'en','April',1,'2012-08-02 11:36:39',NULL,'0000-00-00 00:00:00'),(590,'id','April',1,'2012-08-02 11:36:39',NULL,'0000-00-00 00:00:00'),(591,'en','May',1,'2012-08-02 11:36:52',NULL,'0000-00-00 00:00:00'),(591,'id','Mei',1,'2012-08-02 11:36:53',NULL,'0000-00-00 00:00:00'),(592,'en','June',1,'2012-08-02 11:37:18',NULL,'0000-00-00 00:00:00'),(592,'id','Juni',1,'2012-08-02 11:37:18',NULL,'0000-00-00 00:00:00'),(593,'en','July',1,'2012-08-02 11:37:40',NULL,'0000-00-00 00:00:00'),(593,'id','Juli',1,'2012-08-02 11:37:40',NULL,'0000-00-00 00:00:00'),(594,'en','August',1,'2012-08-02 11:37:55',NULL,'0000-00-00 00:00:00'),(594,'id','Agustus',1,'2012-08-02 11:37:55',NULL,'0000-00-00 00:00:00'),(595,'en','September',1,'2012-08-02 11:38:13',NULL,'0000-00-00 00:00:00'),(595,'id','September',1,'2012-08-02 11:38:13',NULL,'0000-00-00 00:00:00'),(596,'en','October',1,'2012-08-02 11:38:25',NULL,'0000-00-00 00:00:00'),(596,'id','Oktober',1,'2012-08-02 11:38:25',NULL,'0000-00-00 00:00:00'),(597,'en','November',1,'2012-08-02 11:38:45',NULL,'0000-00-00 00:00:00'),(597,'id','November',1,'2012-08-02 11:38:45',NULL,'0000-00-00 00:00:00'),(598,'en','December',1,'2012-08-02 11:39:09',NULL,'0000-00-00 00:00:00'),(598,'id','Desember',1,'2012-08-02 11:39:09',NULL,'0000-00-00 00:00:00'),(599,'en','Service Duty',1,'2012-08-02 12:07:28',NULL,'0000-00-00 00:00:00'),(599,'id','Ikatan Dinas',1,'2012-08-02 12:07:28',NULL,'0000-00-00 00:00:00'),(600,'en','Service Duty List',1,'2012-08-02 12:09:10',NULL,'0000-00-00 00:00:00'),(600,'id','Daftar Ikatan Dinas',1,'2012-08-02 12:09:10',NULL,'0000-00-00 00:00:00'),(601,'en','Service Duty Period',1,'2012-08-02 12:08:02',NULL,'0000-00-00 00:00:00'),(601,'id','Masa Ikatan Dinas',1,'2012-08-02 12:08:02',NULL,'0000-00-00 00:00:00'),(602,'en','Informal Education',1,'2012-08-02 13:01:57',NULL,'0000-00-00 00:00:00'),(602,'id','Pendidikan Informal',1,'2012-08-02 13:01:57',NULL,'0000-00-00 00:00:00'),(603,'en','Informal Education List',1,'2012-08-02 13:03:03',NULL,'0000-00-00 00:00:00'),(603,'id','Daftar Pendidikan Informal',1,'2012-08-02 13:03:04',NULL,'0000-00-00 00:00:00'),(604,'en','Nonformal Education',1,'2012-08-02 13:05:59',NULL,'0000-00-00 00:00:00'),(604,'id','Pendidikan Nonformal',1,'2012-08-02 13:06:01',NULL,'0000-00-00 00:00:00'),(605,'en','Nonformal Education List',1,'2012-08-02 13:07:15',NULL,'0000-00-00 00:00:00'),(605,'id','Daftar Pendidikan Nonformal',1,'2012-08-02 13:07:15',NULL,'0000-00-00 00:00:00'),(606,'en','Instant Messaging (IM)',1,'2012-08-02 15:40:35',NULL,'0000-00-00 00:00:00'),(606,'id','Instant Messaging (IM)',1,'2012-08-02 15:40:35',NULL,'0000-00-00 00:00:00'),(607,'en','Biodata',1,'2012-08-02 15:53:43',NULL,'0000-00-00 00:00:00'),(607,'id','Biodata',1,'2012-08-02 15:53:43',NULL,'0000-00-00 00:00:00'),(608,'en','Contacts',1,'2012-08-02 15:53:58',NULL,'0000-00-00 00:00:00'),(608,'id','Kontak',1,'2012-08-02 15:53:58',NULL,'0000-00-00 00:00:00'),(609,'en','Personal Information',1,'2012-08-03 08:03:43',NULL,'0000-00-00 00:00:00'),(609,'id','Informasi Pribadi',1,'2012-08-03 08:03:43',NULL,'0000-00-00 00:00:00'),(610,'en','Medical History',1,'2012-08-03 08:39:42',NULL,'0000-00-00 00:00:00'),(610,'id','Riwayat Kesehatan',1,'2012-08-03 08:39:42',NULL,'0000-00-00 00:00:00'),(611,'en','Medical History List',1,'2012-08-03 08:40:10',NULL,'0000-00-00 00:00:00'),(611,'id','Daftar Riwayat Kesehatan',1,'2012-08-03 08:40:10',NULL,'0000-00-00 00:00:00'),(612,'en','Disease Name',1,'2012-08-03 09:45:20',NULL,'0000-00-00 00:00:00'),(612,'id','Nama Penyakit',1,'2012-08-03 09:45:20',NULL,'0000-00-00 00:00:00'),(613,'en','Medical Action',1,'2012-08-03 09:46:46',NULL,'0000-00-00 00:00:00'),(613,'id','Tindakan Medis',1,'2012-08-03 09:46:46',NULL,'0000-00-00 00:00:00'),(614,'en','Action Date',1,'2012-08-03 09:47:28',NULL,'0000-00-00 00:00:00'),(614,'id','Tanggal Kejadian',1,'2012-08-03 09:47:28',NULL,'0000-00-00 00:00:00'),(615,'en','Time Period',1,'2012-08-03 09:48:34',NULL,'0000-00-00 00:00:00'),(615,'id','Lama Kejadian',1,'2012-08-03 09:48:34',NULL,'0000-00-00 00:00:00'),(616,'en','Had Surgery',1,'2012-08-03 10:22:10',NULL,'0000-00-00 00:00:00'),(616,'id','Pernah Operasi',1,'2012-08-03 10:22:10',NULL,'0000-00-00 00:00:00'),(617,'en','Disease who had suffered',1,'2012-08-03 10:23:37',NULL,'0000-00-00 00:00:00'),(617,'id','Penyakit yang pernah diderita',1,'2012-08-03 10:23:37',NULL,'0000-00-00 00:00:00'),(618,'en','Age at illness',1,'2012-08-03 10:32:01',NULL,'0000-00-00 00:00:00'),(618,'id','Umur saat Sakit',1,'2012-08-03 10:32:01',NULL,'0000-00-00 00:00:00'),(619,'en','Day',1,'2012-08-03 10:34:25',NULL,'0000-00-00 00:00:00'),(619,'id','Hari',1,'2012-08-03 10:34:25',NULL,'0000-00-00 00:00:00'),(620,'en','Specialization',1,'2012-08-03 10:39:04',NULL,'0000-00-00 00:00:00'),(620,'id','Spesialisasi',1,'2012-08-03 10:39:04',NULL,'0000-00-00 00:00:00'),(621,'en','Type',1,'2012-08-03 10:39:27',NULL,'0000-00-00 00:00:00'),(621,'id','Jenis',1,'2012-08-03 10:39:27',NULL,'0000-00-00 00:00:00'),(622,'en','Doctor Contact',1,'2012-08-03 10:42:12',NULL,'0000-00-00 00:00:00'),(622,'id','No. Kontak Dokter',1,'2012-08-03 10:42:12',NULL,'0000-00-00 00:00:00'),(623,'en','Hospital',1,'2012-08-03 10:42:49',NULL,'0000-00-00 00:00:00'),(623,'id','Rumah Sakit',1,'2012-08-03 10:42:49',NULL,'0000-00-00 00:00:00'),(624,'en','Hospital Address',1,'2012-08-03 10:46:03',NULL,'0000-00-00 00:00:00'),(624,'id','Alamat Rumah Sakit',1,'2012-08-03 10:46:03',NULL,'0000-00-00 00:00:00'),(625,'en','Clinic',1,'2012-08-03 10:47:16',NULL,'0000-00-00 00:00:00'),(625,'id','Klinik',1,'2012-08-03 10:47:16',NULL,'0000-00-00 00:00:00'),(626,'en','Doctor',1,'2012-08-03 10:47:43',NULL,'0000-00-00 00:00:00'),(626,'id','Dokter',1,'2012-08-03 10:47:43',NULL,'0000-00-00 00:00:00'),(627,'en','Week',1,'2012-08-03 11:08:50',NULL,'0000-00-00 00:00:00'),(627,'id','Minggu',1,'2012-08-03 11:08:50',NULL,'0000-00-00 00:00:00'),(628,'en','Medical Diagnosis',1,'2012-08-03 13:03:18',NULL,'0000-00-00 00:00:00'),(628,'id','Diagnosis Penyakit',1,'2012-08-03 13:03:18',NULL,'0000-00-00 00:00:00'),(629,'en','Medical Diagnosis List',1,'2012-08-03 13:04:16',NULL,'0000-00-00 00:00:00'),(629,'id','Daftar Diagnosis Penyakit',1,'2012-08-03 13:04:16',NULL,'0000-00-00 00:00:00'),(630,'en','Diagnosis',1,'2012-08-03 13:14:46',NULL,'0000-00-00 00:00:00'),(630,'id','Diagnosis',1,'2012-08-03 13:14:46',NULL,'0000-00-00 00:00:00'),(631,'en','Diagnosis of Disease',1,'2012-08-03 13:29:37',NULL,'0000-00-00 00:00:00'),(631,'id','Diagnosis Penyakit yang diderita',1,'2012-08-03 13:29:37',NULL,'0000-00-00 00:00:00'),(632,'en','Symptom',1,'2012-08-03 13:36:24',NULL,'0000-00-00 00:00:00'),(632,'id','Gejala - gejala',1,'2012-08-03 13:36:24',NULL,'0000-00-00 00:00:00'),(633,'en','Personal Action',1,'2012-08-03 13:38:50',NULL,'0000-00-00 00:00:00'),(633,'id','Penanganan / Perawatan Sendiri',1,'2012-08-03 13:38:50',NULL,'0000-00-00 00:00:00'),(634,'en','Drug',1,'2012-08-03 13:41:58',NULL,'0000-00-00 00:00:00'),(634,'id','Obat - obatan',1,'2012-08-03 13:41:58',NULL,'0000-00-00 00:00:00'),(635,'en','Drug Reaction',1,'2012-08-03 13:43:46',NULL,'0000-00-00 00:00:00'),(635,'id','Reaksi Terhadap Obat',1,'2012-08-03 13:43:46',NULL,'0000-00-00 00:00:00'),(636,'en','Drug Time Period',1,'2012-08-03 13:45:55',NULL,'0000-00-00 00:00:00'),(636,'id','Masa Pengobatan',1,'2012-08-03 13:45:55',NULL,'0000-00-00 00:00:00'),(637,'en','Complication',1,'2012-08-03 13:46:41',NULL,'0000-00-00 00:00:00'),(637,'id','Komplikasi',1,'2012-08-03 13:46:41',NULL,'0000-00-00 00:00:00'),(638,'en','Medical Record',1,'2012-08-03 14:49:48',NULL,'0000-00-00 00:00:00'),(638,'id','Rekam Medis',1,'2012-08-03 14:49:48',NULL,'0000-00-00 00:00:00'),(639,'en','Medical Record List',1,'2012-08-03 14:50:08',NULL,'0000-00-00 00:00:00'),(639,'id','Daftar Rekam Medis',1,'2012-08-03 14:50:08',NULL,'0000-00-00 00:00:00'),(640,'en','Medical Record Documents',1,'2012-08-03 14:53:11',NULL,'0000-00-00 00:00:00'),(640,'id','Dokumen Rekam Medis',1,'2012-08-03 14:53:11',NULL,'0000-00-00 00:00:00'),(641,'en','Document Name',1,'2012-08-03 14:53:53',NULL,'0000-00-00 00:00:00'),(641,'id','Nama Dokumen',1,'2012-08-03 14:53:53',NULL,'0000-00-00 00:00:00'),(642,'en','Education History',1,'2012-08-05 09:22:12',NULL,'0000-00-00 00:00:00'),(642,'id','Riwayat Pendidikan',1,'2012-08-05 09:22:12',NULL,'0000-00-00 00:00:00'),(643,'en','Competence',1,'2012-08-05 09:51:42',NULL,'0000-00-00 00:00:00'),(643,'id','Kompetensi',1,'2012-08-05 09:51:42',NULL,'0000-00-00 00:00:00'),(644,'en','You can Add more than One',1,'2012-08-06 08:47:04',NULL,'0000-00-00 00:00:00'),(644,'id','Anda bisa menambah lebih dari satu',1,'2012-08-06 08:47:04',NULL,'0000-00-00 00:00:00'),(645,'en','Select Language',1,'2012-08-06 08:47:44',NULL,'0000-00-00 00:00:00'),(645,'id','Pilih Bahasa',1,'2012-08-06 08:47:44',NULL,'0000-00-00 00:00:00'),(646,'en','Select Language Fluent Type',1,'2012-08-06 08:48:15',NULL,'0000-00-00 00:00:00'),(646,'id','Pilih Kefasihan Bahasa',1,'2012-08-06 08:48:15',NULL,'0000-00-00 00:00:00'),(647,'en','Select Language Quality Type',1,'2012-08-06 08:48:49',NULL,'0000-00-00 00:00:00'),(647,'id','Pilih Jenis Kualitas',1,'2012-08-06 08:48:49',NULL,'0000-00-00 00:00:00'),(648,'en','Fluent',1,'2012-08-06 08:50:02',NULL,'0000-00-00 00:00:00'),(648,'id','Kefasihan',1,'2012-08-06 08:50:02',NULL,'0000-00-00 00:00:00'),(649,'en','Quality',1,'2012-08-06 08:50:13',NULL,'0000-00-00 00:00:00'),(649,'id','Kualitas',1,'2012-08-06 08:50:13',NULL,'0000-00-00 00:00:00'),(650,'en','Language Competence',1,'2012-08-06 08:50:49',NULL,'0000-00-00 00:00:00'),(650,'id','Kompetensi Bahasa',1,'2012-08-06 08:50:49',NULL,'0000-00-00 00:00:00'),(651,'en','Language Competence List',1,'2012-08-06 08:51:09',NULL,'0000-00-00 00:00:00'),(651,'id','Daftar Kompetensi Bahasa',1,'2012-08-06 08:51:09',NULL,'0000-00-00 00:00:00'),(652,'en','Language Certificate',1,'2012-08-06 08:59:36',NULL,'0000-00-00 00:00:00'),(652,'id','Sertifikasi Bahasa',1,'2012-08-06 08:59:36',NULL,'0000-00-00 00:00:00'),(653,'en','Score',1,'2012-08-06 08:59:50',NULL,'0000-00-00 00:00:00'),(653,'id','Skor',1,'2012-08-06 08:59:50',NULL,'0000-00-00 00:00:00'),(654,'en','Certificate',1,'2012-08-06 09:11:19',NULL,'0000-00-00 00:00:00'),(654,'id','Sertifikat',1,'2012-08-06 09:11:19',NULL,'0000-00-00 00:00:00'),(655,'en','Account Type',1,'2012-08-07 08:40:08',NULL,'0000-00-00 00:00:00'),(655,'id','Jenis Akun',1,'2012-08-07 08:40:08',NULL,'0000-00-00 00:00:00'),(656,'en','Account Segment',1,'2012-08-07 08:47:51',NULL,'0000-00-00 00:00:00'),(656,'id','Segmen Akun / Perusahaan',1,'2012-08-07 08:47:51',NULL,'0000-00-00 00:00:00'),(657,'en','Bussiness Model',1,'2012-08-07 09:17:37',NULL,'0000-00-00 00:00:00'),(657,'id','Model Bisnis Akun/Perusahaan',1,'2012-08-07 09:17:37',NULL,'0000-00-00 00:00:00'),(658,'en','Confidence Level',1,'2012-08-07 11:19:44',NULL,'0000-00-00 00:00:00'),(658,'id','Tingkat Kepercayaan Diri',1,'2012-08-07 11:19:44',NULL,'0000-00-00 00:00:00'),(659,'en','Is End',1,'2012-08-07 11:34:12',NULL,'0000-00-00 00:00:00'),(659,'id','Is End',1,'2012-08-07 11:34:12',NULL,'0000-00-00 00:00:00'),(660,'en','Prospect Stage',1,'2012-08-07 11:36:24',NULL,'0000-00-00 00:00:00'),(660,'id','Tahapan Prospek',1,'2012-08-07 11:36:24',NULL,'0000-00-00 00:00:00'),(661,'en','Priority Level',1,'2012-08-07 11:59:23',NULL,'0000-00-00 00:00:00'),(661,'id','Tingkat Prioritas',1,'2012-08-07 11:59:23',NULL,'0000-00-00 00:00:00'),(662,'en','Lead Source',1,'2012-09-28 18:15:03',NULL,'0000-00-00 00:00:00'),(662,'id','Sumber',1,'2012-09-28 18:15:03',NULL,'0000-00-00 00:00:00'),(663,'en','File Type',1,'2012-09-28 15:15:13',NULL,'0000-00-00 00:00:00'),(663,'id','Jenis File',1,'2012-09-28 15:15:13',NULL,'0000-00-00 00:00:00'),(664,'en','Identity',1,'2012-08-09 10:57:13',NULL,'0000-00-00 00:00:00'),(664,'id','Identitas',1,'2012-08-09 10:57:13',NULL,'0000-00-00 00:00:00'),(665,'en','Transaction',1,'2012-08-09 14:25:11',NULL,'0000-00-00 00:00:00'),(665,'id','Transaksi',1,'2012-08-09 14:25:11',NULL,'0000-00-00 00:00:00'),(666,'en','Technical Competence',1,'2012-08-13 10:58:24',NULL,'0000-00-00 00:00:00'),(666,'id','Kompetensi Teknis',1,'2012-08-13 10:58:24',NULL,'0000-00-00 00:00:00'),(667,'en','Health Information',1,'2012-08-13 11:01:16',NULL,'0000-00-00 00:00:00'),(667,'id','Data Kesehatan',1,'2012-08-13 11:01:16',NULL,'0000-00-00 00:00:00'),(668,'en','Work Service Adjustment',1,'2012-08-13 11:14:10',NULL,'0000-00-00 00:00:00'),(668,'id','Penyesuaian Masa Kerja',1,'2012-08-13 11:14:10',NULL,'0000-00-00 00:00:00'),(669,'en','Work Unit',1,'2012-08-13 11:16:44',NULL,'0000-00-00 00:00:00'),(669,'id','Satuan Kerja',1,'2012-08-13 11:16:44',NULL,'0000-00-00 00:00:00'),(670,'en','Bank Account',1,'2012-08-13 11:23:00',NULL,'0000-00-00 00:00:00'),(670,'id','Rekening Bank',1,'2012-08-13 11:23:00',NULL,'0000-00-00 00:00:00'),(671,'en','Account Number',1,'2012-08-13 11:24:23',NULL,'0000-00-00 00:00:00'),(671,'id','Nomor Rekening',1,'2012-08-13 11:24:23',NULL,'0000-00-00 00:00:00'),(672,'en','Account Holder Name',1,'2012-08-13 11:30:34',NULL,'0000-00-00 00:00:00'),(672,'id','Nama Pemegang Rekening',1,'2012-08-13 11:30:34',NULL,'0000-00-00 00:00:00'),(673,'en','NPWP',1,'2012-08-13 11:38:08',NULL,'0000-00-00 00:00:00'),(673,'id','NPWP',1,'2012-08-13 11:38:08',NULL,'0000-00-00 00:00:00'),(674,'en','NPWP Number',1,'2012-08-13 11:38:46',NULL,'0000-00-00 00:00:00'),(674,'id','Nomor NPWP',1,'2012-08-13 11:38:46',NULL,'0000-00-00 00:00:00'),(675,'en','Registered Date',1,'2012-08-13 11:39:17',NULL,'0000-00-00 00:00:00'),(675,'id','Tanggal Terdaftar',1,'2012-08-13 11:39:17',NULL,'0000-00-00 00:00:00'),(676,'en','Jamsostek',1,'2012-08-13 11:46:34',NULL,'0000-00-00 00:00:00'),(676,'id','Jamsostek',1,'2012-08-13 11:46:34',NULL,'0000-00-00 00:00:00'),(677,'en','KPJ Number',1,'2012-08-13 11:47:11',NULL,'0000-00-00 00:00:00'),(677,'id','Nomor KPJ',1,'2012-08-13 11:47:11',NULL,'0000-00-00 00:00:00'),(678,'en','Basic Salary Use',1,'2012-08-13 11:52:02',NULL,'0000-00-00 00:00:00'),(678,'id','Penggunaan Gaji Pokok',1,'2012-08-13 11:52:02',NULL,'0000-00-00 00:00:00'),(679,'en','Birth Date',1,'2012-08-13 11:57:33',NULL,'0000-00-00 00:00:00'),(679,'id','Tanggal Lahir',1,'2012-08-13 11:57:33',NULL,'0000-00-00 00:00:00'),(680,'en','Health Insurance',1,'2012-08-13 11:59:38',NULL,'0000-00-00 00:00:00'),(680,'id','Asuransi Kesehatan',1,'2012-08-13 11:59:38',NULL,'0000-00-00 00:00:00'),(681,'en','Health Insurance',1,'2012-08-13 12:00:09',NULL,'0000-00-00 00:00:00'),(681,'id','Asuransi Kesehatan',1,'2012-08-13 12:00:09',NULL,'0000-00-00 00:00:00'),(682,'en','Registration Number',1,'2012-08-13 12:01:38',NULL,'0000-00-00 00:00:00'),(682,'id','Nomor Registrasi',1,'2012-08-13 12:01:38',NULL,'0000-00-00 00:00:00'),(683,'en','Registered Address',1,'2012-08-13 12:02:22',NULL,'0000-00-00 00:00:00'),(683,'id','Alamat Terdaftar',1,'2012-08-13 12:02:22',NULL,'0000-00-00 00:00:00'),(684,'en','Health Insurance',1,'2012-08-13 12:48:38',NULL,'0000-00-00 00:00:00'),(684,'id','Asuransi Kesehatan',1,'2012-08-13 12:48:38',NULL,'0000-00-00 00:00:00'),(685,'en','External Insurance',1,'2012-08-13 12:52:57',NULL,'0000-00-00 00:00:00'),(685,'id','Asuransi Eksternal',1,'2012-08-13 12:52:57',NULL,'0000-00-00 00:00:00'),(686,'en','Internal Insurance',1,'2012-08-13 13:04:06',NULL,'0000-00-00 00:00:00'),(686,'id','Asuransi Internal',1,'2012-08-13 13:04:06',NULL,'0000-00-00 00:00:00'),(687,'en','Vendor Address',1,'2012-08-13 14:14:40',NULL,'0000-00-00 00:00:00'),(687,'id','Alamat Vendor',1,'2012-08-13 14:14:40',NULL,'0000-00-00 00:00:00'),(688,'en','Vendor Email',1,'2012-08-13 14:15:11',NULL,'0000-00-00 00:00:00'),(688,'id','Email Vendor',1,'2012-08-13 14:15:11',NULL,'0000-00-00 00:00:00'),(689,'en','Vendor Phone Number',1,'2012-08-13 14:15:56',NULL,'0000-00-00 00:00:00'),(689,'id','Nomor Telp Vendor',1,'2012-08-13 14:15:56',NULL,'0000-00-00 00:00:00'),(690,'en','Vendor Fax Number',1,'2012-08-13 14:16:17',NULL,'0000-00-00 00:00:00'),(690,'id','Nomor Fax Vendor',1,'2012-08-13 14:16:17',NULL,'0000-00-00 00:00:00'),(691,'en','Print',1,'2012-10-01 09:50:06',NULL,'0000-00-00 00:00:00'),(691,'id','Cetak',1,'2012-10-01 09:50:06',NULL,'0000-00-00 00:00:00'),(692,'en','Flush',1,'2012-08-13 14:31:04',NULL,'0000-00-00 00:00:00'),(692,'id','Flush',1,'2012-08-13 14:31:04',NULL,'0000-00-00 00:00:00'),(693,'en','Menu',1,'2012-08-13 14:41:09',NULL,'0000-00-00 00:00:00'),(693,'id','Menu',1,'2012-08-13 14:41:09',NULL,'0000-00-00 00:00:00'),(694,'en','Module',1,'2012-08-13 14:41:25',NULL,'0000-00-00 00:00:00'),(694,'id','Modul',1,'2012-08-13 14:41:25',NULL,'0000-00-00 00:00:00'),(695,'en','Description',1,'2012-08-13 14:41:49',NULL,'0000-00-00 00:00:00'),(695,'id','Deskripsi',1,'2012-08-13 14:41:49',NULL,'0000-00-00 00:00:00'),(696,'en','Table',1,'2012-08-13 14:42:16',NULL,'0000-00-00 00:00:00'),(696,'id','Tabel',1,'2012-08-13 14:42:16',NULL,'0000-00-00 00:00:00'),(697,'en','Real Name',1,'2012-08-13 14:42:24',NULL,'0000-00-00 00:00:00'),(697,'id','Nama Asli',1,'2012-08-13 14:42:24',NULL,'0000-00-00 00:00:00'),(698,'en','Exchange Rate',1,'2012-08-13 14:49:26',NULL,'0000-00-00 00:00:00'),(698,'id','Tarif Kurs',1,'2012-08-13 14:49:26',NULL,'0000-00-00 00:00:00'),(699,'en','Received',1,'2012-08-13 14:59:54',NULL,'0000-00-00 00:00:00'),(699,'id','Diterima',1,'2012-08-13 14:59:54',NULL,'0000-00-00 00:00:00'),(700,'en','Good',1,'2012-08-13 15:00:22',NULL,'0000-00-00 00:00:00'),(700,'id','Baik',1,'2012-08-13 15:00:22',NULL,'0000-00-00 00:00:00'),(701,'en','Broken',1,'2012-08-13 15:00:48',NULL,'0000-00-00 00:00:00'),(701,'id','Rusak',1,'2012-08-13 15:00:48',NULL,'0000-00-00 00:00:00'),(702,'en','Missing',1,'2012-08-13 15:01:09',NULL,'0000-00-00 00:00:00'),(702,'id','Hilang',1,'2012-08-13 15:01:09',NULL,'0000-00-00 00:00:00'),(703,'en','Group',1,'2012-08-13 15:01:35',NULL,'0000-00-00 00:00:00'),(703,'id','Grup',1,'2012-08-13 15:01:35',NULL,'0000-00-00 00:00:00'),(707,'en','Menu Name',1,'2012-08-13 15:16:58',NULL,'0000-00-00 00:00:00'),(707,'id','Nama Menu',1,'2012-08-13 15:16:58',NULL,'0000-00-00 00:00:00'),(708,'en','Return',1,'2012-08-13 15:17:58',NULL,'0000-00-00 00:00:00'),(708,'id','Retur',1,'2012-08-13 15:17:58',NULL,'0000-00-00 00:00:00'),(709,'en','Export',1,'2012-08-13 15:42:47',NULL,'0000-00-00 00:00:00'),(709,'id','Ekspor',1,'2012-08-13 15:42:47',NULL,'0000-00-00 00:00:00'),(710,'en','Modul Name',1,'2012-08-13 15:19:16',NULL,'0000-00-00 00:00:00'),(710,'id','Nama Modul',1,'2012-08-13 15:19:16',NULL,'0000-00-00 00:00:00'),(711,'en','Documentation',1,'2012-08-13 15:24:50',NULL,'0000-00-00 00:00:00'),(711,'id','Dokumentasi',1,'2012-08-13 15:24:50',NULL,'0000-00-00 00:00:00'),(712,'en','Approve',1,'2012-08-13 15:25:03',NULL,'0000-00-00 00:00:00'),(712,'id','Setujui',1,'2012-08-13 15:25:03',NULL,'0000-00-00 00:00:00'),(713,'en','Confirm Password',1,'2012-08-13 15:31:44',NULL,'0000-00-00 00:00:00'),(713,'id','Konfirmasi Password',1,'2012-08-13 15:31:44',NULL,'0000-00-00 00:00:00'),(714,'en','Sample Data',1,'2012-08-13 15:37:05',NULL,'0000-00-00 00:00:00'),(714,'id','Data Sample',1,'2012-08-13 15:37:05',NULL,'0000-00-00 00:00:00'),(715,'en','Source Dependency',1,'2012-08-13 15:41:26',NULL,'0000-00-00 00:00:00'),(715,'id','Dependansi Source',1,'2012-08-13 15:41:26',NULL,'0000-00-00 00:00:00'),(716,'en','Dependency Target',1,'2012-08-14 08:34:25',NULL,'0000-00-00 00:00:00'),(716,'id','Target Dependansi',1,'2012-08-14 08:34:25',NULL,'0000-00-00 00:00:00'),(717,'en','Recruitment Information',1,'2012-08-14 08:02:18',NULL,'0000-00-00 00:00:00'),(717,'id','Informasi Penerimaan',1,'2012-08-14 08:02:18',NULL,'0000-00-00 00:00:00'),(718,'en','Task Status',1,'2012-08-14 08:21:01',NULL,'0000-00-00 00:00:00'),(718,'id','Status Task / Tugas',1,'2012-08-14 08:21:01',NULL,'0000-00-00 00:00:00'),(719,'en','Milt',1,'2012-08-14 12:36:30',NULL,'0000-00-00 00:00:00'),(719,'id','Kekurangan',1,'2012-08-14 12:36:30',NULL,'0000-00-00 00:00:00'),(720,'en','Grand Total',1,'2012-08-14 08:24:22',NULL,'0000-00-00 00:00:00'),(720,'id','Grand Total',1,'2012-08-14 08:24:22',NULL,'0000-00-00 00:00:00'),(721,'en','PO Number',1,'2012-08-14 08:38:17',NULL,'0000-00-00 00:00:00'),(721,'id','Nomor PO',1,'2012-08-14 08:38:17',NULL,'0000-00-00 00:00:00'),(722,'en','Received By',1,'2012-08-14 08:38:39',NULL,'0000-00-00 00:00:00'),(722,'id','Diterima Oleh',1,'2012-08-14 08:38:39',NULL,'0000-00-00 00:00:00'),(723,'en','Created By',1,'2012-08-14 08:42:05',NULL,'0000-00-00 00:00:00'),(723,'id','Dibuat Oleh',1,'2012-08-14 08:42:05',NULL,'0000-00-00 00:00:00'),(724,'en','Create New DO',1,'2012-08-14 08:43:19',NULL,'0000-00-00 00:00:00'),(724,'id','Buat DO Baru',1,'2012-08-14 08:43:19',NULL,'0000-00-00 00:00:00'),(725,'en','Activity Type',1,'2012-08-14 08:43:55',NULL,'0000-00-00 00:00:00'),(725,'id','Jenis Aktivitas',1,'2012-08-14 08:43:55',NULL,'0000-00-00 00:00:00'),(726,'en','Related To',1,'2012-08-14 08:55:00',NULL,'0000-00-00 00:00:00'),(726,'id','Hubungan Aksi Aktivitas',1,'2012-08-14 08:55:00',NULL,'0000-00-00 00:00:00'),(727,'en','Receive Date',1,'2012-11-05 08:54:12',NULL,'0000-00-00 00:00:00'),(727,'id','Tanggal Penerimaan',1,'2012-11-05 08:54:12',NULL,'0000-00-00 00:00:00'),(728,'en','Invoice Number',1,'2012-08-14 09:00:20',NULL,'0000-00-00 00:00:00'),(728,'id','Nomor Faktur',1,'2012-08-14 09:00:20',NULL,'0000-00-00 00:00:00'),(729,'en','Order Date',1,'2012-08-14 09:00:44',NULL,'0000-00-00 00:00:00'),(729,'id','Tanggal Order',1,'2012-08-14 09:00:44',NULL,'0000-00-00 00:00:00'),(730,'en','Date Accepted',8,'2012-08-15 15:07:17',NULL,'0000-00-00 00:00:00'),(730,'id','Tanggal Terima',8,'2012-08-15 15:07:17',NULL,'0000-00-00 00:00:00'),(732,'en','GR Supplier',1,'2012-08-14 09:05:25',NULL,'0000-00-00 00:00:00'),(732,'id','GR Supplier',1,'2012-08-14 09:05:25',NULL,'0000-00-00 00:00:00'),(733,'en','Partial Update',1,'2012-08-14 09:06:23',NULL,'0000-00-00 00:00:00'),(733,'id','Update Parsial',1,'2012-08-14 09:06:23',NULL,'0000-00-00 00:00:00'),(737,'en','Jamsostek Calculation Adjustment Type',1,'2012-08-14 09:14:40',NULL,'0000-00-00 00:00:00'),(737,'id','Jenis Penyesuaian Perhitungan Jamsostek',1,'2012-08-14 09:14:40',NULL,'0000-00-00 00:00:00'),(738,'en','Delivered from',8,'2012-08-16 08:34:44',NULL,'0000-00-00 00:00:00'),(738,'id','Cabang Asal',8,'2012-08-16 08:34:44',NULL,'0000-00-00 00:00:00'),(739,'en','Responsible Person',1,'2012-08-14 09:19:33',NULL,'0000-00-00 00:00:00'),(739,'id','Penanggung Jawab',1,'2012-08-14 09:19:33',NULL,'0000-00-00 00:00:00'),(740,'en','Buy Area ID',1,'2012-08-14 09:21:25',NULL,'0000-00-00 00:00:00'),(740,'id','ID Area Pembelian',1,'2012-08-14 09:21:25',NULL,'0000-00-00 00:00:00'),(741,'en','Sell Area ID',1,'2012-08-14 09:21:52',NULL,'0000-00-00 00:00:00'),(741,'id','ID Area Penjualan',1,'2012-08-14 09:21:52',NULL,'0000-00-00 00:00:00'),(742,'en','Ownership ID',1,'2012-08-14 09:22:40',NULL,'0000-00-00 00:00:00'),(742,'id','ID Kepemilikan',1,'2012-08-14 09:22:40',NULL,'0000-00-00 00:00:00'),(743,'en','Manage Unit ID',1,'2012-08-14 09:23:32',NULL,'0000-00-00 00:00:00'),(743,'id','Mengelola ID Unit',1,'2012-08-14 09:23:32',NULL,'0000-00-00 00:00:00'),(744,'en','Last Medic Number',1,'2012-08-14 09:24:18',NULL,'0000-00-00 00:00:00'),(744,'id','Nomor Medis Terakhir',1,'2012-08-14 09:24:18',NULL,'0000-00-00 00:00:00'),(745,'en','Last Invoice Number',1,'2012-08-14 09:24:49',NULL,'0000-00-00 00:00:00'),(745,'id','Nomor Invoice Terakhir',1,'2012-08-14 09:24:49',NULL,'0000-00-00 00:00:00'),(746,'en','PO Target',1,'2012-08-14 09:25:12',NULL,'0000-00-00 00:00:00'),(746,'id','Target PO',1,'2012-08-14 09:25:12',NULL,'0000-00-00 00:00:00'),(747,'en','Bale Accepted',8,'2012-08-15 14:45:31',NULL,'0000-00-00 00:00:00'),(747,'id','Accept Koli',8,'2012-08-15 14:45:31',NULL,'0000-00-00 00:00:00'),(748,'en','Call Status',1,'2012-08-14 09:30:30',NULL,'0000-00-00 00:00:00'),(748,'id','Status Panggilan/Call',1,'2012-08-14 09:30:30',NULL,'0000-00-00 00:00:00'),(749,'en','Field',1,'2012-08-14 09:31:50',NULL,'0000-00-00 00:00:00'),(749,'id','Tabel',1,'2012-08-14 09:31:50',NULL,'0000-00-00 00:00:00'),(750,'en','Null',1,'2012-08-14 09:32:10',NULL,'0000-00-00 00:00:00'),(750,'id','Null',1,'2012-08-14 09:32:10',NULL,'0000-00-00 00:00:00'),(751,'en','Extra',1,'2012-08-14 09:32:33',NULL,'0000-00-00 00:00:00'),(751,'id','Extra',1,'2012-08-14 09:32:33',NULL,'0000-00-00 00:00:00'),(752,'en','Comment',1,'2012-08-14 09:32:57',NULL,'0000-00-00 00:00:00'),(752,'id','Komentar',1,'2012-08-14 09:32:57',NULL,'0000-00-00 00:00:00'),(753,'en','PIC',8,'2012-08-14 15:05:51',NULL,'0000-00-00 00:00:00'),(753,'id','PIC',8,'2012-08-14 15:05:51',NULL,'0000-00-00 00:00:00'),(754,'en','Due Date',1,'2012-08-14 09:37:58',NULL,'0000-00-00 00:00:00'),(754,'id','Tanggal Jatuh Tempo',1,'2012-08-14 09:37:58',NULL,'0000-00-00 00:00:00'),(755,'en','Sender',1,'2012-08-14 09:38:23',NULL,'0000-00-00 00:00:00'),(755,'id','Pengirim',1,'2012-08-14 09:38:23',NULL,'0000-00-00 00:00:00'),(756,'en','Delivered to',8,'2012-08-15 15:27:18',NULL,'0000-00-00 00:00:00'),(756,'id','Cabang Tujuan',8,'2012-08-15 15:27:18',NULL,'0000-00-00 00:00:00'),(757,'en','Mode',1,'2012-08-14 09:40:16',NULL,'0000-00-00 00:00:00'),(757,'id','Mode',1,'2012-08-14 09:40:16',NULL,'0000-00-00 00:00:00'),(758,'en','Simple',1,'2012-09-21 08:22:14',NULL,'0000-00-00 00:00:00'),(758,'id','Ringkas',1,'2012-09-21 08:22:14',NULL,'0000-00-00 00:00:00'),(759,'en','Case File Type',1,'2012-08-14 09:41:14',NULL,'0000-00-00 00:00:00'),(759,'id','Jenis File Kasus / Case',1,'2012-08-14 09:41:14',NULL,'0000-00-00 00:00:00'),(760,'en','Lost',1,'2012-08-14 09:41:56',NULL,'0000-00-00 00:00:00'),(760,'id','Hilang',1,'2012-08-14 09:41:56',NULL,'0000-00-00 00:00:00'),(761,'en','Milt',1,'2012-08-14 12:36:17',NULL,'0000-00-00 00:00:00'),(761,'id','Kekurangan',1,'2012-08-14 12:36:17',NULL,'0000-00-00 00:00:00'),(762,'en','Bonus',1,'2012-08-14 09:42:51',NULL,'0000-00-00 00:00:00'),(762,'id','Bonus',1,'2012-08-14 09:42:51',NULL,'0000-00-00 00:00:00'),(763,'en','Total Price',1,'2012-08-14 09:45:59',NULL,'0000-00-00 00:00:00'),(763,'id','Total Harga',1,'2012-08-14 09:45:59',NULL,'0000-00-00 00:00:00'),(764,'en','History Kurs Currency',1,'2012-08-14 09:58:05',NULL,'0000-00-00 00:00:00'),(764,'id','Riwayat Mata Uang',1,'2012-08-14 09:58:05',NULL,'0000-00-00 00:00:00'),(765,'en','Total VAT',1,'2012-08-14 09:47:02',NULL,'0000-00-00 00:00:00'),(765,'id','Total VAT',1,'2012-08-14 09:47:02',NULL,'0000-00-00 00:00:00'),(766,'en','Update',1,'2012-08-14 09:47:27',NULL,'0000-00-00 00:00:00'),(766,'id','Perbaharui',1,'2012-08-14 09:47:27',NULL,'0000-00-00 00:00:00'),(767,'en','Box',1,'2012-08-14 09:47:33',NULL,'0000-00-00 00:00:00'),(767,'id','Box',1,'2012-08-14 09:47:33',NULL,'0000-00-00 00:00:00'),(768,'en','Bale',1,'2012-08-14 13:14:38',NULL,'0000-00-00 00:00:00'),(768,'id','Koli',1,'2012-08-14 13:14:38',NULL,'0000-00-00 00:00:00'),(769,'en','Case Status',1,'2012-08-14 10:01:45',NULL,'0000-00-00 00:00:00'),(769,'id','Status Kasus / Case',1,'2012-08-14 10:01:45',NULL,'0000-00-00 00:00:00'),(770,'en','Retur Supplier',1,'2012-08-14 11:03:47',NULL,'0000-00-00 00:00:00'),(770,'id','Retur Supplier',1,'2012-08-14 11:03:47',NULL,'0000-00-00 00:00:00'),(771,'en','Case Type',1,'2012-08-14 11:06:53',NULL,'0000-00-00 00:00:00'),(771,'id','Jenis Kasus / Case',1,'2012-08-14 11:06:53',NULL,'0000-00-00 00:00:00'),(772,'en','Input',1,'2012-08-14 11:08:55',NULL,'0000-00-00 00:00:00'),(772,'id','Input',1,'2012-08-14 11:08:55',NULL,'0000-00-00 00:00:00'),(773,'en','Invoice Number',1,'2012-08-14 11:09:25',NULL,'0000-00-00 00:00:00'),(773,'id','Nomor Faktur',1,'2012-08-14 11:09:25',NULL,'0000-00-00 00:00:00'),(774,'en','Retur Supplier',1,'2012-08-14 11:11:07',NULL,'0000-00-00 00:00:00'),(774,'id','Retur Supplier',1,'2012-08-14 11:11:07',NULL,'0000-00-00 00:00:00'),(775,'en','Receive',1,'2012-08-14 11:14:14',NULL,'0000-00-00 00:00:00'),(775,'id','Terima',1,'2012-08-14 11:14:14',NULL,'0000-00-00 00:00:00'),(776,'en','Contract File Type',1,'2012-08-14 11:16:22',NULL,'0000-00-00 00:00:00'),(776,'id','Jenis File Kontrak',1,'2012-08-14 11:16:22',NULL,'0000-00-00 00:00:00'),(777,'en','Delete',1,'2012-08-14 11:23:44',NULL,'0000-00-00 00:00:00'),(777,'id','Hapus',1,'2012-08-14 11:23:44',NULL,'0000-00-00 00:00:00'),(778,'en','Duration Time Type',1,'2012-08-14 11:33:09',NULL,'0000-00-00 00:00:00'),(778,'id','Jenis Waktu Durasi',1,'2012-08-14 11:33:09',NULL,'0000-00-00 00:00:00'),(779,'en','Value',1,'2012-08-14 11:40:10',NULL,'0000-00-00 00:00:00'),(779,'id','Nilai',1,'2012-08-14 11:40:10',NULL,'0000-00-00 00:00:00'),(780,'en','Destination',8,'2012-08-15 10:46:53',NULL,'0000-00-00 00:00:00'),(780,'id','Tujuan',8,'2012-08-15 10:46:53',NULL,'0000-00-00 00:00:00'),(781,'en','Time',1,'2012-08-14 11:39:40',NULL,'0000-00-00 00:00:00'),(781,'id','Jam',1,'2012-08-14 11:39:40',NULL,'0000-00-00 00:00:00'),(782,'en','Destination',8,'2012-08-15 15:28:06',NULL,'0000-00-00 00:00:00'),(782,'id','Cabang Tujuan',8,'2012-08-15 15:28:06',NULL,'0000-00-00 00:00:00'),(783,'en','PO Internal',1,'2012-08-14 11:43:39',NULL,'0000-00-00 00:00:00'),(783,'id','PO Internal',1,'2012-08-14 11:43:39',NULL,'0000-00-00 00:00:00'),(784,'en','Meeting Status',1,'2012-08-14 12:33:37',NULL,'0000-00-00 00:00:00'),(784,'id','Status Pertemuan / Meeting',1,'2012-08-14 12:33:37',NULL,'0000-00-00 00:00:00'),(785,'en','Purchase Order Internal',1,'2012-10-01 05:10:49',NULL,'0000-00-00 00:00:00'),(785,'id','Purchase Order Antar Unit',1,'2012-10-01 05:10:49',NULL,'0000-00-00 00:00:00'),(786,'en','Set Urgent',8,'2012-08-15 09:27:38',NULL,'0000-00-00 00:00:00'),(786,'id','Set Urgen',8,'2012-08-15 09:27:38',NULL,'0000-00-00 00:00:00'),(787,'en','Urgency',1,'2012-08-14 12:21:20',NULL,'0000-00-00 00:00:00'),(787,'id','Urgensi',1,'2012-08-14 12:21:20',NULL,'0000-00-00 00:00:00'),(788,'en','Normal',1,'2012-08-14 12:21:34',NULL,'0000-00-00 00:00:00'),(788,'id','Normal',1,'2012-08-14 12:21:34',NULL,'0000-00-00 00:00:00'),(789,'en','Period',1,'2012-08-14 12:23:01',NULL,'0000-00-00 00:00:00'),(789,'id','Periode',1,'2012-08-14 12:23:01',NULL,'0000-00-00 00:00:00'),(790,'en','PO Qty',8,'2012-08-15 10:33:37',NULL,'0000-00-00 00:00:00'),(790,'id','Jumlah PO',8,'2012-08-15 10:33:37',NULL,'0000-00-00 00:00:00'),(791,'en','DO Draft',1,'2012-08-14 12:32:26',NULL,'0000-00-00 00:00:00'),(791,'id','DO Draft',1,'2012-08-14 12:32:26',NULL,'0000-00-00 00:00:00'),(792,'en','Delivered',1,'2012-08-14 12:59:49',NULL,'0000-00-00 00:00:00'),(792,'id','Terkirim',1,'2012-08-14 12:59:49',NULL,'0000-00-00 00:00:00'),(794,'en','Milt',1,'2012-08-14 12:35:55',NULL,'0000-00-00 00:00:00'),(794,'id','Kekurangan',1,'2012-08-14 12:35:55',NULL,'0000-00-00 00:00:00'),(795,'en','Unit Mode',1,'2012-09-25 08:23:51',NULL,'0000-00-00 00:00:00'),(795,'id','Pengaturan Satuan',1,'2012-09-25 08:23:51',NULL,'0000-00-00 00:00:00'),(796,'en','External Price',1,'2012-08-14 12:37:02',NULL,'0000-00-00 00:00:00'),(796,'id','Harga External',1,'2012-08-14 12:37:02',NULL,'0000-00-00 00:00:00'),(797,'en','Unflush',1,'2012-08-14 12:37:38',NULL,'0000-00-00 00:00:00'),(797,'id','Unflush',1,'2012-08-14 12:37:38',NULL,'0000-00-00 00:00:00'),(798,'en','PO Internal',1,'2012-08-14 12:38:15',NULL,'0000-00-00 00:00:00'),(798,'id','PO Internal',1,'2012-08-14 12:38:15',NULL,'0000-00-00 00:00:00'),(799,'en','Flushed',1,'2012-08-14 12:39:21',NULL,'0000-00-00 00:00:00'),(799,'id','Flushed',1,'2012-08-14 12:39:21',NULL,'0000-00-00 00:00:00'),(800,'en','Advanced',1,'2012-09-21 08:22:51',NULL,'0000-00-00 00:00:00'),(800,'id','Pengaturan Dinamis',1,'2012-09-21 08:22:51',NULL,'0000-00-00 00:00:00'),(801,'en','Reminder Time Type',1,'2012-08-14 12:43:11',NULL,'0000-00-00 00:00:00'),(801,'id','Jenis Waktu Pengingat / Reminder',1,'2012-08-14 12:43:11',NULL,'0000-00-00 00:00:00'),(802,'en','Goods Detail',1,'2012-08-14 12:43:58',NULL,'0000-00-00 00:00:00'),(802,'id','Detail Barang',1,'2012-08-14 12:43:58',NULL,'0000-00-00 00:00:00'),(803,'en','Authorization',1,'2012-08-14 12:45:38',NULL,'0000-00-00 00:00:00'),(803,'id','Otorisasi',1,'2012-08-14 12:45:38',NULL,'0000-00-00 00:00:00'),(804,'en','Related DO',1,'2012-08-14 12:46:10',NULL,'0000-00-00 00:00:00'),(804,'id','DO Terkait',1,'2012-08-14 12:46:10',NULL,'0000-00-00 00:00:00'),(805,'en','Create',1,'2012-08-14 12:47:53',NULL,'0000-00-00 00:00:00'),(805,'id','Buat',1,'2012-08-14 12:47:53',NULL,'0000-00-00 00:00:00'),(806,'en','DO',1,'2012-08-14 12:48:04',NULL,'0000-00-00 00:00:00'),(806,'id','DO',1,'2012-08-14 12:48:04',NULL,'0000-00-00 00:00:00'),(807,'en','Unit Used for',1,'2012-09-25 08:41:39',NULL,'0000-00-00 00:00:00'),(807,'id','Satuan Digunakan Untuk',1,'2012-09-25 08:41:39',NULL,'0000-00-00 00:00:00'),(808,'en','Selling',1,'2012-08-14 12:49:44',NULL,'0000-00-00 00:00:00'),(808,'id','Penjualan',1,'2012-08-14 12:49:44',NULL,'0000-00-00 00:00:00'),(809,'en','Smallest Units',1,'2012-09-25 08:44:20',NULL,'0000-00-00 00:00:00'),(809,'id','Satuan Terkecil',1,'2012-09-25 08:44:20',NULL,'0000-00-00 00:00:00'),(810,'en','DO Internal',1,'2012-08-14 12:53:35',NULL,'0000-00-00 00:00:00'),(810,'id','DO Internal',1,'2012-08-14 12:53:35',NULL,'0000-00-00 00:00:00'),(811,'en','Auto',1,'2012-08-14 12:53:54',NULL,'0000-00-00 00:00:00'),(811,'id','Auto',1,'2012-08-14 12:53:54',NULL,'0000-00-00 00:00:00'),(812,'en','Manual',1,'2012-08-14 12:54:05',NULL,'0000-00-00 00:00:00'),(812,'id','Manual',1,'2012-08-14 12:54:05',NULL,'0000-00-00 00:00:00'),(813,'en','Outstanding',1,'2012-08-14 12:54:22',NULL,'0000-00-00 00:00:00'),(813,'id','Outstanding',1,'2012-08-14 12:54:22',NULL,'0000-00-00 00:00:00'),(814,'en','Margin',1,'2012-08-14 12:57:33',NULL,'0000-00-00 00:00:00'),(814,'id','Margin',1,'2012-08-14 12:57:33',NULL,'0000-00-00 00:00:00'),(815,'en','Delivered Qty',1,'2012-08-14 13:47:00',NULL,'0000-00-00 00:00:00'),(815,'id','Jumlah Kirim',1,'2012-08-14 13:47:00',NULL,'0000-00-00 00:00:00'),(816,'en','Document Category',1,'2012-08-14 13:05:25',NULL,'0000-00-00 00:00:00'),(816,'id','Kategori Dokumen',1,'2012-08-14 13:05:25',NULL,'0000-00-00 00:00:00'),(817,'en','Bale Quantity',1,'2012-08-14 13:14:18',NULL,'0000-00-00 00:00:00'),(817,'id','Jumlah Koli',1,'2012-08-14 13:14:18',NULL,'0000-00-00 00:00:00'),(820,'en','Checker',1,'2012-08-14 13:17:56',NULL,'0000-00-00 00:00:00'),(820,'id','Checker',1,'2012-08-14 13:17:56',NULL,'0000-00-00 00:00:00'),(821,'en','Packer',1,'2012-08-14 13:18:10',NULL,'0000-00-00 00:00:00'),(821,'id','Packer',1,'2012-08-14 13:18:10',NULL,'0000-00-00 00:00:00'),(824,'en','Document Status',1,'2012-08-14 13:23:31',NULL,'0000-00-00 00:00:00'),(824,'id','Status Dokumen',1,'2012-08-14 13:23:31',NULL,'0000-00-00 00:00:00'),(825,'en','Price',1,'2012-08-14 13:23:47',NULL,'0000-00-00 00:00:00'),(825,'id','Harga',1,'2012-08-14 13:23:47',NULL,'0000-00-00 00:00:00'),(826,'en','Document Type',1,'2012-08-14 13:37:44',NULL,'0000-00-00 00:00:00'),(826,'id','Jenis Dokumen',1,'2012-08-14 13:37:44',NULL,'0000-00-00 00:00:00'),(827,'en','GR Internal',1,'2012-08-14 13:43:05',NULL,'0000-00-00 00:00:00'),(827,'id','GR Internal',1,'2012-08-14 13:43:05',NULL,'0000-00-00 00:00:00'),(828,'en','Qty',1,'2012-08-14 13:47:16',NULL,'0000-00-00 00:00:00'),(828,'id','Jumlah',1,'2012-08-14 13:47:16',NULL,'0000-00-00 00:00:00'),(829,'en','Status',1,'2012-09-28 18:18:51',NULL,'0000-00-00 00:00:00'),(829,'id','Status',1,'2012-09-28 18:18:51',NULL,'0000-00-00 00:00:00'),(830,'en','Master Type',1,'2012-08-14 14:17:41',NULL,'0000-00-00 00:00:00'),(830,'id','Jenis Master',1,'2012-08-14 14:17:43',NULL,'0000-00-00 00:00:00'),(832,'en','Retur Internal',8,'2012-08-14 14:31:06',NULL,'0000-00-00 00:00:00'),(832,'id','Retur Internal',8,'2012-08-14 14:31:06',NULL,'0000-00-00 00:00:00'),(833,'en','Goods Received Date',8,'2012-08-15 14:49:50',NULL,'0000-00-00 00:00:00'),(833,'id','Tanggal Goods Received',8,'2012-08-15 14:49:50',NULL,'0000-00-00 00:00:00'),(834,'en','Goods Name',8,'2012-08-14 15:11:33',NULL,'0000-00-00 00:00:00'),(834,'id','Nama Barang',8,'2012-08-14 15:11:33',NULL,'0000-00-00 00:00:00'),(835,'en','PIC',8,'2012-08-14 15:12:03',NULL,'0000-00-00 00:00:00'),(835,'id','PIC',8,'2012-08-14 15:12:03',NULL,'0000-00-00 00:00:00'),(836,'en','Usage',8,'2012-08-14 15:13:56',NULL,'0000-00-00 00:00:00'),(836,'id','Penggunaan',8,'2012-08-14 15:13:56',NULL,'0000-00-00 00:00:00'),(837,'en','Description',8,'2012-08-14 15:14:31',NULL,'0000-00-00 00:00:00'),(837,'id','Deskripsi',8,'2012-08-14 15:14:31',NULL,'0000-00-00 00:00:00'),(839,'en','Usage Number',8,'2012-08-14 15:16:00',NULL,'0000-00-00 00:00:00'),(839,'id','Nomor Penggunaan',8,'2012-08-14 15:16:00',NULL,'0000-00-00 00:00:00'),(840,'en','Formula Number',8,'2012-08-14 15:17:49',NULL,'0000-00-00 00:00:00'),(840,'id','Nomor Resep',8,'2012-08-14 15:17:49',NULL,'0000-00-00 00:00:00'),(841,'en','Usage Type',8,'2012-08-14 15:23:13',NULL,'0000-00-00 00:00:00'),(841,'id','Jenis Penggunaan',8,'2012-08-14 15:23:13',NULL,'0000-00-00 00:00:00'),(842,'en','Stock Opname',8,'2012-08-14 15:26:59',NULL,'0000-00-00 00:00:00'),(842,'id','Stock Opname',8,'2012-08-14 15:26:59',NULL,'0000-00-00 00:00:00'),(843,'en','Moving Order',1,'2012-09-30 15:30:25',NULL,'0000-00-00 00:00:00'),(843,'id','Mutasi',1,'2012-09-30 15:30:25',NULL,'0000-00-00 00:00:00'),(844,'en','Delivered to',8,'2012-08-15 15:26:45',NULL,'0000-00-00 00:00:00'),(844,'id','Cabang Tujuan',8,'2012-08-15 15:26:45',NULL,'0000-00-00 00:00:00'),(845,'en','Status',8,'2012-08-14 15:37:20',NULL,'0000-00-00 00:00:00'),(845,'id','Status',8,'2012-08-14 15:37:20',NULL,'0000-00-00 00:00:00'),(846,'en','Goods Function',1,'2012-08-15 08:01:07',NULL,'0000-00-00 00:00:00'),(846,'id','Fungsi Barang',1,'2012-08-15 08:01:07',NULL,'0000-00-00 00:00:00'),(847,'en','Membership Status',8,'2012-08-15 08:17:51',NULL,'0000-00-00 00:00:00'),(847,'id','Status Peserta',8,'2012-08-15 08:17:51',NULL,'0000-00-00 00:00:00'),(848,'en','Membership Status',8,'2012-08-15 08:20:43',NULL,'0000-00-00 00:00:00'),(848,'id','Status Peserta',8,'2012-08-15 08:20:43',NULL,'0000-00-00 00:00:00'),(849,'en','Cancel Receive',1,'2012-08-15 08:23:35',NULL,'0000-00-00 00:00:00'),(849,'id','Batal Terima',1,'2012-08-15 08:23:35',NULL,'0000-00-00 00:00:00'),(851,'en','Assignor',1,'2012-08-15 09:34:17',NULL,'0000-00-00 00:00:00'),(851,'id','Pemberi Tugas',1,'2012-08-15 09:34:17',NULL,'0000-00-00 00:00:00'),(852,'en','Officer',1,'2012-08-15 09:41:02',NULL,'0000-00-00 00:00:00'),(852,'id','Petugas / Officer',1,'2012-08-15 09:41:02',NULL,'0000-00-00 00:00:00'),(853,'en','Main Data',1,'2012-08-15 09:45:10',NULL,'0000-00-00 00:00:00'),(853,'id','Data Utama',1,'2012-08-15 09:45:13',NULL,'0000-00-00 00:00:00'),(854,'en','Area Data',1,'2012-08-15 09:53:25',NULL,'0000-00-00 00:00:00'),(854,'id','Data Area / Wilayah',1,'2012-08-15 09:53:25',NULL,'0000-00-00 00:00:00'),(855,'en','General Information',1,'2012-08-15 09:54:01',NULL,'0000-00-00 00:00:00'),(855,'id','Informasi Umum',1,'2012-08-15 09:54:01',NULL,'0000-00-00 00:00:00'),(856,'en','Approve Success',1,'2012-08-15 10:24:35',NULL,'0000-00-00 00:00:00'),(856,'id','Persetujuan Berhasil',1,'2012-08-15 10:24:35',NULL,'0000-00-00 00:00:00'),(857,'en','Unapprove Success',1,'2012-09-25 10:42:25',NULL,'0000-00-00 00:00:00'),(857,'id','Pembatalan Persetujuan Berhasil',1,'2012-09-25 10:42:25',NULL,'0000-00-00 00:00:00'),(858,'en','Success change status to \"Urgent\"',1,'2012-08-15 10:25:08',NULL,'0000-00-00 00:00:00'),(858,'id','Pengubahan status \"Urgent\" berhasil',1,'2012-08-15 10:25:08',NULL,'0000-00-00 00:00:00'),(859,'en','Flush Success',1,'2012-08-15 10:25:24',NULL,'0000-00-00 00:00:00'),(859,'id','Flush Berhasil',1,'2012-08-15 10:25:24',NULL,'0000-00-00 00:00:00'),(860,'en','Unflush Success',1,'2012-08-15 10:26:23',NULL,'0000-00-00 00:00:00'),(860,'id','Unflush Berhasil',1,'2012-08-15 10:26:23',NULL,'0000-00-00 00:00:00'),(861,'en','Success Create New DO',1,'2012-08-15 10:28:59',NULL,'0000-00-00 00:00:00'),(861,'id','Pembuatan DO berhasil',1,'2012-08-15 10:28:59',NULL,'0000-00-00 00:00:00'),(862,'en','Delivered from',8,'2012-08-15 10:32:10',NULL,'0000-00-00 00:00:00'),(862,'id','Cabang Asal',8,'2012-08-15 10:32:10',NULL,'0000-00-00 00:00:00'),(863,'en','Bale acceptance cancelation success',8,'2012-08-15 14:47:01',NULL,'0000-00-00 00:00:00'),(863,'id','Pembatalan accept koli berhasil',8,'2012-08-15 14:47:01',NULL,'0000-00-00 00:00:00'),(864,'en','Bale acceptance success',8,'2012-08-15 14:46:20',NULL,'0000-00-00 00:00:00'),(864,'id','Accept koli berhasil',8,'2012-08-15 14:46:20',NULL,'0000-00-00 00:00:00'),(865,'en','Receiving success',8,'2012-08-15 15:12:36',NULL,'0000-00-00 00:00:00'),(865,'id','Penerimaan berhasil',8,'2012-08-15 15:12:36',NULL,'0000-00-00 00:00:00'),(866,'en','Goods code',1,'2012-08-15 11:05:28',NULL,'0000-00-00 00:00:00'),(866,'id','Kode Barang',1,'2012-08-15 11:05:28',NULL,'0000-00-00 00:00:00'),(867,'en','In',1,'2012-08-15 11:06:52',NULL,'0000-00-00 00:00:00'),(867,'id','Masuk',1,'2012-08-15 11:06:52',NULL,'0000-00-00 00:00:00'),(868,'en','Out',1,'2012-08-15 11:07:14',NULL,'0000-00-00 00:00:00'),(868,'id','Keluar',1,'2012-08-15 11:07:14',NULL,'0000-00-00 00:00:00'),(869,'en','Goods Number',1,'2012-08-15 11:10:23',NULL,'0000-00-00 00:00:00'),(869,'id','Nomor Barang',1,'2012-08-15 11:10:23',NULL,'0000-00-00 00:00:00'),(870,'en','Balance',1,'2012-08-15 12:49:31',NULL,'0000-00-00 00:00:00'),(870,'id','Balance',1,'2012-08-15 12:49:31',NULL,'0000-00-00 00:00:00'),(871,'en','Vendor',1,'2012-08-15 12:49:59',NULL,'0000-00-00 00:00:00'),(871,'id','Vendor',1,'2012-08-15 12:49:59',NULL,'0000-00-00 00:00:00'),(872,'en','Transaction Type',1,'2012-08-15 12:50:45',NULL,'0000-00-00 00:00:00'),(872,'id','Tipe Transaksi',1,'2012-08-15 12:50:45',NULL,'0000-00-00 00:00:00'),(873,'en','Before',1,'2012-08-15 12:52:14',NULL,'0000-00-00 00:00:00'),(873,'id','Sebelum',1,'2012-08-15 12:52:14',NULL,'0000-00-00 00:00:00'),(874,'en','After',1,'2012-08-15 12:52:31',NULL,'0000-00-00 00:00:00'),(874,'id','Sesudah',1,'2012-08-15 12:52:31',NULL,'0000-00-00 00:00:00'),(875,'en','Area Data can not be empty',1,'2012-11-08 10:02:02',NULL,'0000-00-00 00:00:00'),(875,'id','Data Area / Wilayah Tidak boleh kosong',1,'2012-11-08 10:02:02',NULL,'0000-00-00 00:00:00'),(876,'en','Good Receive successfully canceled',8,'2012-08-15 15:37:06',NULL,'0000-00-00 00:00:00'),(876,'id','Pembatalan Good Received berhasl',8,'2012-08-15 15:37:06',NULL,'0000-00-00 00:00:00'),(877,'en','Unapprove failed',8,'2012-08-15 15:45:43',NULL,'0000-00-00 00:00:00'),(877,'id','Pembatalan persetujuan gagal',8,'2012-08-15 15:45:43',NULL,'0000-00-00 00:00:00'),(878,'en','Approval failed',8,'2012-08-15 15:46:35',NULL,'0000-00-00 00:00:00'),(878,'id','Persetujuan gagal',8,'2012-08-15 15:46:35',NULL,'0000-00-00 00:00:00'),(879,'en','Receiving successfully canceled',8,'2012-08-15 15:50:47',NULL,'0000-00-00 00:00:00'),(879,'id','Pembatalan penerimaan berhasil',8,'2012-08-15 15:50:47',NULL,'0000-00-00 00:00:00'),(880,'en','Receiving failed',1,'2012-08-16 11:28:55',NULL,'0000-00-00 00:00:00'),(880,'id','Penerimaan Gagal',1,'2012-08-16 11:28:55',NULL,'0000-00-00 00:00:00'),(881,'en','Cancel receive failed',1,'2012-08-16 11:27:40',NULL,'0000-00-00 00:00:00'),(881,'id','Batal terima gagal',1,'2012-08-16 11:27:40',NULL,'0000-00-00 00:00:00'),(882,'en','Direction',1,'2012-09-30 15:32:08',NULL,'0000-00-00 00:00:00'),(882,'id','Arah Mutasi',1,'2012-09-30 15:32:08',NULL,'0000-00-00 00:00:00'),(883,'en','Doctor Reference / Clinic',1,'2012-08-24 11:00:28',NULL,'0000-00-00 00:00:00'),(883,'id','Referensi Dokter / Klinik',1,'2012-08-24 11:00:28',NULL,'0000-00-00 00:00:00'),(885,'en','Internal Insurace List',1,'2012-08-24 11:01:10',NULL,'0000-00-00 00:00:00'),(885,'id','Daftar Asuransi Internal',1,'2012-08-24 11:01:10',NULL,'0000-00-00 00:00:00'),(886,'en','Bank Account List',1,'2012-08-24 11:03:47',NULL,'0000-00-00 00:00:00'),(886,'id','Daftar Rekening Bank',1,'2012-08-24 11:03:47',NULL,'0000-00-00 00:00:00'),(887,'en','External Insurance List',1,'2012-08-24 11:07:09',NULL,'0000-00-00 00:00:00'),(887,'id','Daftar Asuransi Eksternal',1,'2012-08-24 11:07:09',NULL,'0000-00-00 00:00:00'),(888,'en','Askes List',1,'2012-08-24 11:08:28',NULL,'0000-00-00 00:00:00'),(888,'id','Daftar Asuransi Kesehatan',1,'2012-08-24 11:08:28',NULL,'0000-00-00 00:00:00'),(889,'en','NPWP List',1,'2012-08-24 11:09:09',NULL,'0000-00-00 00:00:00'),(889,'id','Daftar NPWP',1,'2012-08-24 11:09:09',NULL,'0000-00-00 00:00:00'),(890,'en','Jamsostek List',1,'2012-08-24 11:09:57',NULL,'0000-00-00 00:00:00'),(890,'id','Daftar Jamsostek',1,'2012-08-24 11:09:57',NULL,'0000-00-00 00:00:00'),(891,'en','Cancel Approve',1,'2012-08-29 10:29:39',NULL,'0000-00-00 00:00:00'),(891,'id','Batal Setujui',1,'2012-08-29 10:29:39',NULL,'0000-00-00 00:00:00'),(892,'en','Cancel Accept',1,'2012-09-19 14:24:15',NULL,'0000-00-00 00:00:00'),(892,'id','Batal Accept Koli',1,'2012-09-19 14:24:15',NULL,'0000-00-00 00:00:00'),(893,'en','Cancel Urgent',1,'2012-08-29 10:30:15',NULL,'0000-00-00 00:00:00'),(893,'id','Batal Urgent',1,'2012-08-29 10:30:15',NULL,'0000-00-00 00:00:00'),(894,'en','Only if the Stock Available',1,'2012-08-29 10:55:37',NULL,'0000-00-00 00:00:00'),(894,'id','Hanya yang ada Stok',1,'2012-08-29 10:55:37',NULL,'0000-00-00 00:00:00'),(895,'en','Relocation',8,'2012-08-29 16:12:44',NULL,'0000-00-00 00:00:00'),(895,'id','Relokasi',8,'2012-08-29 16:12:44',NULL,'0000-00-00 00:00:00'),(896,'en','Status',8,'2012-08-29 16:13:37',NULL,'0000-00-00 00:00:00'),(896,'id','Status',8,'2012-08-29 16:13:37',NULL,'0000-00-00 00:00:00'),(897,'en','Cancel Delivery',8,'2012-08-29 16:42:00',NULL,'0000-00-00 00:00:00'),(897,'id','Batalkan Pengiriman',8,'2012-08-29 16:42:00',NULL,'0000-00-00 00:00:00'),(898,'en','Kirim',8,'2012-08-29 16:43:37',NULL,'0000-00-00 00:00:00'),(898,'id','Deliver',8,'2012-08-29 16:43:37',NULL,'0000-00-00 00:00:00'),(899,'en','Area',1,'2012-08-29 16:43:56',NULL,'0000-00-00 00:00:00'),(899,'id','Wilayah',1,'2012-08-29 16:43:56',NULL,'0000-00-00 00:00:00'),(900,'en','Delivery is successfully canceled ',8,'2012-08-29 16:46:30',NULL,'0000-00-00 00:00:00'),(900,'id','Pembatalan pengiriman berhasil',8,'2012-08-29 16:46:30',NULL,'0000-00-00 00:00:00'),(901,'en','Goods Delivery is success',8,'2012-08-29 16:47:37',NULL,'0000-00-00 00:00:00'),(901,'id','Pengiriman berhasil',8,'2012-08-29 16:47:37',NULL,'0000-00-00 00:00:00'),(902,'en','Goods',1,'2012-08-30 08:06:06',NULL,'0000-00-00 00:00:00'),(902,'id','Master Barang',1,'2012-08-30 08:06:06',NULL,'0000-00-00 00:00:00'),(903,'en','The Goods field is required.',8,'2012-08-30 08:42:48',NULL,'0000-00-00 00:00:00'),(903,'id','Field barang harus diisi.',8,'2012-08-30 08:42:48',NULL,'0000-00-00 00:00:00'),(904,'en','Add Account',1,'2012-09-28 15:19:39',NULL,'0000-00-00 00:00:00'),(904,'id','Tambah Akun',1,'2012-09-28 15:19:39',NULL,'0000-00-00 00:00:00'),(905,'en','Account',1,'2012-09-28 15:18:30',NULL,'0000-00-00 00:00:00'),(905,'id','Akun',1,'2012-09-28 15:18:30',NULL,'0000-00-00 00:00:00'),(906,'en','Additional',1,'2012-08-30 09:55:13',NULL,'0000-00-00 00:00:00'),(906,'id','Tambahan',1,'2012-08-30 09:55:13',NULL,'0000-00-00 00:00:00'),(907,'en','Rating',1,'2012-08-30 16:10:24',NULL,'0000-00-00 00:00:00'),(907,'id','Rating',1,'2012-08-30 16:10:24',NULL,'0000-00-00 00:00:00'),(908,'en','Brand Name',1,'2012-08-30 16:10:46',NULL,'0000-00-00 00:00:00'),(908,'id','Nama Brand',1,'2012-08-30 16:10:46',NULL,'0000-00-00 00:00:00'),(909,'en','Registered Number',1,'2012-09-28 15:16:21',NULL,'0000-00-00 00:00:00'),(909,'id','Nomor Registrasi',1,'2012-09-28 15:16:21',NULL,'0000-00-00 00:00:00'),(910,'en','Account Registered Date',1,'2012-08-30 16:13:10',NULL,'0000-00-00 00:00:00'),(910,'id','Tanggal Berdiri Perusahaan',1,'2012-08-30 16:13:10',NULL,'0000-00-00 00:00:00'),(911,'en','Company Logo',1,'2012-08-30 16:14:24',NULL,'0000-00-00 00:00:00'),(911,'id','Logo Perusahaan',1,'2012-08-30 16:14:24',NULL,'0000-00-00 00:00:00'),(912,'en','Other Information',1,'2012-08-30 16:14:54',NULL,'0000-00-00 00:00:00'),(912,'id','Informasi Lainnya',1,'2012-08-30 16:14:54',NULL,'0000-00-00 00:00:00'),(913,'en','Annual Revenue',1,'2012-08-30 16:15:27',NULL,'0000-00-00 00:00:00'),(913,'id','Pendapatan Tahunan',1,'2012-08-30 16:15:27',NULL,'0000-00-00 00:00:00'),(914,'en','Members Of',1,'2012-08-30 16:17:56',NULL,'0000-00-00 00:00:00'),(914,'id','Anggota Dari',1,'2012-08-30 16:17:56',NULL,'0000-00-00 00:00:00'),(915,'en','Parent Company',1,'2012-08-30 16:19:37',NULL,'0000-00-00 00:00:00'),(915,'id','Induk Perusahaan',1,'2012-08-30 16:19:37',NULL,'0000-00-00 00:00:00'),(916,'en','Employees',1,'2012-08-30 16:20:08',NULL,'0000-00-00 00:00:00'),(916,'id','Jumlah Pegawai',1,'2012-08-30 16:20:08',NULL,'0000-00-00 00:00:00'),(917,'en','Assign Status',1,'2012-08-30 16:22:01',NULL,'0000-00-00 00:00:00'),(917,'id','Penetapan Petugas',1,'2012-08-30 16:22:01',NULL,'0000-00-00 00:00:00'),(918,'en','Self Manage',1,'2012-10-10 10:28:43',NULL,'0000-00-00 00:00:00'),(918,'id','Kelola Sendiri',1,'2012-10-10 10:28:43',NULL,'0000-00-00 00:00:00'),(919,'en','Delegate to Subordinate',1,'2012-10-10 10:28:24',NULL,'0000-00-00 00:00:00'),(919,'id','Alihkan ke Petugas Bawahan Anda',1,'2012-10-10 10:28:24',NULL,'0000-00-00 00:00:00'),(920,'en','Billing Address',9,'2012-10-04 18:10:51',NULL,'0000-00-00 00:00:00'),(920,'id','Alamat Billing',9,'2012-10-04 18:10:51',NULL,'0000-00-00 00:00:00'),(921,'en','Shipping Address',1,'2012-08-30 16:24:50',NULL,'0000-00-00 00:00:00'),(921,'id','Alamat Shipping',1,'2012-08-30 16:24:50',NULL,'0000-00-00 00:00:00'),(922,'en','Email Data',1,'2012-08-30 16:25:07',NULL,'0000-00-00 00:00:00'),(922,'id','Data Email',1,'2012-08-30 16:25:07',NULL,'0000-00-00 00:00:00'),(923,'en','Website Data',1,'2012-08-30 16:25:23',NULL,'0000-00-00 00:00:00'),(923,'id','Data Website',1,'2012-08-30 16:25:23',NULL,'0000-00-00 00:00:00'),(924,'en','Business Data',1,'2012-08-30 16:26:12',NULL,'0000-00-00 00:00:00'),(924,'id','Data Bisnis Usaha',1,'2012-08-30 16:26:12',NULL,'0000-00-00 00:00:00'),(925,'en','Product Segment Data',1,'2012-08-30 16:26:52',NULL,'0000-00-00 00:00:00'),(925,'id','Data Segmentasi Produk',1,'2012-08-30 16:26:52',NULL,'0000-00-00 00:00:00'),(926,'en','Business',1,'2012-08-30 16:27:41',NULL,'0000-00-00 00:00:00'),(926,'id','Bisnis',1,'2012-08-30 16:27:41',NULL,'0000-00-00 00:00:00'),(927,'en','Product Segment',1,'2012-08-30 16:34:24',NULL,'0000-00-00 00:00:00'),(927,'id','Segmen Produk',1,'2012-08-30 16:34:24',NULL,'0000-00-00 00:00:00'),(928,'en','Person',1,'2012-08-30 16:29:50',NULL,'0000-00-00 00:00:00'),(928,'id','Orang',1,'2012-08-30 16:29:50',NULL,'0000-00-00 00:00:00'),(929,'en','Phone Data',1,'2012-08-30 16:30:05',NULL,'0000-00-00 00:00:00'),(929,'id','Data Telepon',1,'2012-08-30 16:30:05',NULL,'0000-00-00 00:00:00'),(930,'en','Assignor Officer',1,'2012-08-30 16:32:01',NULL,'0000-00-00 00:00:00'),(930,'id','Atasan Petugas',1,'2012-08-30 16:32:01',NULL,'0000-00-00 00:00:00'),(931,'en','Date',1,'2012-09-30 15:30:48',NULL,'0000-00-00 00:00:00'),(931,'id','Tanggal',1,'2012-09-30 15:30:48',NULL,'0000-00-00 00:00:00'),(932,'en','Urgent status is successfully canceled',1,'2012-09-03 15:01:16',NULL,'0000-00-00 00:00:00'),(932,'id','Pembatalan status urgen berhasil',1,'2012-09-03 15:01:16',NULL,'0000-00-00 00:00:00'),(933,'en','Overstock Report',1,'2012-09-05 08:14:51',NULL,'0000-00-00 00:00:00'),(933,'id','Laporan Kelebihan Stok',1,'2012-09-05 08:14:51',NULL,'0000-00-00 00:00:00'),(934,'en','Less Stock Report',1,'2012-09-05 09:10:31',NULL,'0000-00-00 00:00:00'),(934,'id','Laporan Kekurangan Stok',1,'2012-09-05 09:10:31',NULL,'0000-00-00 00:00:00'),(935,'en','Stock Expired Report',1,'2012-09-05 09:10:57',NULL,'0000-00-00 00:00:00'),(935,'id','Laporan Stok Expired',1,'2012-09-05 09:10:57',NULL,'0000-00-00 00:00:00'),(936,'en','Retur From',1,'2012-09-07 09:02:12',NULL,'0000-00-00 00:00:00'),(936,'id','Retur Dari',1,'2012-09-07 09:02:12',NULL,'0000-00-00 00:00:00'),(937,'en','Transaction Number',1,'2012-09-07 09:02:26',NULL,'0000-00-00 00:00:00'),(937,'id','Nomor Transaksi',1,'2012-09-07 09:02:26',NULL,'0000-00-00 00:00:00'),(938,'en','Retur Number',1,'2012-09-07 09:02:41',NULL,'0000-00-00 00:00:00'),(938,'id','Nomor Retur',1,'2012-09-07 09:02:41',NULL,'0000-00-00 00:00:00'),(939,'en','Currency Rate',1,'2012-09-07 09:03:08',NULL,'0000-00-00 00:00:00'),(939,'id','Kurs',1,'2012-09-07 09:03:08',NULL,'0000-00-00 00:00:00'),(940,'en','Created By',1,'2012-09-07 09:03:25',NULL,'0000-00-00 00:00:00'),(940,'id','Dibuat Oleh',1,'2012-09-07 09:03:25',NULL,'0000-00-00 00:00:00'),(941,'en','Prepared By',1,'2012-09-07 09:03:42',NULL,'0000-00-00 00:00:00'),(941,'id','Disiapkan Oleh',1,'2012-09-07 09:03:42',NULL,'0000-00-00 00:00:00'),(942,'en','Business Partner',1,'2012-09-07 09:04:02',NULL,'0000-00-00 00:00:00'),(942,'id','Business Partner',1,'2012-09-07 09:04:02',NULL,'0000-00-00 00:00:00'),(943,'en','Receiver',1,'2012-09-07 10:49:22',NULL,'0000-00-00 00:00:00'),(943,'id','Penerima',1,'2012-09-07 10:49:22',NULL,'0000-00-00 00:00:00'),(944,'en','Stock Card',1,'2012-09-10 14:39:11',NULL,'0000-00-00 00:00:00'),(944,'id','Kartu Stok',1,'2012-09-10 14:39:11',NULL,'0000-00-00 00:00:00'),(945,'en','Class Style',1,'2012-09-12 15:27:03',NULL,'0000-00-00 00:00:00'),(945,'id','Style Class',1,'2012-09-12 15:27:03',NULL,'0000-00-00 00:00:00'),(946,'en','Stock for',1,'2012-09-20 19:43:59',NULL,'0000-00-00 00:00:00'),(946,'id','Stock barang',1,'2012-09-20 19:43:59',NULL,'0000-00-00 00:00:00'),(947,'en','only available',1,'2012-09-20 19:44:23',NULL,'0000-00-00 00:00:00'),(947,'id','hanya tersedia',1,'2012-09-20 19:44:23',NULL,'0000-00-00 00:00:00'),(948,'en','for',1,'2012-09-20 19:44:38',NULL,'0000-00-00 00:00:00'),(948,'id','untuk',1,'2012-09-20 19:44:38',NULL,'0000-00-00 00:00:00'),(949,'en','needed',1,'2012-09-20 19:44:58',NULL,'0000-00-00 00:00:00'),(949,'id','yang diperlukan',1,'2012-09-20 19:44:58',NULL,'0000-00-00 00:00:00'),(950,'en','Not Packet',1,'2012-09-21 08:29:25',NULL,'0000-00-00 00:00:00'),(950,'id','Bukan Paket',1,'2012-09-21 08:29:25',NULL,'0000-00-00 00:00:00'),(951,'en','Smallest Units/Sell Units',1,'2012-09-21 08:33:11',NULL,'0000-00-00 00:00:00'),(951,'id','Satuan Jual/Terkecil',1,'2012-09-21 08:33:11',NULL,'0000-00-00 00:00:00'),(952,'en','Goods Is Packet',1,'2012-09-21 08:35:44',NULL,'0000-00-00 00:00:00'),(952,'id','Barang Paket',1,'2012-09-21 08:35:44',NULL,'0000-00-00 00:00:00'),(953,'en','Buy Price To Supplier',1,'2012-09-21 08:37:01',NULL,'0000-00-00 00:00:00'),(953,'id','Harga Beli Ke Supplier',1,'2012-09-21 08:37:01',NULL,'0000-00-00 00:00:00'),(954,'en','Department / Unit',1,'2012-09-21 15:41:24',NULL,'0000-00-00 00:00:00'),(954,'id','Departemen / Unit',1,'2012-09-21 15:41:24',NULL,'0000-00-00 00:00:00'),(955,'en','Unit Address',1,'2012-09-21 15:42:07',NULL,'0000-00-00 00:00:00'),(955,'id','Alamat Departemen/Unit',1,'2012-09-21 15:42:07',NULL,'0000-00-00 00:00:00'),(956,'en','External Purchasing',1,'2012-09-25 08:42:29',NULL,'0000-00-00 00:00:00'),(956,'id','Pemesanan Barang Ke Supplier',1,'2012-09-25 08:42:29',NULL,'0000-00-00 00:00:00'),(957,'en','PO Internal',1,'2012-10-01 05:11:25',NULL,'0000-00-00 00:00:00'),(957,'id','Pembelian Antar Unit',1,'2012-10-01 05:11:25',NULL,'0000-00-00 00:00:00'),(958,'en','Refer To',1,'2012-09-25 08:56:14',NULL,'0000-00-00 00:00:00'),(958,'id','Acuan',1,'2012-09-25 08:56:14',NULL,'0000-00-00 00:00:00'),(959,'en','Sell Unit',1,'2012-09-25 14:53:56',NULL,'0000-00-00 00:00:00'),(959,'id','Satuan Jual',1,'2012-09-25 14:53:56',NULL,'0000-00-00 00:00:00'),(960,'en','Tax Status',1,'2012-09-25 15:55:09',NULL,'0000-00-00 00:00:00'),(960,'id','Status Pajak',1,'2012-09-25 15:55:09',NULL,'0000-00-00 00:00:00'),(961,'en','Discount Status',1,'2012-09-25 15:55:57',NULL,'0000-00-00 00:00:00'),(961,'id','Status Diskon',1,'2012-09-25 15:55:57',NULL,'0000-00-00 00:00:00'),(962,'en','No stock availabel for goods',1,'2012-09-26 08:19:30',NULL,'0000-00-00 00:00:00'),(962,'id','Tak ada stock tersedia untuk barang',1,'2012-09-26 08:19:30',NULL,'0000-00-00 00:00:00'),(963,'en','Code/Name/Barcode',1,'2012-09-26 11:01:27',NULL,'0000-00-00 00:00:00'),(963,'id','Kode/Nama/Barcode',1,'2012-09-26 11:01:27',NULL,'0000-00-00 00:00:00'),(964,'en','Goods Price',1,'2012-09-26 13:34:14',NULL,'0000-00-00 00:00:00'),(964,'id','Harga Barang',1,'2012-09-26 13:34:14',NULL,'0000-00-00 00:00:00'),(965,'en','Usage For',1,'2012-09-26 14:01:07',NULL,'0000-00-00 00:00:00'),(965,'id','Digunakan Untuk',1,'2012-09-26 14:01:07',NULL,'0000-00-00 00:00:00'),(966,'en','Registered Number',1,'2012-09-28 14:46:57',NULL,'0000-00-00 00:00:00'),(966,'id','Nomor Registrasi',1,'2012-09-28 14:46:57',NULL,'0000-00-00 00:00:00'),(967,'en','Name',1,'2012-09-28 14:48:52',NULL,'0000-00-00 00:00:00'),(967,'id','Nama',1,'2012-09-28 14:48:52',NULL,'0000-00-00 00:00:00'),(968,'en','Information',1,'2012-09-28 14:48:19',NULL,'0000-00-00 00:00:00'),(968,'id','Informasi',1,'2012-09-28 14:48:19',NULL,'0000-00-00 00:00:00'),(969,'en','Information',1,'2012-09-28 14:49:17',NULL,'0000-00-00 00:00:00'),(969,'id','Informasi',1,'2012-09-28 14:49:17',NULL,'0000-00-00 00:00:00'),(970,'en','Clear',1,'2012-09-28 14:50:01',NULL,'0000-00-00 00:00:00'),(970,'id','Hapus',1,'2012-09-28 14:50:01',NULL,'0000-00-00 00:00:00'),(971,'en','Transactional',1,'2012-09-28 14:50:37',NULL,'0000-00-00 00:00:00'),(971,'id','Transaksional',1,'2012-09-28 14:50:37',NULL,'0000-00-00 00:00:00'),(972,'en','Detail',1,'2012-09-28 14:51:29',NULL,'0000-00-00 00:00:00'),(972,'id','Detail',1,'2012-09-28 14:51:29',NULL,'0000-00-00 00:00:00'),(973,'en','Business Model',1,'2012-09-28 14:52:09',NULL,'0000-00-00 00:00:00'),(973,'id','Model Bisnis',1,'2012-09-28 14:52:09',NULL,'0000-00-00 00:00:00'),(974,'en','Opportunity Name',1,'2012-09-28 14:52:37',NULL,'0000-00-00 00:00:00'),(974,'id','Nama Peluang',1,'2012-09-28 14:52:37',NULL,'0000-00-00 00:00:00'),(976,'en','Opportunity',1,'2012-09-28 14:54:55',NULL,'0000-00-00 00:00:00'),(976,'id','Peluang',1,'2012-09-28 14:54:55',NULL,'0000-00-00 00:00:00'),(977,'en','Revenue',1,'2012-09-28 14:57:05',NULL,'0000-00-00 00:00:00'),(977,'id','Pendapatan',1,'2012-09-28 14:57:05',NULL,'0000-00-00 00:00:00'),(978,'en','Gross Profit',1,'2012-09-28 18:00:35',NULL,'0000-00-00 00:00:00'),(978,'id','Laba Bruto',1,'2012-09-28 18:00:35',NULL,'0000-00-00 00:00:00'),(979,'en','Next Step',1,'2012-09-28 14:57:47',NULL,'0000-00-00 00:00:00'),(979,'id','Langkah Selanjutnya',1,'2012-09-28 14:57:47',NULL,'0000-00-00 00:00:00'),(980,'en','Additional Information',1,'2012-09-28 14:58:10',NULL,'0000-00-00 00:00:00'),(980,'id','Informasi Tambahan',1,'2012-09-28 14:58:10',NULL,'0000-00-00 00:00:00'),(981,'en','Prospect Start Status',1,'2012-09-28 14:58:48',NULL,'0000-00-00 00:00:00'),(981,'id','Status Berjalannya Prospek',1,'2012-09-28 14:58:48',NULL,'0000-00-00 00:00:00'),(982,'en','Not Started',1,'2012-09-28 15:01:04',NULL,'0000-00-00 00:00:00'),(982,'id','Belum Berjalan',1,'2012-09-28 15:01:04',NULL,'0000-00-00 00:00:00'),(983,'en','Already Started',1,'2012-09-28 15:00:51',NULL,'0000-00-00 00:00:00'),(983,'id','Sudah Berjalan',1,'2012-09-28 15:00:51',NULL,'0000-00-00 00:00:00'),(984,'en','Transaction Log',1,'2012-09-28 15:01:23',NULL,'0000-00-00 00:00:00'),(984,'id','Log Transaksi',1,'2012-09-28 15:01:23',NULL,'0000-00-00 00:00:00'),(985,'en','View Log',1,'2012-09-28 15:01:42',NULL,'0000-00-00 00:00:00'),(985,'id','Lihat Log',1,'2012-09-28 15:01:42',NULL,'0000-00-00 00:00:00'),(986,'en','Revenue',1,'2012-09-28 17:59:05',NULL,'0000-00-00 00:00:00'),(986,'id','Pendapatan',1,'2012-09-28 17:59:05',NULL,'0000-00-00 00:00:00'),(987,'en','Contact',1,'2012-09-28 15:05:33',NULL,'0000-00-00 00:00:00'),(987,'id','Kontak',1,'2012-09-28 15:05:33',NULL,'0000-00-00 00:00:00'),(988,'en','Contact Data',1,'2012-09-28 15:05:59',NULL,'0000-00-00 00:00:00'),(988,'id','Data Kontak',1,'2012-09-28 15:05:59',NULL,'0000-00-00 00:00:00'),(989,'en','Attachment Data',1,'2012-09-28 15:06:26',NULL,'0000-00-00 00:00:00'),(989,'id','Data Lampiran',1,'2012-09-28 15:06:26',NULL,'0000-00-00 00:00:00'),(990,'en','Business Sector Data',1,'2012-09-28 15:08:29',NULL,'0000-00-00 00:00:00'),(990,'id','Data Sektor Usaha',1,'2012-09-28 15:08:29',NULL,'0000-00-00 00:00:00'),(991,'en','Name',1,'2012-09-28 15:09:40',NULL,'0000-00-00 00:00:00'),(991,'id','Nama',1,'2012-09-28 15:09:40',NULL,'0000-00-00 00:00:00'),(993,'en','Add Opportunity',1,'2012-09-28 15:19:23',NULL,'0000-00-00 00:00:00'),(993,'id','Tambah Peluang',1,'2012-09-28 15:19:23',NULL,'0000-00-00 00:00:00'),(994,'en','Add Contact',1,'2012-09-28 15:20:42',NULL,'0000-00-00 00:00:00'),(994,'id','Tambah Kontak',1,'2012-09-28 15:20:42',NULL,'0000-00-00 00:00:00'),(995,'en','Do Not Call',1,'2012-09-28 18:22:35',NULL,'0000-00-00 00:00:00'),(995,'id','Tidak Dapat Dihubungi',1,'2012-09-28 18:22:35',NULL,'0000-00-00 00:00:00'),(996,'en','Outlook Sync',1,'2012-09-28 15:23:28',NULL,'0000-00-00 00:00:00'),(996,'id','Sinkronisasi dengan Outlook',1,'2012-09-28 15:23:28',NULL,'0000-00-00 00:00:00'),(997,'en','From Contact',1,'2012-09-28 15:23:51',NULL,'0000-00-00 00:00:00'),(997,'id','Dari Kontak',1,'2012-09-28 15:23:51',NULL,'0000-00-00 00:00:00'),(998,'en','Main Address',9,'2012-10-04 18:10:27',NULL,'0000-00-00 00:00:00'),(998,'id','Alamat Utama',9,'2012-10-04 18:10:27',NULL,'0000-00-00 00:00:00'),(999,'en','Alternative Address',1,'2012-09-28 15:24:48',NULL,'0000-00-00 00:00:00'),(999,'id','Alamat Alternatif',1,'2012-09-28 15:24:48',NULL,'0000-00-00 00:00:00'),(1000,'en','Instant Message (IM) Data',1,'2012-09-28 15:25:52',NULL,'0000-00-00 00:00:00'),(1000,'id','Data Instant Messaging (IM)',1,'2012-09-28 15:25:52',NULL,'0000-00-00 00:00:00'),(1001,'en','Social Media Data',1,'2012-09-28 15:26:20',NULL,'0000-00-00 00:00:00'),(1001,'id','Data Jejaring Sosial',1,'2012-09-28 15:26:20',NULL,'0000-00-00 00:00:00'),(1002,'en','IM Client',1,'2012-09-28 15:27:11',NULL,'0000-00-00 00:00:00'),(1002,'id','Klien IM',1,'2012-09-28 15:27:11',NULL,'0000-00-00 00:00:00'),(1003,'en','Set As Primary',1,'2012-09-28 15:41:21',NULL,'0000-00-00 00:00:00'),(1003,'id','Set Sebagai Utama',1,'2012-09-28 15:41:21',NULL,'0000-00-00 00:00:00'),(1004,'en','Add Target',1,'2012-09-28 16:10:56',NULL,'0000-00-00 00:00:00'),(1004,'id','Tambah Target',1,'2012-09-28 16:10:56',NULL,'0000-00-00 00:00:00'),(1005,'en','Reference Number',1,'2012-09-28 16:19:15',NULL,'0000-00-00 00:00:00'),(1005,'id','Nomor Referensi',1,'2012-09-28 16:19:15',NULL,'0000-00-00 00:00:00'),(1006,'en','Social Media Account',9,'2012-09-28 17:38:37',NULL,'0000-00-00 00:00:00'),(1006,'id','Akun Jejaring Sosial',9,'2012-09-28 17:38:37',NULL,'0000-00-00 00:00:00'),(1007,'en','Detail',9,'2012-09-28 17:39:08',NULL,'0000-00-00 00:00:00'),(1007,'id','Detail',9,'2012-09-28 17:39:08',NULL,'0000-00-00 00:00:00'),(1008,'en','Add Lead',1,'2012-09-28 18:14:53',NULL,'0000-00-00 00:00:00'),(1008,'id','Tambah Narasumber',1,'2012-09-28 18:14:53',NULL,'0000-00-00 00:00:00'),(1009,'en','Status Notes',1,'2012-09-28 18:09:22',NULL,'0000-00-00 00:00:00'),(1009,'id','Keterangan Status',1,'2012-09-28 18:09:22',NULL,'0000-00-00 00:00:00'),(1010,'en','Lead Source Notes',1,'2012-09-28 18:15:11',NULL,'0000-00-00 00:00:00'),(1010,'id','Keterangan Sumber',1,'2012-09-28 18:15:11',NULL,'0000-00-00 00:00:00'),(1011,'en','Estimated Amount',1,'2012-10-04 18:57:35',NULL,'0000-00-00 00:00:00'),(1011,'id','Nominal Perkiraan',1,'2012-10-04 18:57:35',NULL,'0000-00-00 00:00:00'),(1012,'en','Units',1,'2012-09-30 11:19:14',NULL,'0000-00-00 00:00:00'),(1012,'id','Satuan',1,'2012-09-30 11:19:14',NULL,'0000-00-00 00:00:00'),(1013,'en','Action',1,'2012-09-30 11:20:08',NULL,'0000-00-00 00:00:00'),(1013,'id','Aksi',1,'2012-09-30 11:20:08',NULL,'0000-00-00 00:00:00'),(1014,'en','Stock Before',1,'2012-09-30 13:45:26',NULL,'0000-00-00 00:00:00'),(1014,'id','Stock Sebelumnya',1,'2012-09-30 13:45:26',NULL,'0000-00-00 00:00:00'),(1015,'en','Stock Opname',1,'2012-09-30 13:45:41',NULL,'0000-00-00 00:00:00'),(1015,'id','Stock Opname',1,'2012-09-30 13:45:41',NULL,'0000-00-00 00:00:00'),(1016,'en','Sender',1,'2012-09-30 15:29:43',NULL,'0000-00-00 00:00:00'),(1016,'id','Pengirim',1,'2012-09-30 15:29:43',NULL,'0000-00-00 00:00:00'),(1017,'en','Receiver',1,'2012-09-30 15:30:01',NULL,'0000-00-00 00:00:00'),(1017,'id','Penerima',1,'2012-09-30 15:30:01',NULL,'0000-00-00 00:00:00'),(1018,'en','Relocation Direction',1,'2012-09-30 16:14:02',NULL,'0000-00-00 00:00:00'),(1018,'id','Arah Relokasi',1,'2012-09-30 16:14:02',NULL,'0000-00-00 00:00:00'),(1019,'en','Requestor',1,'2012-09-30 16:20:50',NULL,'0000-00-00 00:00:00'),(1019,'id','Peminta Relokasi',1,'2012-09-30 16:20:50',NULL,'0000-00-00 00:00:00'),(1020,'en','Sender',1,'2012-09-30 16:18:40',NULL,'0000-00-00 00:00:00'),(1020,'id','Pengirim',1,'2012-09-30 16:18:40',NULL,'0000-00-00 00:00:00'),(1021,'en','From',1,'2012-09-30 16:21:46',NULL,'0000-00-00 00:00:00'),(1021,'id','Dari',1,'2012-09-30 16:21:46',NULL,'0000-00-00 00:00:00'),(1022,'en','To',1,'2012-09-30 16:22:02',NULL,'0000-00-00 00:00:00'),(1022,'id','Kepada',1,'2012-09-30 16:22:02',NULL,'0000-00-00 00:00:00'),(1023,'en','Batchcode Method',1,'2012-09-30 18:33:19',NULL,'0000-00-00 00:00:00'),(1023,'id','Metode Pengambilan Batchcode',1,'2012-09-30 18:33:19',NULL,'0000-00-00 00:00:00'),(1024,'en','No stock available',1,'2012-09-30 19:23:15',NULL,'0000-00-00 00:00:00'),(1024,'id','Stok tidak tersedia',1,'2012-09-30 19:23:15',NULL,'0000-00-00 00:00:00'),(1025,'en','Category',1,'2012-10-01 09:49:15',NULL,'0000-00-00 00:00:00'),(1025,'id','Kategori',1,'2012-10-01 09:49:15',NULL,'0000-00-00 00:00:00'),(1026,'en','Excel',1,'2012-10-01 09:49:56',NULL,'0000-00-00 00:00:00'),(1026,'id','Excel',1,'2012-10-01 09:49:56',NULL,'0000-00-00 00:00:00'),(1027,'en','Detail',1,'2012-10-01 09:52:38',NULL,'0000-00-00 00:00:00'),(1027,'id','Detail',1,'2012-10-01 09:52:38',NULL,'0000-00-00 00:00:00'),(1028,'en','Entry Date',1,'2012-10-01 09:54:23',NULL,'0000-00-00 00:00:00'),(1028,'id','Tanggal Masuk',1,'2012-10-01 09:54:23',NULL,'0000-00-00 00:00:00'),(1029,'en','Entry Time',1,'2012-10-01 09:54:40',NULL,'0000-00-00 00:00:00'),(1029,'id','Jam Masuk',1,'2012-10-01 09:54:40',NULL,'0000-00-00 00:00:00'),(1030,'en','Qty',1,'2012-10-01 10:02:52',NULL,'0000-00-00 00:00:00'),(1030,'id','Jumlah',1,'2012-10-01 10:02:52',NULL,'0000-00-00 00:00:00'),(1031,'en','Current Stock',1,'2012-10-01 13:49:32',NULL,'0000-00-00 00:00:00'),(1031,'id','Stok Terkini',1,'2012-10-01 13:49:32',NULL,'0000-00-00 00:00:00'),(1032,'en','You get a message from %s with subject %s',4,'2012-10-02 10:31:36',NULL,'0000-00-00 00:00:00'),(1032,'id','Anda mendapat pesan dari %s dengan subject %s',4,'2012-10-02 10:31:36',NULL,'0000-00-00 00:00:00'),(1033,'en','Failed to send message',4,'2012-10-02 10:32:34',NULL,'0000-00-00 00:00:00'),(1033,'id','Gagal mengirim pesan',4,'2012-10-02 10:32:34',NULL,'0000-00-00 00:00:00'),(1034,'en','New Message',4,'2012-10-02 10:33:49',NULL,'0000-00-00 00:00:00'),(1034,'id','Pesan Baru',4,'2012-10-02 10:33:49',NULL,'0000-00-00 00:00:00'),(1035,'en','Message saved',4,'2012-10-02 13:12:36',NULL,'0000-00-00 00:00:00'),(1035,'id','Pesan tersimpan',4,'2012-10-02 13:12:36',NULL,'0000-00-00 00:00:00'),(1036,'en','Message sent',4,'2012-10-02 10:35:12',NULL,'0000-00-00 00:00:00'),(1036,'id','Pesan terkirim',4,'2012-10-02 10:35:12',NULL,'0000-00-00 00:00:00'),(1037,'en','No message',4,'2012-10-02 10:36:41',NULL,'0000-00-00 00:00:00'),(1037,'id','Tidak ada pesan',4,'2012-10-02 10:36:41',NULL,'0000-00-00 00:00:00'),(1038,'en','Received Message',4,'2012-10-02 10:38:11',NULL,'0000-00-00 00:00:00'),(1038,'id','Pesan Masuk',4,'2012-10-02 10:38:11',NULL,'0000-00-00 00:00:00'),(1039,'en','Sent Message',4,'2012-10-02 10:39:01',NULL,'0000-00-00 00:00:00'),(1039,'id','Pesan Terkirim',4,'2012-10-02 10:39:01',NULL,'0000-00-00 00:00:00'),(1040,'en','Saved Message',4,'2012-10-02 10:39:34',NULL,'0000-00-00 00:00:00'),(1040,'id','Pesan Tersimpan',4,'2012-10-02 10:39:34',NULL,'0000-00-00 00:00:00'),(1041,'en','Message will be deleted permanently.\\nDo you want to continue?',4,'2012-10-02 13:08:33',NULL,'0000-00-00 00:00:00'),(1041,'id','Pesan akan dihapus secara permanen.\\nApakah dilanjutkan?',4,'2012-10-02 13:08:33',NULL,'0000-00-00 00:00:00'),(1042,'en','message successfully',4,'2012-10-02 13:11:21',NULL,'0000-00-00 00:00:00'),(1042,'id','pesan berhasil',4,'2012-10-02 13:11:21',NULL,'0000-00-00 00:00:00'),(1043,'en','Folder %s deleted',4,'2012-10-03 09:59:21',NULL,'0000-00-00 00:00:00'),(1043,'id','Folder %d berhasil dihapus',4,'2012-10-03 09:59:21',NULL,'0000-00-00 00:00:00'),(1044,'en','Fail to rename folder',4,'2012-10-03 09:54:00',NULL,'0000-00-00 00:00:00'),(1044,'id','Gagal mengubah nama folder',4,'2012-10-03 09:54:00',NULL,'0000-00-00 00:00:00'),(1045,'en','Successfully rename folder to %s',4,'2012-10-03 09:59:01',NULL,'0000-00-00 00:00:00'),(1045,'id','Nama folder berhasil diubah menjadi %s',4,'2012-10-03 09:59:01',NULL,'0000-00-00 00:00:00'),(1046,'en','Fail to create folder %s',4,'2012-10-03 09:57:15',NULL,'0000-00-00 00:00:00'),(1046,'id','Gagal membuat folder %s',4,'2012-10-03 09:57:15',NULL,'0000-00-00 00:00:00'),(1047,'en','Folder %s created successfully',4,'2012-10-03 09:58:32',NULL,'0000-00-00 00:00:00'),(1047,'id','Folder %s berhasil dibuat',4,'2012-10-03 09:58:32',NULL,'0000-00-00 00:00:00'),(1048,'en','Blaclist updated',4,'2012-10-03 10:00:00',NULL,'0000-00-00 00:00:00'),(1048,'id','Blacklist terupdate',4,'2012-10-03 10:00:00',NULL,'0000-00-00 00:00:00'),(1049,'en','Blasklist update fail',4,'2012-10-03 10:00:36',NULL,'0000-00-00 00:00:00'),(1049,'id','Gagal mengupdate blacklist',4,'2012-10-03 10:00:36',NULL,'0000-00-00 00:00:00'),(1050,'en','Are you sure want to delete this folder? \\nMessages in this folder will also be deleted',4,'2012-10-03 10:06:44',NULL,'0000-00-00 00:00:00'),(1050,'id','Anda yakin akan menghapus folder ini? \\nPesan di nya juga akan terhapus',4,'2012-10-03 10:06:44',NULL,'0000-00-00 00:00:00'),(1051,'en','Notification',9,'2012-10-03 11:14:03',NULL,'0000-00-00 00:00:00'),(1051,'id','Notifikasi',9,'2012-10-03 11:14:03',NULL,'0000-00-00 00:00:00'),(1052,'en','View Notification List',9,'2012-10-03 11:14:30',NULL,'0000-00-00 00:00:00'),(1052,'id','Lihat Daftar Notifikasi',9,'2012-10-03 11:14:30',NULL,'0000-00-00 00:00:00'),(1053,'en','Messaging',9,'2012-10-03 11:14:53',NULL,'0000-00-00 00:00:00'),(1053,'id','Pesan',9,'2012-10-03 11:14:53',NULL,'0000-00-00 00:00:00'),(1054,'en','Subject',9,'2012-10-03 11:15:17',NULL,'0000-00-00 00:00:00'),(1054,'id','Subyek',9,'2012-10-03 11:15:17',NULL,'0000-00-00 00:00:00'),(1055,'en','Select All',9,'2012-10-03 11:15:36',NULL,'0000-00-00 00:00:00'),(1055,'id','Pilih Semua',9,'2012-10-03 11:15:36',NULL,'0000-00-00 00:00:00'),(1056,'en','Unselect All',9,'2012-10-03 11:16:12',NULL,'0000-00-00 00:00:00'),(1056,'id','Tidak Pilih Semua',9,'2012-10-03 11:16:12',NULL,'0000-00-00 00:00:00'),(1057,'en','Select Inverse',9,'2012-10-03 11:17:51',NULL,'0000-00-00 00:00:00'),(1057,'id','Pilih Kebalikan',9,'2012-10-03 11:17:51',NULL,'0000-00-00 00:00:00'),(1058,'en','Move To',9,'2012-10-03 11:18:16',NULL,'0000-00-00 00:00:00'),(1058,'id','Pindah Ke',9,'2012-10-03 11:18:16',NULL,'0000-00-00 00:00:00'),(1059,'en','Mark As Unread',9,'2012-10-03 11:18:50',NULL,'0000-00-00 00:00:00'),(1059,'id','Tandai Belum Dibaca',9,'2012-10-03 11:18:50',NULL,'0000-00-00 00:00:00'),(1060,'en','Send To Email',9,'2012-10-03 11:22:37',NULL,'0000-00-00 00:00:00'),(1060,'id','Kirim Ke Email',9,'2012-10-03 11:22:37',NULL,'0000-00-00 00:00:00'),(1061,'en','Save Change',9,'2012-10-03 11:19:29',NULL,'0000-00-00 00:00:00'),(1061,'id','Simpan Perubahan',9,'2012-10-03 11:19:29',NULL,'0000-00-00 00:00:00'),(1062,'en','Saved',9,'2012-10-03 11:20:36',NULL,'0000-00-00 00:00:00'),(1062,'id','Tersimpan',9,'2012-10-03 11:20:36',NULL,'0000-00-00 00:00:00'),(1063,'en','New',9,'2012-10-03 11:20:52',NULL,'0000-00-00 00:00:00'),(1063,'id','Baru',9,'2012-10-03 11:20:52',NULL,'0000-00-00 00:00:00'),(1064,'en','Refresh',9,'2012-10-03 11:21:11',NULL,'0000-00-00 00:00:00'),(1064,'id','Muat Kembali',9,'2012-10-03 11:21:11',NULL,'0000-00-00 00:00:00'),(1065,'en','Setting',9,'2012-10-03 11:21:58',NULL,'0000-00-00 00:00:00'),(1065,'id','Pengaturan',9,'2012-10-03 11:21:58',NULL,'0000-00-00 00:00:00'),(1066,'en','Send To',9,'2012-10-03 11:24:13',NULL,'0000-00-00 00:00:00'),(1066,'id','Kirim Ke',9,'2012-10-03 11:24:13',NULL,'0000-00-00 00:00:00'),(1067,'en','Message',9,'2012-10-03 11:24:28',NULL,'0000-00-00 00:00:00'),(1067,'id','Pesan',9,'2012-10-03 11:24:28',NULL,'0000-00-00 00:00:00'),(1068,'en','Send',9,'2012-10-03 11:24:40',NULL,'0000-00-00 00:00:00'),(1068,'id','Kirim',9,'2012-10-03 11:24:40',NULL,'0000-00-00 00:00:00'),(1069,'en','Folder',9,'2012-10-03 11:25:05',NULL,'0000-00-00 00:00:00'),(1069,'id','Berkas',9,'2012-10-03 11:25:05',NULL,'0000-00-00 00:00:00'),(1070,'en','Blacklist',9,'2012-10-03 11:25:23',NULL,'0000-00-00 00:00:00'),(1070,'id','Daftar Hitam',9,'2012-10-03 11:25:23',NULL,'0000-00-00 00:00:00'),(1071,'en','Blacklisted User',9,'2012-10-03 11:25:56',NULL,'0000-00-00 00:00:00'),(1071,'id','Pengguna Masuk Daftar Hitam',9,'2012-10-03 11:25:56',NULL,'0000-00-00 00:00:00'),(1072,'en','Read',9,'2012-10-03 11:27:15',NULL,'0000-00-00 00:00:00'),(1072,'id','Baca',9,'2012-10-03 11:27:15',NULL,'0000-00-00 00:00:00'),(1073,'en','Reply',9,'2012-10-03 11:27:31',NULL,'0000-00-00 00:00:00'),(1073,'id','Balas',9,'2012-10-03 11:27:31',NULL,'0000-00-00 00:00:00'),(1074,'en','Forward',9,'2012-10-03 11:27:59',NULL,'0000-00-00 00:00:00'),(1074,'id','Teruskan',9,'2012-10-03 11:27:59',NULL,'0000-00-00 00:00:00'),(1075,'en','Please Select User First',1,'2012-10-03 13:26:56',NULL,'0000-00-00 00:00:00'),(1075,'id','Silahkan Pilih Pengguna Terlebih Dahulu',1,'2012-10-03 13:26:56',NULL,'0000-00-00 00:00:00'),(1076,'en','Please Fill The Subject\'s Field',1,'2012-10-03 13:28:57',NULL,'0000-00-00 00:00:00'),(1076,'id','Silahkan Isi Kolom Subyek',1,'2012-10-03 13:28:57',NULL,'0000-00-00 00:00:00'),(1077,'en','Promotion Goods/Other Bonus',1,'2012-10-03 13:59:05',NULL,'0000-00-00 00:00:00'),(1077,'id','Barang Promosi/Bonus Lain',1,'2012-10-03 13:59:05',NULL,'0000-00-00 00:00:00'),(1078,'en','Create Retur',1,'2012-10-03 15:34:29',NULL,'0000-00-00 00:00:00'),(1078,'id','Tambah Retur',1,'2012-10-03 15:34:29',NULL,'0000-00-00 00:00:00'),(1079,'en','Subordinate',1,'2012-10-04 16:34:11',NULL,'0000-00-00 00:00:00'),(1079,'id','Petugas Bawahan',1,'2012-10-04 16:34:11',NULL,'0000-00-00 00:00:00'),(1080,'en','Contract Number',1,'2012-10-04 16:35:53',NULL,'0000-00-00 00:00:00'),(1080,'id','Nomor Kontrak',1,'2012-10-04 16:35:53',NULL,'0000-00-00 00:00:00'),(1081,'en','Contract Name',1,'2012-10-04 16:36:11',NULL,'0000-00-00 00:00:00'),(1081,'id','Nama Kontrak',1,'2012-10-04 16:36:11',NULL,'0000-00-00 00:00:00'),(1082,'en','Add Contract',1,'2012-10-04 16:36:36',NULL,'0000-00-00 00:00:00'),(1082,'id','Tambah Kontrak',1,'2012-10-04 16:36:36',NULL,'0000-00-00 00:00:00'),(1083,'en','Projected Revenue',1,'2012-10-04 16:39:47',NULL,'0000-00-00 00:00:00'),(1083,'id','Proyeksi Pendapatan',1,'2012-10-04 16:39:47',NULL,'0000-00-00 00:00:00'),(1084,'en','Projected Gross Profit',1,'2012-10-04 16:40:00',NULL,'0000-00-00 00:00:00'),(1084,'id','Proyeksi Laba Kotor',1,'2012-10-04 16:40:00',NULL,'0000-00-00 00:00:00'),(1085,'en','Amount',1,'2012-10-04 16:41:30',NULL,'0000-00-00 00:00:00'),(1085,'id','Nominal',1,'2012-10-04 16:41:30',NULL,'0000-00-00 00:00:00'),(1086,'en','Detail',1,'2012-10-04 16:43:21',NULL,'0000-00-00 00:00:00'),(1086,'id','Detail',1,'2012-10-04 16:43:21',NULL,'0000-00-00 00:00:00'),(1087,'en','Main Address Country\'s',9,'2012-10-04 18:06:10',NULL,'0000-00-00 00:00:00'),(1087,'id','Negara pada Alamat Utama',9,'2012-10-04 18:06:10',NULL,'0000-00-00 00:00:00'),(1088,'en','Billing Address Country\'s',9,'2012-10-04 17:41:10',NULL,'0000-00-00 00:00:00'),(1088,'id','Negara pada Alamat Billing',9,'2012-10-04 17:41:10',NULL,'0000-00-00 00:00:00'),(1089,'en','Billing Address State\'s',9,'2012-10-04 17:41:51',NULL,'0000-00-00 00:00:00'),(1089,'id','Propinsi/Negara Bagian pada Alamat Billing',9,'2012-10-04 17:41:51',NULL,'0000-00-00 00:00:00'),(1090,'en','Billing Address City\'s',9,'2012-10-04 17:41:02',NULL,'0000-00-00 00:00:00'),(1090,'id','Kota/Kabupaten pada Alamat Billing',9,'2012-10-04 17:41:02',NULL,'0000-00-00 00:00:00'),(1091,'en','Billing Address Sub District\'s',9,'2012-10-04 17:42:06',NULL,'0000-00-00 00:00:00'),(1091,'id','Kecamatan pada Alamat Billing',9,'2012-10-04 17:42:06',NULL,'0000-00-00 00:00:00'),(1092,'en','Billing Address Village\'s',9,'2012-10-04 17:42:17',NULL,'0000-00-00 00:00:00'),(1092,'id','Kelurahan pada Alamat Billing',9,'2012-10-04 17:42:17',NULL,'0000-00-00 00:00:00'),(1093,'en','Billing Address Postal Code\'s',9,'2012-10-04 17:41:41',NULL,'0000-00-00 00:00:00'),(1093,'id','Kodepos pada Alamat Billing',9,'2012-10-04 17:41:41',NULL,'0000-00-00 00:00:00'),(1094,'en','Billing Address Phone Number\'s',9,'2012-10-04 17:41:31',NULL,'0000-00-00 00:00:00'),(1094,'id','Nomor Telepon pada Alamat Billing',9,'2012-10-04 17:41:31',NULL,'0000-00-00 00:00:00'),(1095,'en','Billing Address Fax Number\'s',9,'2012-10-04 17:41:20',NULL,'0000-00-00 00:00:00'),(1095,'id','Nomor Fax pada Alamat Billing',9,'2012-10-04 17:41:20',NULL,'0000-00-00 00:00:00'),(1096,'en','Shipping Address',1,'2012-10-04 17:28:05',NULL,'0000-00-00 00:00:00'),(1096,'id','Alamat Shipping',1,'2012-10-04 17:28:05',NULL,'0000-00-00 00:00:00'),(1097,'en','Shipping Address\'s Country',1,'2012-10-04 17:28:37',NULL,'0000-00-00 00:00:00'),(1097,'id','Negara pada Alamat Shipping',1,'2012-10-04 17:28:37',NULL,'0000-00-00 00:00:00'),(1098,'en','Shipping Address\'s State',1,'2012-10-04 17:29:04',NULL,'0000-00-00 00:00:00'),(1098,'id','Propinsi/Negara Bagian pada Alamat Shipping',1,'2012-10-04 17:29:04',NULL,'0000-00-00 00:00:00'),(1099,'en','Shipping Address\'s City',1,'2012-10-04 17:29:25',NULL,'0000-00-00 00:00:00'),(1099,'id','Kota/Kabupaten pada Alamat Shipping',1,'2012-10-04 17:29:25',NULL,'0000-00-00 00:00:00'),(1100,'en','Shipping Address\'s Sub District',1,'2012-10-04 17:30:20',NULL,'0000-00-00 00:00:00'),(1100,'id','Kecamatan pada Alamat Shipping',1,'2012-10-04 17:30:20',NULL,'0000-00-00 00:00:00'),(1101,'en','Shipping Address\'s Village',1,'2012-10-04 17:30:36',NULL,'0000-00-00 00:00:00'),(1101,'id','Kelurahan pada Alamat Shipping',1,'2012-10-04 17:30:36',NULL,'0000-00-00 00:00:00'),(1102,'en','Shipping Address\'s Postal Code',1,'2012-10-04 17:30:59',NULL,'0000-00-00 00:00:00'),(1102,'id','Kodepos pada Alamat Shipping',1,'2012-10-04 17:30:59',NULL,'0000-00-00 00:00:00'),(1103,'en','Shipping Address\'s Phone Number',1,'2012-10-04 17:31:35',NULL,'0000-00-00 00:00:00'),(1103,'id','Nomor Telepon pada Alamat Shipping',1,'2012-10-04 17:31:35',NULL,'0000-00-00 00:00:00'),(1104,'en','Shipping Address\'s Fax Number',1,'2012-10-04 17:32:00',NULL,'0000-00-00 00:00:00'),(1104,'id','Nomor Fax pada Alamat Shipping',1,'2012-10-04 17:32:00',NULL,'0000-00-00 00:00:00'),(1105,'en','Both of the email fields is required.',9,'2012-10-04 17:39:11',NULL,'0000-00-00 00:00:00'),(1105,'id','Kedua field email harus diisi.',9,'2012-10-04 17:39:11',NULL,'0000-00-00 00:00:00'),(1106,'en','Product Segment Data\'s',9,'2012-10-04 17:43:23',NULL,'0000-00-00 00:00:00'),(1106,'id','Data Segmentasi Produk',9,'2012-10-04 17:43:23',NULL,'0000-00-00 00:00:00'),(1107,'en','Main Address State\'s',9,'2012-10-04 18:06:39',NULL,'0000-00-00 00:00:00'),(1107,'id','Propinsi/Negara Bagian pada Alamat Utama',9,'2012-10-04 18:06:39',NULL,'0000-00-00 00:00:00'),(1108,'en','Main Address City\'s',9,'2012-10-04 18:07:00',NULL,'0000-00-00 00:00:00'),(1108,'id','Kota/Kabupaten pada Alamat Utama',9,'2012-10-04 18:07:00',NULL,'0000-00-00 00:00:00'),(1109,'en','Main Address Sub District\'s',9,'2012-10-04 18:07:24',NULL,'0000-00-00 00:00:00'),(1109,'id','Kecamatan pada Alamat Utama',9,'2012-10-04 18:07:24',NULL,'0000-00-00 00:00:00'),(1110,'en','Main Address Village\'s',9,'2012-10-04 18:07:56',NULL,'0000-00-00 00:00:00'),(1110,'id','Kelurahan pada Alamat Utama',9,'2012-10-04 18:07:56',NULL,'0000-00-00 00:00:00'),(1111,'en','Main Address Postal Code\'s',9,'2012-10-04 18:08:18',NULL,'0000-00-00 00:00:00'),(1111,'id','Kodepos pada Alamat Utama',9,'2012-10-04 18:08:18',NULL,'0000-00-00 00:00:00'),(1112,'en','Main Address Phone Number\'s',9,'2012-10-04 18:08:40',NULL,'0000-00-00 00:00:00'),(1112,'id','Nomor Telepon pada Alamat Utama',9,'2012-10-04 18:08:40',NULL,'0000-00-00 00:00:00'),(1113,'en','Main Address Fax Number\'s',9,'2012-10-04 18:09:01',NULL,'0000-00-00 00:00:00'),(1113,'id','Nomor Fax pada Alamat Utama',9,'2012-10-04 18:09:01',NULL,'0000-00-00 00:00:00'),(1114,'en','Alternative Address Country\'s',9,'2012-10-04 18:11:31',NULL,'0000-00-00 00:00:00'),(1114,'id','Negara pada Alamat Alternatif',9,'2012-10-04 18:11:31',NULL,'0000-00-00 00:00:00'),(1115,'en','Alternative Address State\'s',9,'2012-10-04 18:12:00',NULL,'0000-00-00 00:00:00'),(1115,'id','Propinsi/Negara Bagian pada Alamat Alternatif',9,'2012-10-04 18:12:01',NULL,'0000-00-00 00:00:00'),(1116,'en','Alternative Address City\'s',9,'2012-10-04 18:12:26',NULL,'0000-00-00 00:00:00'),(1116,'id','Kota/Kabupaten pada Alamat Alternatif',9,'2012-10-04 18:12:26',NULL,'0000-00-00 00:00:00'),(1117,'en','Alternative Address Sub District\'s',9,'2012-10-04 18:12:52',NULL,'0000-00-00 00:00:00'),(1117,'id','Kecamatan pada Alamat Alternatif',9,'2012-10-04 18:12:52',NULL,'0000-00-00 00:00:00'),(1118,'en','Alternative Address Village\'s',9,'2012-10-04 18:13:57',NULL,'0000-00-00 00:00:00'),(1118,'id','Kelurahan pada Alamat Alternatif',9,'2012-10-04 18:13:57',NULL,'0000-00-00 00:00:00'),(1119,'en','Alternative Address Postal Code\'s',9,'2012-10-04 18:14:38',NULL,'0000-00-00 00:00:00'),(1119,'id','Kodepos pada Alamat Alternatif',9,'2012-10-04 18:14:38',NULL,'0000-00-00 00:00:00'),(1120,'en','Alternative Address Phone Number\'s',9,'2012-10-04 18:15:07',NULL,'0000-00-00 00:00:00'),(1120,'id','Nomor Telepon pada Alamat Alternatif',9,'2012-10-04 18:15:07',NULL,'0000-00-00 00:00:00'),(1121,'en','Alternative Address Fax Number\'s',9,'2012-10-04 18:15:35',NULL,'0000-00-00 00:00:00'),(1121,'id','Nomor Fax pada Alamat Alternatif',9,'2012-10-04 18:15:35',NULL,'0000-00-00 00:00:00'),(1122,'en','Instant Message (IM) Data',9,'2012-10-04 18:16:32',NULL,'0000-00-00 00:00:00'),(1122,'id','Data Instant Messaging (IM)',9,'2012-10-04 18:16:32',NULL,'0000-00-00 00:00:00'),(1123,'en','Warning',9,'2012-10-04 18:17:41',NULL,'0000-00-00 00:00:00'),(1123,'id','Peringatan',9,'2012-10-04 18:17:41',NULL,'0000-00-00 00:00:00'),(1124,'en','The Attachment\'s field is required.',9,'2012-10-04 18:18:24',NULL,'0000-00-00 00:00:00'),(1124,'id','Field Lampiran harus diisi.',9,'2012-10-04 18:18:24',NULL,'0000-00-00 00:00:00'),(1125,'en','The Contact Name\'s field is required.',9,'2012-10-04 18:19:18',NULL,'0000-00-00 00:00:00'),(1125,'id','Field Nama Kontak harus diisi.',9,'2012-10-04 18:19:18',NULL,'0000-00-00 00:00:00'),(1126,'en','Lead',1,'2012-10-04 18:36:51',NULL,'0000-00-00 00:00:00'),(1126,'id','Narasumber',1,'2012-10-04 18:36:51',NULL,'0000-00-00 00:00:00'),(1127,'en','Add Case',1,'2012-10-04 19:03:32',NULL,'0000-00-00 00:00:00'),(1127,'id','Tambah Kasus',1,'2012-10-04 19:03:32',NULL,'0000-00-00 00:00:00'),(1128,'en','Main Information',1,'2012-10-04 19:04:56',NULL,'0000-00-00 00:00:00'),(1128,'id','Informasi Utama',1,'2012-10-04 19:04:56',NULL,'0000-00-00 00:00:00'),(1129,'en','Resolution',1,'2012-10-04 19:05:23',NULL,'0000-00-00 00:00:00'),(1129,'id','Resolusi',1,'2012-10-04 19:05:23',NULL,'0000-00-00 00:00:00'),(1130,'en','Dependencies',1,'2012-10-04 19:05:58',NULL,'0000-00-00 00:00:00'),(1130,'id','Dependensi',1,'2012-10-04 19:05:58',NULL,'0000-00-00 00:00:00'),(1131,'en','Case',1,'2012-10-04 19:06:19',NULL,'0000-00-00 00:00:00'),(1131,'id','Kasus',1,'2012-10-04 19:06:19',NULL,'0000-00-00 00:00:00'),(1132,'en','Duplication',1,'2012-10-04 19:06:46',NULL,'0000-00-00 00:00:00'),(1132,'id','Duplikasi',1,'2012-10-04 19:06:46',NULL,'0000-00-00 00:00:00'),(1133,'en','Tag',1,'2012-10-04 19:07:04',NULL,'0000-00-00 00:00:00'),(1133,'id','Tag',1,'2012-10-04 19:07:04',NULL,'0000-00-00 00:00:00'),(1134,'en','Separated By Commas',1,'2012-10-04 19:07:32',NULL,'0000-00-00 00:00:00'),(1134,'id','Dipisahkan dengan Tanda Koma',1,'2012-10-04 19:07:32',NULL,'0000-00-00 00:00:00'),(1135,'en','Follow Up',1,'2012-10-04 19:08:08',NULL,'0000-00-00 00:00:00'),(1135,'id','Follow Up',1,'2012-10-04 19:08:08',NULL,'0000-00-00 00:00:00'),(1136,'en','Case Number',1,'2012-10-04 19:08:25',NULL,'0000-00-00 00:00:00'),(1136,'id','Nomor Kasus',1,'2012-10-04 19:08:25',NULL,'0000-00-00 00:00:00'),(1137,'en','Case Transaction Log',1,'2012-10-04 19:08:53',NULL,'0000-00-00 00:00:00'),(1137,'id','Log Transaksi Kasus',1,'2012-10-04 19:08:53',NULL,'0000-00-00 00:00:00'),(1138,'en','Title',9,'2012-10-05 11:20:06',NULL,'0000-00-00 00:00:00'),(1138,'id','Judul',9,'2012-10-05 11:20:06',NULL,'0000-00-00 00:00:00'),(1139,'en','Content',9,'2012-10-05 11:20:27',NULL,'0000-00-00 00:00:00'),(1139,'id','Konten',9,'2012-10-05 11:20:27',NULL,'0000-00-00 00:00:00'),(1140,'en','The Case\'s field is required.',1,'2012-10-05 14:27:43',NULL,'0000-00-00 00:00:00'),(1140,'id','Field Kasus harus diisi.',1,'2012-10-05 14:27:43',NULL,'0000-00-00 00:00:00'),(1141,'en','The Follow Up\'s field is required.',1,'2012-10-05 14:21:59',NULL,'0000-00-00 00:00:00'),(1141,'id','Field Follow Up harus diisi.',1,'2012-10-05 14:21:59',NULL,'0000-00-00 00:00:00'),(1142,'en','Search Period',1,'2012-10-06 16:38:48',NULL,'0000-00-00 00:00:00'),(1142,'id','Periode Pencarian',1,'2012-10-06 16:38:48',NULL,'0000-00-00 00:00:00'),(1143,'en','Date Range',1,'2012-10-06 16:40:16',NULL,'0000-00-00 00:00:00'),(1143,'id','Rentang Tanggal',1,'2012-10-06 16:40:16',NULL,'0000-00-00 00:00:00'),(1144,'en','Month Range',1,'2012-10-06 16:41:40',NULL,'0000-00-00 00:00:00'),(1144,'id','Rentang Bulan',1,'2012-10-06 16:41:40',NULL,'0000-00-00 00:00:00'),(1145,'en','Weekly',1,'2012-10-06 16:47:20',NULL,'0000-00-00 00:00:00'),(1145,'id','Mingguan',1,'2012-10-06 16:47:20',NULL,'0000-00-00 00:00:00'),(1146,'en','Monthly',1,'2012-10-06 16:47:33',NULL,'0000-00-00 00:00:00'),(1146,'id','Bulanan',1,'2012-10-06 16:47:33',NULL,'0000-00-00 00:00:00'),(1147,'en','Stock Forecast',1,'2012-10-07 07:21:10',NULL,'0000-00-00 00:00:00'),(1147,'id','Perkiraan Kebutuhan Stock',1,'2012-10-07 07:21:10',NULL,'0000-00-00 00:00:00'),(1148,'en','Week',1,'2012-10-07 07:24:05',NULL,'0000-00-00 00:00:00'),(1148,'id','Minggu Ke',1,'2012-10-07 07:24:05',NULL,'0000-00-00 00:00:00'),(1149,'en','Column',23,'2012-10-09 08:20:44',NULL,'0000-00-00 00:00:00'),(1149,'id','Kolom',23,'2012-10-09 08:20:44',NULL,'0000-00-00 00:00:00'),(1151,'en','Prospect Status',1,'2012-10-10 09:46:38',NULL,'0000-00-00 00:00:00'),(1151,'id','Status Prospek',1,'2012-10-10 09:46:38',NULL,'0000-00-00 00:00:00'),(1152,'en','Period Type',1,'2012-10-10 09:46:59',NULL,'0000-00-00 00:00:00'),(1152,'id','Jenis Periode',1,'2012-10-10 09:46:59',NULL,'0000-00-00 00:00:00'),(1153,'en','Ongoing',1,'2012-10-10 09:47:23',NULL,'0000-00-00 00:00:00'),(1153,'id','Masih Berjalan',1,'2012-10-10 09:47:23',NULL,'0000-00-00 00:00:00'),(1154,'en','Deal',1,'2012-10-10 09:54:32',NULL,'0000-00-00 00:00:00'),(1154,'id','Sudah Sepakat',1,'2012-10-10 09:54:32',NULL,'0000-00-00 00:00:00'),(1155,'en','Failed',1,'2012-10-10 09:48:09',NULL,'0000-00-00 00:00:00'),(1155,'id','Gagal',1,'2012-10-10 09:48:09',NULL,'0000-00-00 00:00:00'),(1156,'en','Monthly',1,'2012-10-10 09:48:27',NULL,'0000-00-00 00:00:00'),(1156,'id','Bulanan',1,'2012-10-10 09:48:27',NULL,'0000-00-00 00:00:00'),(1157,'en','Yearly',1,'2012-10-10 09:48:45',NULL,'0000-00-00 00:00:00'),(1157,'id','Tahunan',1,'2012-10-10 09:48:45',NULL,'0000-00-00 00:00:00'),(1158,'en','Range',1,'2012-10-10 09:48:59',NULL,'0000-00-00 00:00:00'),(1158,'id','Range',1,'2012-10-10 09:48:59',NULL,'0000-00-00 00:00:00'),(1159,'en','Ongoing Prospect',1,'2012-10-10 09:49:28',NULL,'0000-00-00 00:00:00'),(1159,'id','Prospek Masih Berjalan',1,'2012-10-10 09:49:28',NULL,'0000-00-00 00:00:00'),(1160,'en','Deal Prospect',1,'2012-10-10 09:53:26',NULL,'0000-00-00 00:00:00'),(1160,'id','Prospek Sudah Sepakat',1,'2012-10-10 09:53:26',NULL,'0000-00-00 00:00:00'),(1161,'en','Failed Prospect',1,'2012-10-10 09:54:02',NULL,'0000-00-00 00:00:00'),(1161,'id','Prospek Gagal',1,'2012-10-10 09:54:02',NULL,'0000-00-00 00:00:00'),(1162,'en','Monthly Period',1,'2012-10-10 09:55:08',NULL,'0000-00-00 00:00:00'),(1162,'id','Periode Bulanan',1,'2012-10-10 09:55:08',NULL,'0000-00-00 00:00:00'),(1163,'en','Yearly Period',1,'2012-10-10 09:55:30',NULL,'0000-00-00 00:00:00'),(1163,'id','Periode Tahunan',1,'2012-10-10 09:55:30',NULL,'0000-00-00 00:00:00'),(1164,'en','Table',1,'2012-10-10 09:56:01',NULL,'0000-00-00 00:00:00'),(1164,'id','Tabel',1,'2012-10-10 09:56:01',NULL,'0000-00-00 00:00:00'),(1165,'en','Graphic',1,'2012-10-10 09:57:10',NULL,'0000-00-00 00:00:00'),(1165,'id','Grafik',1,'2012-10-10 09:57:10',NULL,'0000-00-00 00:00:00'),(1166,'en','Sub Total',1,'2012-10-10 09:57:35',NULL,'0000-00-00 00:00:00'),(1166,'id','Sub Total',1,'2012-10-10 09:57:35',NULL,'0000-00-00 00:00:00'),(1167,'en','Jan',1,'2012-10-10 09:57:48',NULL,'0000-00-00 00:00:00'),(1167,'id','Jan',1,'2012-10-10 09:57:48',NULL,'0000-00-00 00:00:00'),(1168,'en','Feb',1,'2012-10-10 09:58:06',NULL,'0000-00-00 00:00:00'),(1168,'id','Feb',1,'2012-10-10 09:58:06',NULL,'0000-00-00 00:00:00'),(1169,'en','Mar',1,'2012-10-10 09:58:22',NULL,'0000-00-00 00:00:00'),(1169,'id','Mar',1,'2012-10-10 09:58:22',NULL,'0000-00-00 00:00:00'),(1170,'en','Apr',1,'2012-10-10 09:58:34',NULL,'0000-00-00 00:00:00'),(1170,'id','Apr',1,'2012-10-10 09:58:34',NULL,'0000-00-00 00:00:00'),(1171,'en','Jun',1,'2012-10-10 09:58:49',NULL,'0000-00-00 00:00:00'),(1171,'id','Jun',1,'2012-10-10 09:58:49',NULL,'0000-00-00 00:00:00'),(1172,'en','Jul',1,'2012-10-10 09:59:01',NULL,'0000-00-00 00:00:00'),(1172,'id','Jul',1,'2012-10-10 09:59:01',NULL,'0000-00-00 00:00:00'),(1173,'en','Aug',1,'2012-10-10 09:59:22',NULL,'0000-00-00 00:00:00'),(1173,'id','Agu',1,'2012-10-10 09:59:22',NULL,'0000-00-00 00:00:00'),(1174,'en','Sep',1,'2012-10-10 09:59:37',NULL,'0000-00-00 00:00:00'),(1174,'id','Sep',1,'2012-10-10 09:59:37',NULL,'0000-00-00 00:00:00'),(1175,'en','Oct',1,'2012-10-10 09:59:53',NULL,'0000-00-00 00:00:00'),(1175,'id','Okt',1,'2012-10-10 09:59:53',NULL,'0000-00-00 00:00:00'),(1176,'en','Nov',1,'2012-10-10 10:00:11',NULL,'0000-00-00 00:00:00'),(1176,'id','Nov',1,'2012-10-10 10:00:11',NULL,'0000-00-00 00:00:00'),(1177,'en','Dec',1,'2012-10-10 10:00:24',NULL,'0000-00-00 00:00:00'),(1177,'id','Des',1,'2012-10-10 10:00:24',NULL,'0000-00-00 00:00:00'),(1178,'en','Task',1,'2012-10-10 10:25:51',NULL,'0000-00-00 00:00:00'),(1178,'id','Kegiatan',1,'2012-10-10 10:25:51',NULL,'0000-00-00 00:00:00'),(1179,'en','Self Manage',1,'2012-10-10 10:28:51',NULL,'0000-00-00 00:00:00'),(1179,'id','Kelola Sendiri',1,'2012-10-10 10:28:51',NULL,'0000-00-00 00:00:00'),(1180,'en','Delegate to Subordinate',1,'2012-10-10 10:29:08',NULL,'0000-00-00 00:00:00'),(1180,'id','Alihkan ke Petugas Bawahan Anda',1,'2012-10-10 10:29:08',NULL,'0000-00-00 00:00:00'),(1181,'en','Choose',1,'2012-10-10 10:29:37',NULL,'0000-00-00 00:00:00'),(1181,'id','Pilih',1,'2012-10-10 10:29:37',NULL,'0000-00-00 00:00:00'),(1182,'en','Please Select Related To\'s Data First',1,'2012-10-10 10:33:18',NULL,'0000-00-00 00:00:00'),(1182,'id','Silahkan Pilih Data Hubungan Aksi Aktivitas Terlebih Dahulu',1,'2012-10-10 10:33:18',NULL,'0000-00-00 00:00:00'),(1183,'en','Data',1,'2012-10-10 10:38:34',NULL,'0000-00-00 00:00:00'),(1183,'id','Data',1,'2012-10-10 10:38:34',NULL,'0000-00-00 00:00:00'),(1184,'en','Note',1,'2012-10-10 10:42:30',NULL,'0000-00-00 00:00:00'),(1184,'id','Catatan',1,'2012-10-10 10:42:30',NULL,'0000-00-00 00:00:00'),(1185,'en','Profile',1,'2012-10-11 06:24:58',NULL,'0000-00-00 00:00:00'),(1185,'id','Profil',1,'2012-10-11 06:24:58',NULL,'0000-00-00 00:00:00'),(1186,'en','Change Pasword',1,'2012-10-11 06:25:21',NULL,'0000-00-00 00:00:00'),(1186,'id','Ubah Password',1,'2012-10-11 06:25:21',NULL,'0000-00-00 00:00:00'),(1187,'en','Old Password',1,'2012-10-11 07:55:41',NULL,'0000-00-00 00:00:00'),(1187,'id','Password Lama',1,'2012-10-11 07:55:41',NULL,'0000-00-00 00:00:00'),(1188,'en','New Password',1,'2012-10-11 07:55:59',NULL,'0000-00-00 00:00:00'),(1188,'id','Password Baru',1,'2012-10-11 07:55:59',NULL,'0000-00-00 00:00:00'),(1189,'en','Confirm New Password',1,'2012-10-11 07:56:30',NULL,'0000-00-00 00:00:00'),(1189,'id','Konfirmasi Password Baru',1,'2012-10-11 07:56:30',NULL,'0000-00-00 00:00:00'),(1190,'en','Wrong old Password',1,'2012-10-11 07:57:10',NULL,'0000-00-00 00:00:00'),(1190,'id','Password lama salah',1,'2012-10-11 07:57:10',NULL,'0000-00-00 00:00:00'),(1191,'en','Change password success',1,'2012-10-11 08:10:21',NULL,'0000-00-00 00:00:00'),(1191,'id','Pengubahan password berhasil',1,'2012-10-11 08:10:21',NULL,'0000-00-00 00:00:00'),(1192,'en','Change password fail',1,'2012-10-11 08:10:45',NULL,'0000-00-00 00:00:00'),(1192,'id','Pengubahan password gagal',1,'2012-10-11 08:10:45',NULL,'0000-00-00 00:00:00'),(1193,'en','Contract Transaction Log',1,'2012-10-11 11:27:09',NULL,'0000-00-00 00:00:00'),(1193,'id','Log Transaksi Kontrak',1,'2012-10-11 11:27:10',NULL,'0000-00-00 00:00:00'),(1194,'en','Opportunity Transaction Log',1,'2012-10-11 11:28:12',NULL,'0000-00-00 00:00:00'),(1194,'id','Log Transaksi Peluang',1,'2012-10-11 11:28:12',NULL,'0000-00-00 00:00:00'),(1195,'en','Group used by other data',1,'2012-10-11 12:34:57',NULL,'0000-00-00 00:00:00'),(1195,'id','Data grup digunakan oleh data lain',1,'2012-10-11 12:34:57',NULL,'0000-00-00 00:00:00'),(1196,'en','Company form wizard',1,'2012-10-11 12:44:29',NULL,'0000-00-00 00:00:00'),(1196,'id','Form tambah perusahaan',1,'2012-10-11 12:44:29',NULL,'0000-00-00 00:00:00'),(1197,'en','Software Release',1,'2012-10-11 13:13:56',NULL,'0000-00-00 00:00:00'),(1197,'id','Rilis Perangkat Lunak',1,'2012-10-11 13:13:56',NULL,'0000-00-00 00:00:00'),(1198,'en','Name already used by other data',1,'2012-10-11 13:33:16',NULL,'0000-00-00 00:00:00'),(1198,'id','Nama sudah dipakai oleh data lain',1,'2012-10-11 13:33:16',NULL,'0000-00-00 00:00:00'),(1199,'en','All Unit',1,'2012-10-11 14:25:24',NULL,'0000-00-00 00:00:00'),(1199,'id','Semua Unit',1,'2012-10-11 14:25:24',NULL,'0000-00-00 00:00:00'),(1200,'en','Contract Amount',1,'2012-10-11 14:26:31',NULL,'0000-00-00 00:00:00'),(1200,'id','Nominal Kontrak',1,'2012-10-11 14:26:31',NULL,'0000-00-00 00:00:00'),(1201,'en','Meeting',1,'2012-10-11 14:29:38',NULL,'0000-00-00 00:00:00'),(1201,'id','Pertemuan',1,'2012-10-11 14:29:38',NULL,'0000-00-00 00:00:00'),(1202,'en','Invitee',1,'2012-10-11 14:30:51',NULL,'0000-00-00 00:00:00'),(1202,'id','Undangan',1,'2012-10-11 14:30:51',NULL,'0000-00-00 00:00:00'),(1203,'en','Location',1,'2012-10-11 14:31:09',NULL,'0000-00-00 00:00:00'),(1203,'id','Tempat / Lokasi',1,'2012-10-11 14:31:09',NULL,'0000-00-00 00:00:00'),(1204,'en','Reminder',1,'2012-10-11 14:31:24',NULL,'0000-00-00 00:00:00'),(1204,'id','Pengingat',1,'2012-10-11 14:31:24',NULL,'0000-00-00 00:00:00'),(1205,'en','Lead Data',1,'2012-10-11 14:32:02',NULL,'0000-00-00 00:00:00'),(1205,'id','Data Narasumber',1,'2012-10-11 14:32:02',NULL,'0000-00-00 00:00:00'),(1206,'en','Target Data',1,'2012-10-11 14:32:20',NULL,'0000-00-00 00:00:00'),(1206,'id','Data Target',1,'2012-10-11 14:32:20',NULL,'0000-00-00 00:00:00'),(1207,'en','Target',1,'2012-10-11 14:32:36',NULL,'0000-00-00 00:00:00'),(1207,'id','Target',1,'2012-10-11 14:32:36',NULL,'0000-00-00 00:00:00'),(1208,'en','Officer Data',1,'2012-10-11 14:33:13',NULL,'0000-00-00 00:00:00'),(1208,'id','Data Petugas / Officer',1,'2012-10-11 14:33:13',NULL,'0000-00-00 00:00:00'),(1209,'en','Call',1,'2012-10-11 14:34:20',NULL,'0000-00-00 00:00:00'),(1209,'id','Panggilan',1,'2012-10-11 14:34:20',NULL,'0000-00-00 00:00:00'),(1210,'en','Direction',1,'2012-10-11 14:34:36',NULL,'0000-00-00 00:00:00'),(1210,'id','Arahan',1,'2012-10-11 14:34:36',NULL,'0000-00-00 00:00:00'),(1211,'en','Customer',1,'2012-10-11 15:22:07',NULL,'0000-00-00 00:00:00'),(1211,'id','Pelanggan',1,'2012-10-11 15:22:07',NULL,'0000-00-00 00:00:00'),(1212,'en','Draft',1,'2012-10-11 15:22:44',NULL,'0000-00-00 00:00:00'),(1212,'id','Draft',1,'2012-10-11 15:22:44',NULL,'0000-00-00 00:00:00'),(1213,'en','Approved',1,'2012-10-11 15:23:01',NULL,'0000-00-00 00:00:00'),(1213,'id','Disetujui',1,'2012-10-11 15:23:01',NULL,'0000-00-00 00:00:00'),(1214,'en','Incomplete',1,'2012-10-11 15:23:24',NULL,'0000-00-00 00:00:00'),(1214,'id','Belum Lengkap',1,'2012-10-11 15:23:24',NULL,'0000-00-00 00:00:00'),(1215,'en','Completed',1,'2012-10-11 15:23:51',NULL,'0000-00-00 00:00:00'),(1215,'id','Lengkap',1,'2012-10-11 15:23:51',NULL,'0000-00-00 00:00:00'),(1216,'en','Verfied',1,'2012-10-11 15:26:10',NULL,'0000-00-00 00:00:00'),(1216,'id','Terverfikasi',1,'2012-10-11 15:26:10',NULL,'0000-00-00 00:00:00'),(1217,'en','Price Per Unit',1,'2012-10-11 15:27:34',NULL,'0000-00-00 00:00:00'),(1217,'id','Harga Satuan',1,'2012-10-11 15:27:34',NULL,'0000-00-00 00:00:00'),(1218,'en','Percent Discount',1,'2012-10-11 15:27:55',NULL,'0000-00-00 00:00:00'),(1218,'id','Persen Diskon',1,'2012-10-11 15:27:55',NULL,'0000-00-00 00:00:00'),(1219,'en','Nominal Discount',1,'2012-10-11 15:28:22',NULL,'0000-00-00 00:00:00'),(1219,'id','Nominal Diskon',1,'2012-10-11 15:28:22',NULL,'0000-00-00 00:00:00'),(1220,'en','Bonus Goods',1,'2012-10-11 15:28:51',NULL,'0000-00-00 00:00:00'),(1220,'id','Bonus Barang',1,'2012-10-11 15:28:51',NULL,'0000-00-00 00:00:00'),(1221,'en','Sales Canvas',1,'2012-10-11 15:35:40',NULL,'0000-00-00 00:00:00'),(1221,'id','Sales Canvas',1,'2012-10-11 15:35:40',NULL,'0000-00-00 00:00:00'),(1222,'en','Van',1,'2012-10-11 15:36:25',NULL,'0000-00-00 00:00:00'),(1222,'id','Van',1,'2012-10-11 15:36:25',NULL,'0000-00-00 00:00:00'),(1223,'en','Sales Type',1,'2012-10-11 19:06:09',NULL,'0000-00-00 00:00:00'),(1223,'id','Tipe Sales',1,'2012-10-11 19:06:09',NULL,'0000-00-00 00:00:00'),(1224,'en','General Commision',1,'2012-10-12 04:43:36',NULL,'0000-00-00 00:00:00'),(1224,'id','Komisi Umum',1,'2012-10-12 04:43:36',NULL,'0000-00-00 00:00:00'),(1225,'en','Commision Type',1,'2012-10-12 04:44:21',NULL,'0000-00-00 00:00:00'),(1225,'id','Jenis Komisi',1,'2012-10-12 04:44:21',NULL,'0000-00-00 00:00:00'),(1226,'en','Commision',1,'2012-10-12 04:44:45',NULL,'0000-00-00 00:00:00'),(1226,'id','Nominal Komisi',1,'2012-10-12 04:44:45',NULL,'0000-00-00 00:00:00'),(1227,'en','Reference Value',1,'2012-10-12 04:45:24',NULL,'0000-00-00 00:00:00'),(1227,'id','Nilai Acuan',1,'2012-10-12 04:45:24',NULL,'0000-00-00 00:00:00'),(1228,'en','Nominal Commision',1,'2012-10-12 04:45:54',NULL,'0000-00-00 00:00:00'),(1228,'id','Nominal Komisi',1,'2012-10-12 04:45:54',NULL,'0000-00-00 00:00:00'),(1229,'en','Per Goods Commision',1,'2012-10-12 05:06:50',NULL,'0000-00-00 00:00:00'),(1229,'id','Komisi Per Barang',1,'2012-10-12 05:06:50',NULL,'0000-00-00 00:00:00'),(1230,'en','Units Receiving',1,'2012-10-12 15:25:58',NULL,'0000-00-00 00:00:00'),(1230,'id','Satuan Penerimaan',1,'2012-10-12 15:25:58',NULL,'0000-00-00 00:00:00'),(1231,'en','Retur Units',1,'2012-10-12 15:26:11',NULL,'0000-00-00 00:00:00'),(1231,'id','Satuan Retur',1,'2012-10-12 15:26:11',NULL,'0000-00-00 00:00:00'),(1232,'en','Key code has been used',1,'2012-10-17 09:05:10',NULL,'0000-00-00 00:00:00'),(1232,'id','Kode sudah ada',1,'2012-10-17 09:05:10',NULL,'0000-00-00 00:00:00'),(1233,'en','Discount Type',20,'2012-10-17 09:08:04',NULL,'0000-00-00 00:00:00'),(1233,'id','Tipe Diskon',20,'2012-10-17 09:08:04',NULL,'0000-00-00 00:00:00'),(1234,'en','Branch',1,'2012-10-17 09:09:22',NULL,'0000-00-00 00:00:00'),(1234,'id','Cabang',1,'2012-10-17 09:09:22',NULL,'0000-00-00 00:00:00'),(1235,'en','Discount Value',20,'2012-10-17 09:11:49',NULL,'0000-00-00 00:00:00'),(1235,'id','Nilai Diskon',20,'2012-10-17 09:11:49',NULL,'0000-00-00 00:00:00'),(1236,'en','Purchasing Discount By Goods',20,'2012-10-17 09:13:21',NULL,'0000-00-00 00:00:00'),(1236,'id','Diskon Pembelian Per Barang',20,'2012-10-17 09:13:21',NULL,'0000-00-00 00:00:00'),(1237,'en','Goods Sales Comission',20,'2012-10-17 09:14:54',NULL,'0000-00-00 00:00:00'),(1237,'id','Komisi Per Barang',20,'2012-10-17 09:14:54',NULL,'0000-00-00 00:00:00'),(1238,'en','Purchasing Discount',20,'2012-10-17 09:17:15',NULL,'0000-00-00 00:00:00'),(1238,'id','Diskon Pembelian',20,'2012-10-17 09:17:15',NULL,'0000-00-00 00:00:00'),(1239,'en','Start Periode',20,'2012-10-17 09:31:09',NULL,'0000-00-00 00:00:00'),(1239,'id','Periode Awal',20,'2012-10-17 09:31:09',NULL,'0000-00-00 00:00:00'),(1240,'en','End Periode',20,'2012-10-17 09:31:29',NULL,'0000-00-00 00:00:00'),(1240,'id','Periode Akhir',20,'2012-10-17 09:31:29',NULL,'0000-00-00 00:00:00'),(1241,'en','Goods',20,'2012-10-17 09:35:55',NULL,'0000-00-00 00:00:00'),(1241,'id','Barang',20,'2012-10-17 09:35:55',NULL,'0000-00-00 00:00:00'),(1242,'en','Sales Position',20,'2012-10-17 09:39:41',NULL,'0000-00-00 00:00:00'),(1242,'id','Jabatan Sales',20,'2012-10-17 09:39:41',NULL,'0000-00-00 00:00:00'),(1243,'en','Employee Number',20,'2012-10-17 09:49:49',NULL,'0000-00-00 00:00:00'),(1243,'id','Nomor Pegawai',20,'2012-10-17 09:49:49',NULL,'0000-00-00 00:00:00'),(1244,'en','Employee Name',20,'2012-10-17 09:50:16',NULL,'0000-00-00 00:00:00'),(1244,'id','Nama Pegawai',20,'2012-10-17 09:50:16',NULL,'0000-00-00 00:00:00'),(1245,'en','Company Type',8,'2012-10-18 11:34:13',NULL,'0000-00-00 00:00:00'),(1245,'id','Jenis Perusahaan',8,'2012-10-18 11:34:13',NULL,'0000-00-00 00:00:00'),(1246,'en','Company Detail',8,'2012-10-18 13:39:44',NULL,'0000-00-00 00:00:00'),(1246,'id','Detail Perusahaan',8,'2012-10-18 13:39:44',NULL,'0000-00-00 00:00:00'),(1248,'en','Sale Transaction',1,'2012-10-19 10:50:41',NULL,'0000-00-00 00:00:00'),(1248,'id','Transaksi Penjualan',1,'2012-10-19 10:50:41',NULL,'0000-00-00 00:00:00'),(1249,'en','Payment Term',1,'2012-10-19 10:52:03',NULL,'0000-00-00 00:00:00'),(1249,'id','Termin Pembayaran',1,'2012-10-19 10:52:03',NULL,'0000-00-00 00:00:00'),(1250,'en','Taking Order',1,'2012-10-19 10:52:36',NULL,'0000-00-00 00:00:00'),(1250,'id','Taking Order',1,'2012-10-19 10:52:36',NULL,'0000-00-00 00:00:00'),(1251,'en','Delivery Date',1,'2012-10-19 10:53:59',NULL,'0000-00-00 00:00:00'),(1251,'id','Tanggal Pengiriman',1,'2012-10-19 10:53:59',NULL,'0000-00-00 00:00:00'),(1252,'en','Down Payment',1,'2012-10-19 10:54:23',NULL,'0000-00-00 00:00:00'),(1252,'id','Uang Muka',1,'2012-10-19 10:54:23',NULL,'0000-00-00 00:00:00'),(1253,'en','Business Status',24,'2012-10-23 11:15:22',NULL,'0000-00-00 00:00:00'),(1253,'id','Status Bisnis',24,'2012-10-23 11:15:22',NULL,'0000-00-00 00:00:00'),(1254,'en','Capital Status',24,'2012-10-23 14:12:48',NULL,'0000-00-00 00:00:00'),(1254,'id','Status Modal',24,'2012-10-23 14:12:48',NULL,'0000-00-00 00:00:00'),(1255,'en','Sales Verification',1,'2012-10-24 14:22:35',NULL,'0000-00-00 00:00:00'),(1255,'id','Verifikasi Penjualan',1,'2012-10-24 14:22:35',NULL,'0000-00-00 00:00:00'),(1256,'en','Formula Number',1,'2012-10-29 08:48:47',NULL,'0000-00-00 00:00:00'),(1256,'id','Formula Nomor',1,'2012-10-29 08:48:47',NULL,'0000-00-00 00:00:00'),(1257,'en','Formula',1,'2012-10-29 08:58:32',NULL,'0000-00-00 00:00:00'),(1257,'id','Rumus',1,'2012-10-29 08:58:32',NULL,'0000-00-00 00:00:00'),(1258,'en','Sample',1,'2012-10-29 08:58:53',NULL,'0000-00-00 00:00:00'),(1258,'id','Contoh',1,'2012-10-29 08:58:53',NULL,'0000-00-00 00:00:00'),(1259,'en','Digit',1,'2012-10-29 09:20:05',NULL,'0000-00-00 00:00:00'),(1259,'id','Digit',1,'2012-10-29 09:20:05',NULL,'0000-00-00 00:00:00'),(1260,'en','Restart',1,'2012-10-29 09:23:57',NULL,'0000-00-00 00:00:00'),(1260,'id','Restart',1,'2012-10-29 09:23:57',NULL,'0000-00-00 00:00:00'),(1261,'en','Is_query',1,'2012-10-29 09:24:24',NULL,'0000-00-00 00:00:00'),(1261,'id','Is_query',1,'2012-10-29 09:24:24',NULL,'0000-00-00 00:00:00'),(1262,'en','User Profile',1,'2012-10-29 11:16:13',NULL,'0000-00-00 00:00:00'),(1262,'id','Profil Pengguna',1,'2012-10-29 11:16:13',NULL,'0000-00-00 00:00:00'),(1263,'en','Language',1,'2012-10-29 11:16:31',NULL,'0000-00-00 00:00:00'),(1263,'id','Bahasa',1,'2012-10-29 11:16:31',NULL,'0000-00-00 00:00:00'),(1264,'en','The same order number is still exist',1,'2012-10-29 13:15:52',NULL,'0000-00-00 00:00:00'),(1264,'id','Urutan yang sama sudah ada',1,'2012-10-29 13:15:52',NULL,'0000-00-00 00:00:00'),(1265,'en','Commision Recap already made in date between',1,'2012-10-29 13:06:17',NULL,'0000-00-00 00:00:00'),(1265,'id','Rekap Komisi telah dilakukan pada tanggal',1,'2012-10-29 13:06:17',NULL,'0000-00-00 00:00:00'),(1266,'en','Success recaping the commision',1,'2012-10-29 13:06:29',NULL,'0000-00-00 00:00:00'),(1266,'id','Berhasil melakukan rekap komisi',1,'2012-10-29 13:06:29',NULL,'0000-00-00 00:00:00'),(1267,'en','No commision between the date',1,'2012-10-29 13:06:49',NULL,'0000-00-00 00:00:00'),(1267,'id','Tidak ada komisi diantara tanggal tersebut',1,'2012-10-29 13:06:49',NULL,'0000-00-00 00:00:00'),(1268,'en','If you want to save it anyway, you must delete commision recap between the date, with clicking ',1,'2012-10-29 13:07:04',NULL,'0000-00-00 00:00:00'),(1268,'id','Jika ingin tetap menyimpan data rekap ini, anda harus menghapus data tanggal tersebut, dengan mengklik ',1,'2012-10-29 13:07:04',NULL,'0000-00-00 00:00:00'),(1269,'en','This Link',1,'2012-10-29 13:07:18',NULL,'0000-00-00 00:00:00'),(1269,'id','Link ini',1,'2012-10-29 13:07:18',NULL,'0000-00-00 00:00:00'),(1270,'en','Recap Customer Order',1,'2012-10-29 13:07:59',NULL,'0000-00-00 00:00:00'),(1270,'id','Rekap Pemesanan Barang Pelanggan',1,'2012-10-29 13:07:59',NULL,'0000-00-00 00:00:00'),(1271,'en','Weekly',1,'2012-10-29 13:13:11',NULL,'0000-00-00 00:00:00'),(1271,'id','Mingguan',1,'2012-10-29 13:13:11',NULL,'0000-00-00 00:00:00'),(1272,'en','Telephone type is still exist',1,'2012-10-29 14:18:15',NULL,'0000-00-00 00:00:00'),(1272,'id','Nama jenis telepon sudah ada',1,'2012-10-29 14:18:15',NULL,'0000-00-00 00:00:00'),(1273,'en','Photo type is still exist',1,'2012-10-29 14:24:12',NULL,'0000-00-00 00:00:00'),(1273,'id','Nama jenis foto sudah ada',1,'2012-10-29 14:24:12',NULL,'0000-00-00 00:00:00'),(1274,'en','Priority Level',1,'2012-10-29 15:18:02',NULL,'0000-00-00 00:00:00'),(1274,'id','Tingkat Prioritas',1,'2012-10-29 15:18:02',NULL,'0000-00-00 00:00:00'),(1275,'en','Purpose Status',1,'2012-10-29 15:50:57',NULL,'0000-00-00 00:00:00'),(1275,'id','Status Pemanfaatan',1,'2012-10-29 15:50:57',NULL,'0000-00-00 00:00:00'),(1276,'en','Bug Resolution',1,'2012-11-01 10:33:21',NULL,'0000-00-00 00:00:00'),(1276,'id','Resolusi Bug',1,'2012-11-01 10:33:21',NULL,'0000-00-00 00:00:00'),(1277,'en','Information Source',1,'2012-11-01 10:44:06',NULL,'0000-00-00 00:00:00'),(1277,'id','Asal Informasi',1,'2012-11-01 10:44:06',NULL,'0000-00-00 00:00:00'),(1278,'en','Product Bug Status',1,'2012-11-01 10:56:06',NULL,'0000-00-00 00:00:00'),(1278,'id','Status Cacat Produk',1,'2012-11-01 10:56:06',NULL,'0000-00-00 00:00:00'),(1279,'en','Product Bug Type',1,'2012-11-01 11:01:32',NULL,'0000-00-00 00:00:00'),(1279,'id','Jenis Cacat Produk',1,'2012-11-01 11:01:32',NULL,'0000-00-00 00:00:00'),(1280,'en','Unit Choice Option',1,'2012-10-30 09:44:12',NULL,'0000-00-00 00:00:00'),(1280,'id','Opsi Pemilihan Unit',1,'2012-10-30 09:44:12',NULL,'0000-00-00 00:00:00'),(1281,'en','Use Unit As Working Unit',1,'2012-10-30 09:49:27',NULL,'0000-00-00 00:00:00'),(1281,'id','Gunakan Unit Kerja Sebagai Hak Akses Unit',1,'2012-10-30 09:49:27',NULL,'0000-00-00 00:00:00'),(1282,'en','Use Employee Unit As Working Unit',1,'2012-10-30 09:50:01',NULL,'0000-00-00 00:00:00'),(1282,'id','Gunakan Unit Kerja Pegawai Sebagai Hak Akses Unit',1,'2012-10-30 09:50:01',NULL,'0000-00-00 00:00:00'),(1283,'en','Access Right',1,'2012-10-30 13:40:40',NULL,'0000-00-00 00:00:00'),(1283,'id','Hak Akses',1,'2012-10-30 13:40:40',NULL,'0000-00-00 00:00:00'),(1284,'en','Goods Category Right',1,'2012-10-30 13:41:09',NULL,'0000-00-00 00:00:00'),(1284,'id','Akses Kategori Barang',1,'2012-10-30 13:41:09',NULL,'0000-00-00 00:00:00'),(1285,'en','Show Po Price',1,'2012-10-30 13:44:21',NULL,'0000-00-00 00:00:00'),(1285,'id','Tampilkan Harga Saat PO',1,'2012-10-30 13:44:21',NULL,'0000-00-00 00:00:00'),(1286,'en','Show Price On Delivery',1,'2012-10-30 13:43:40',NULL,'0000-00-00 00:00:00'),(1286,'id','Tampilkan Harga Saat Pengiriman',1,'2012-10-30 13:43:40',NULL,'0000-00-00 00:00:00'),(1287,'en','Show Price On Receiving',1,'2012-10-30 13:44:03',NULL,'0000-00-00 00:00:00'),(1287,'id','Tampilkan Harga Saat Penerimaan',1,'2012-10-30 13:44:03',NULL,'0000-00-00 00:00:00'),(1288,'en','Deposit Amount',1,'2012-10-30 13:58:07',NULL,'0000-00-00 00:00:00'),(1288,'id','Jumlah Setoran',1,'2012-10-30 13:58:07',NULL,'0000-00-00 00:00:00'),(1289,'en','Sales Canvas Report',1,'2012-10-30 14:08:45',NULL,'0000-00-00 00:00:00'),(1289,'id','Laporan Sales Canvas',1,'2012-10-30 14:08:45',NULL,'0000-00-00 00:00:00'),(1290,'en','Retur Customer Report',1,'2012-10-31 07:30:52',NULL,'0000-00-00 00:00:00'),(1290,'id','Laporan Retur Pelanggan',1,'2012-10-31 07:30:52',NULL,'0000-00-00 00:00:00'),(1291,'en','Daily Sales Report',1,'2012-10-31 11:45:23',NULL,'0000-00-00 00:00:00'),(1291,'id','Laporan Penjualan Harian',1,'2012-10-31 11:45:23',NULL,'0000-00-00 00:00:00'),(1292,'en','Remaining',1,'2012-10-31 11:51:48',NULL,'0000-00-00 00:00:00'),(1292,'id','Sisa',1,'2012-10-31 11:51:48',NULL,'0000-00-00 00:00:00'),(1293,'en','Payment Due Date',1,'2012-10-31 13:35:48',NULL,'0000-00-00 00:00:00'),(1293,'id','Jatuh Tempo Pembayaran',1,'2012-10-31 13:35:48',NULL,'0000-00-00 00:00:00'),(1294,'en','Invoice Date',1,'2012-10-31 13:36:05',NULL,'0000-00-00 00:00:00'),(1294,'id','Tanggal Invoice',1,'2012-10-31 13:36:05',NULL,'0000-00-00 00:00:00'),(1295,'en','Percentage',1,'2012-10-31 13:36:26',NULL,'0000-00-00 00:00:00'),(1295,'id','Persen',1,'2012-10-31 13:36:26',NULL,'0000-00-00 00:00:00'),(1296,'en','Payment Condition',1,'2012-10-31 13:38:06',NULL,'0000-00-00 00:00:00'),(1296,'id','Syarat Pembayaran',1,'2012-10-31 13:38:06',NULL,'0000-00-00 00:00:00'),(1297,'en','Subtotal',1,'2012-10-31 13:38:25',NULL,'0000-00-00 00:00:00'),(1297,'id','Subtotal',1,'2012-10-31 13:38:25',NULL,'0000-00-00 00:00:00'),(1298,'en','Discount/Fines Percentage',1,'2012-10-31 13:39:22',NULL,'0000-00-00 00:00:00'),(1298,'id','Persen Diskon/Denda',1,'2012-10-31 13:39:22',NULL,'0000-00-00 00:00:00'),(1299,'en','Days',1,'2012-10-31 13:39:35',NULL,'0000-00-00 00:00:00'),(1299,'id','Lama Hari',1,'2012-10-31 13:39:35',NULL,'0000-00-00 00:00:00'),(1300,'en','Sales Remark',1,'2012-10-31 14:14:31',NULL,'0000-00-00 00:00:00'),(1300,'id','Keterangan Sales',1,'2012-10-31 14:14:31',NULL,'0000-00-00 00:00:00'),(1301,'en','Nominal',1,'2012-10-31 14:16:37',NULL,'0000-00-00 00:00:00'),(1301,'id','Nominal',1,'2012-10-31 14:16:37',NULL,'0000-00-00 00:00:00'),(1302,'en','Goods Income Report',1,'2012-11-01 10:12:51',NULL,'0000-00-00 00:00:00'),(1302,'id','Laporan Pemasukan Barang',1,'2012-11-01 10:12:51',NULL,'0000-00-00 00:00:00'),(1303,'en','Goods Outcome Report',1,'2012-11-01 13:54:02',NULL,'0000-00-00 00:00:00'),(1303,'id','Laporan Pengeluaran Barang',1,'2012-11-01 13:54:02',NULL,'0000-00-00 00:00:00'),(1304,'en','Addition',1,'2012-11-01 14:30:02',NULL,'0000-00-00 00:00:00'),(1304,'id','Penambahan',1,'2012-11-01 14:30:02',NULL,'0000-00-00 00:00:00'),(1305,'en','Reduction',1,'2012-11-01 14:30:19',NULL,'0000-00-00 00:00:00'),(1305,'id','Pengurangan',1,'2012-11-01 14:30:19',NULL,'0000-00-00 00:00:00'),(1306,'en','Stock Opname Report',1,'2012-11-01 14:32:15',NULL,'0000-00-00 00:00:00'),(1306,'id','Laporan Stok Opname',1,'2012-11-01 14:32:15',NULL,'0000-00-00 00:00:00'),(1307,'en','Warehouse Type',1,'2012-11-05 09:22:04',NULL,'0000-00-00 00:00:00'),(1307,'id','Tipe Gudang',1,'2012-11-05 09:22:04',NULL,'0000-00-00 00:00:00'),(1308,'en','Goods Usage Recap',1,'2012-11-06 10:50:22',NULL,'0000-00-00 00:00:00'),(1308,'id','Rekap Penggunaan Barang',1,'2012-11-06 10:50:22',NULL,'0000-00-00 00:00:00'),(1309,'en','Tuesday',1,'2012-11-06 13:30:54',NULL,'0000-00-00 00:00:00'),(1309,'id','Selasa',1,'2012-11-06 13:30:54',NULL,'0000-00-00 00:00:00'),(1310,'en','Monday',1,'2012-11-06 13:31:07',NULL,'0000-00-00 00:00:00'),(1310,'id','Senin',1,'2012-11-06 13:31:07',NULL,'0000-00-00 00:00:00'),(1311,'en','Wednesday',1,'2012-11-06 13:31:18',NULL,'0000-00-00 00:00:00'),(1311,'id','Rabu',1,'2012-11-06 13:31:18',NULL,'0000-00-00 00:00:00'),(1312,'en','Thursday',1,'2012-11-06 13:31:26',NULL,'0000-00-00 00:00:00'),(1312,'id','Kamis',1,'2012-11-06 13:31:26',NULL,'0000-00-00 00:00:00'),(1313,'en','Friday',1,'2012-11-06 13:32:14',NULL,'0000-00-00 00:00:00'),(1313,'id','Jumat',1,'2012-11-06 13:32:14',NULL,'0000-00-00 00:00:00'),(1314,'en','Saturday',1,'2012-11-06 13:31:58',NULL,'0000-00-00 00:00:00'),(1314,'id','Sabtu',1,'2012-11-06 13:31:58',NULL,'0000-00-00 00:00:00'),(1315,'en','Sunday',1,'2012-11-06 13:32:09',NULL,'0000-00-00 00:00:00'),(1315,'id','Minggu',1,'2012-11-06 13:32:09',NULL,'0000-00-00 00:00:00'),(1316,'en','About',1,'2012-11-07 09:47:59',NULL,'0000-00-00 00:00:00'),(1316,'id','About',1,'2012-11-07 09:47:59',NULL,'0000-00-00 00:00:00'),(1317,'en','Legal Notice',1,'2012-11-07 09:48:12',NULL,'0000-00-00 00:00:00'),(1317,'id','Legal Notice',1,'2012-11-07 09:48:12',NULL,'0000-00-00 00:00:00'),(1318,'en','Home',1,'2012-11-07 09:48:31',NULL,'0000-00-00 00:00:00'),(1318,'id','Beranda',1,'2012-11-07 09:48:31',NULL,'0000-00-00 00:00:00'),(1319,'en','Scroll Up',1,'2012-11-07 09:48:55',NULL,'0000-00-00 00:00:00'),(1319,'id','Geser Atas',1,'2012-11-07 09:48:55',NULL,'0000-00-00 00:00:00'),(1320,'en','Scroll Down',1,'2012-11-07 09:49:12',NULL,'0000-00-00 00:00:00'),(1320,'id','Geser Bawah',1,'2012-11-07 09:49:12',NULL,'0000-00-00 00:00:00'),(1321,'en','advance',1,'2012-11-07 09:53:31',NULL,'0000-00-00 00:00:00'),(1321,'id','lebih lanjut',1,'2012-11-07 09:53:31',NULL,'0000-00-00 00:00:00'),(1322,'en','basic',1,'2012-11-07 13:35:29',NULL,'0000-00-00 00:00:00'),(1322,'id','sederhana',1,'2012-11-07 13:35:29',NULL,'0000-00-00 00:00:00'),(1323,'en','Cancel Success',1,'2012-11-07 10:02:37',NULL,'0000-00-00 00:00:00'),(1323,'id','Berhasil melakukan pembatalan',1,'2012-11-07 10:02:37',NULL,'0000-00-00 00:00:00'),(1324,'en','Account Logo Data',1,'2012-11-07 10:22:14',NULL,'0000-00-00 00:00:00'),(1324,'id','Data Logo Akun',1,'2012-11-07 10:22:14',NULL,'0000-00-00 00:00:00'),(1325,'en','Logo',1,'2012-11-07 10:22:23',NULL,'0000-00-00 00:00:00'),(1325,'id','Logo',1,'2012-11-07 10:22:23',NULL,'0000-00-00 00:00:00'),(1326,'en','All Retur item is empty or zero value',1,'2012-11-07 11:42:05',NULL,'0000-00-00 00:00:00'),(1326,'id','Jumlah semua yang di retur kosong atau bernilai 0',1,'2012-11-07 11:42:05',NULL,'0000-00-00 00:00:00'),(1327,'en','Capital',1,'2012-11-07 11:56:53',NULL,'0000-00-00 00:00:00'),(1327,'id','Ibukota Negara',1,'2012-11-07 11:56:53',NULL,'0000-00-00 00:00:00'),(1328,'en','Region',1,'2012-11-07 12:48:35',NULL,'0000-00-00 00:00:00'),(1328,'id','Region',1,'2012-11-07 12:48:35',NULL,'0000-00-00 00:00:00'),(1329,'en','Bank Account Data',1,'2012-11-07 12:57:59',NULL,'0000-00-00 00:00:00'),(1329,'id','Data Rekening Bank',1,'2012-11-07 12:57:59',NULL,'0000-00-00 00:00:00'),(1330,'en','NPWP Data',1,'2012-11-07 12:58:17',NULL,'0000-00-00 00:00:00'),(1330,'id','Data NPWP',1,'2012-11-07 12:58:17',NULL,'0000-00-00 00:00:00'),(1331,'en','Billing Address Data',1,'2012-11-07 13:00:37',NULL,'0000-00-00 00:00:00'),(1331,'id','Data Alamat Penagihan (Billing)',1,'2012-11-07 13:00:37',NULL,'0000-00-00 00:00:00'),(1332,'en','Shipping Address Data',1,'2012-11-07 13:01:05',NULL,'0000-00-00 00:00:00'),(1332,'id','Data Alamat Pengiriman (Shipping)',1,'2012-11-07 13:01:05',NULL,'0000-00-00 00:00:00'),(1333,'en','Logo Data',1,'2012-11-07 13:01:25',NULL,'0000-00-00 00:00:00'),(1333,'id','Data Logo',1,'2012-11-07 13:01:25',NULL,'0000-00-00 00:00:00'),(1334,'en','Basic Search',1,'2012-11-07 13:35:16',NULL,'0000-00-00 00:00:00'),(1334,'id','Pencarian Dasar',1,'2012-11-07 13:35:16',NULL,'0000-00-00 00:00:00'),(1335,'en','Advance Search',1,'2012-11-07 13:38:14',NULL,'0000-00-00 00:00:00'),(1335,'id','Pencarian Lebih Lanjut',1,'2012-11-07 13:38:14',NULL,'0000-00-00 00:00:00'),(1336,'en','Logo Type',1,'2012-11-07 13:49:19',NULL,'0000-00-00 00:00:00'),(1336,'id','Jenis Logo',1,'2012-11-07 13:49:19',NULL,'0000-00-00 00:00:00'),(1337,'en','Meeting',1,'2012-11-07 19:10:00',NULL,'0000-00-00 00:00:00'),(1337,'id','Pertemuan',1,'2012-11-07 19:10:00',NULL,'0000-00-00 00:00:00'),(1338,'en','Call',1,'2012-11-07 19:10:14',NULL,'0000-00-00 00:00:00'),(1338,'id','Panggilan',1,'2012-11-07 19:10:14',NULL,'0000-00-00 00:00:00'),(1339,'en','Task',1,'2012-11-07 19:10:34',NULL,'0000-00-00 00:00:00'),(1339,'id','Pekerjaan',1,'2012-11-07 19:10:34',NULL,'0000-00-00 00:00:00'),(1340,'en','Note',1,'2012-11-07 19:10:51',NULL,'0000-00-00 00:00:00'),(1340,'id','Catatan',1,'2012-11-07 19:10:51',NULL,'0000-00-00 00:00:00'),(1341,'en','Account Data',1,'2012-11-07 19:45:31',NULL,'0000-00-00 00:00:00'),(1341,'id','Data Akun',1,'2012-11-07 19:45:31',NULL,'0000-00-00 00:00:00'),(1342,'en','Business Address Data',9,'2012-11-11 23:32:19',NULL,'0000-00-00 00:00:00'),(1342,'id','Data Alamat Usaha Bisnis',9,'2012-11-11 23:32:19',NULL,'0000-00-00 00:00:00'),(1343,'en','Home Address Data',1,'2012-11-07 19:53:46',NULL,'0000-00-00 00:00:00'),(1343,'id','Data Alamat Pribadi',1,'2012-11-07 19:53:46',NULL,'0000-00-00 00:00:00'),(1344,'en','Conversion',1,'2012-11-08 08:50:05',NULL,'0000-00-00 00:00:00'),(1344,'id','Konversi',1,'2012-11-08 08:50:05',NULL,'0000-00-00 00:00:00'),(1345,'en','Current Photo',1,'2012-11-08 09:31:22',NULL,'0000-00-00 00:00:00'),(1345,'id','Foto Saat Ini',1,'2012-11-08 09:31:22',NULL,'0000-00-00 00:00:00'),(1346,'en','Photo Preview',1,'2012-11-08 09:31:51',NULL,'0000-00-00 00:00:00'),(1346,'id','Preview Foto',1,'2012-11-08 09:31:51',NULL,'0000-00-00 00:00:00'),(1347,'en','Phone Data can not be empty',1,'2012-11-08 10:01:50',NULL,'0000-00-00 00:00:00'),(1347,'id','Data Telepon Tidak boleh kosong',1,'2012-11-08 10:01:50',NULL,'0000-00-00 00:00:00'),(1348,'en','Religion name already exists',4,'2012-11-08 10:38:33',NULL,'0000-00-00 00:00:00'),(1348,'id','Sudah ada agama dengan nama yang sama',4,'2012-11-08 10:38:33',NULL,'0000-00-00 00:00:00'),(1349,'en','File Name',1,'2012-11-08 10:57:04',NULL,'0000-00-00 00:00:00'),(1349,'id','Nama File',1,'2012-11-08 10:57:04',NULL,'0000-00-00 00:00:00'),(1350,'en','Salutation is still exist',24,'2012-11-08 11:06:07',NULL,'0000-00-00 00:00:00'),(1350,'id','Nama sapaan sudah ada',24,'2012-11-08 11:06:07',NULL,'0000-00-00 00:00:00'),(1351,'en','Functional position is still exist',24,'2012-11-08 13:48:13',NULL,'0000-00-00 00:00:00'),(1351,'id','Nama jabatan fungsional sudah ada',24,'2012-11-08 13:48:13',NULL,'0000-00-00 00:00:00'),(1352,'en','Functional position code is still exist',24,'2012-11-08 13:50:22',NULL,'0000-00-00 00:00:00'),(1352,'id','Kode jabatan fungsional sudah ada',24,'2012-11-08 13:50:22',NULL,'0000-00-00 00:00:00'),(1353,'en','Leader',1,'2012-11-08 13:54:27',NULL,'0000-00-00 00:00:00'),(1353,'id','Pimpinan',1,'2012-11-08 13:54:27',NULL,'0000-00-00 00:00:00'),(1354,'en','Colour name is still exist',24,'2012-11-08 15:45:00',NULL,'0000-00-00 00:00:00'),(1354,'id','Nama warna sudah ada',24,'2012-11-08 15:45:00',NULL,'0000-00-00 00:00:00'),(1355,'en','Currency name is still exist',24,'2012-11-08 16:20:42',NULL,'0000-00-00 00:00:00'),(1355,'id','Nama mata uang sudah ada',24,'2012-11-08 16:20:42',NULL,'0000-00-00 00:00:00'),(1356,'en','This link allows you to download electronic business cards in vCard file format.<br />\r\nvCards are often attached to e-mail messages, but can also be placed on a web page. It contains name and address information, phone numbers and many more. This file created with simplified vCards for business use where only the most commonly properties are used.',37,'2012-11-09 10:29:06',NULL,'0000-00-00 00:00:00'),(1356,'id','Link ini memungkinkan Anda untuk mengunduh kartu bisnis elektronik dalam format file vCard.<br />\r\nvCards sering dilampirkan pada email, tetapi juga dapat ditempatkan pada halaman web. vCard ini berisi informasi nama, alamat, nomor telepon, dan lain - lain. File ini dibuat dengan vCards yang disederhanakan untuk bisnis secara umum.',37,'2012-11-09 10:29:06',NULL,'0000-00-00 00:00:00'),(1357,'en','You can download the vCard File directly here',1,'2012-11-22 21:33:03',NULL,'0000-00-00 00:00:00'),(1357,'id','Anda dapat mengunduh file vCard tersebut disini',1,'2012-11-22 21:33:03',NULL,'0000-00-00 00:00:00'),(1358,'en','This is your business card\'s QR code. Use your cell phone to test if it can be scanned and whether it contains the data you intended to publish.',37,'2012-11-09 10:30:03',NULL,'0000-00-00 00:00:00'),(1358,'id','Ini adalah QR Code kartu nama Anda. Gunakan ponsel Anda untuk menguji apakah dapat dipindai serta apakah informasi didalamnya berisi data yang Anda inginkan.',37,'2012-11-09 10:30:03',NULL,'0000-00-00 00:00:00'),(1359,'en','The data you have filled in has generated a large QR Code image that might be very difficult to scan by most mobile devices, as of 2010.<br />\r\nIn order to generate a QR Code that\'s easier to scan you have to reduce the size of the vCard file by at least 93 characters, either by reducing the size of some fields or by eliminating them altogether.',37,'2012-11-09 10:30:30',NULL,'0000-00-00 00:00:00'),(1359,'id','Data yang telah Anda isikan telah dihasilkan ke dalam gambar QR Code berukuran besar, dimana kemungkinan ini akan sangat sulit untuk dipindai dengan kebanyakan perangkat mobile yang ada pada tahun 2010.<br />\r\nDalam rangka untuk menghasilkan QR Code yang lebih mudah dipindai, Anda harus mengurangi ukuran file vCard setidaknya sebanyak 93 karakter, baik dengan mengurangi panjang karakter dalam kolom form atau menghapus data tersebut sama sekali.',37,'2012-11-09 10:30:30',NULL,'0000-00-00 00:00:00'),(1360,'en','Download',37,'2012-11-09 10:43:10',NULL,'0000-00-00 00:00:00'),(1360,'id','Unduh',37,'2012-11-09 10:43:10',NULL,'0000-00-00 00:00:00'),(1361,'en','Scan',37,'2012-11-09 10:43:23',NULL,'0000-00-00 00:00:00'),(1361,'id','Scan',37,'2012-11-09 10:43:23',NULL,'0000-00-00 00:00:00'),(1362,'en','You can download the image file directly here',1,'2012-11-22 21:32:50',NULL,'0000-00-00 00:00:00'),(1362,'id','Anda dapat mengunduh file gambar tersebut disini',1,'2012-11-22 21:32:50',NULL,'0000-00-00 00:00:00'),(1363,'en','Data export succesfully',37,'2012-11-09 11:18:44',NULL,'0000-00-00 00:00:00'),(1363,'id','Data Berhasil diekspor',37,'2012-11-09 11:18:44',NULL,'0000-00-00 00:00:00'),(1364,'en','Priority level name already exist',24,'2012-11-09 14:18:51',NULL,'0000-00-00 00:00:00'),(1364,'id','Nama tingkat prioritas sudah ada',24,'2012-11-09 14:18:51',NULL,'0000-00-00 00:00:00'),(1365,'en','Level priority level already exists',24,'2012-11-09 14:24:34',NULL,'0000-00-00 00:00:00'),(1365,'id','Tingkat prioritas sudah ada',24,'2012-11-09 14:24:34',NULL,'0000-00-00 00:00:00'),(1366,'en','Priority level order already exists',24,'2012-11-09 14:29:56',NULL,'0000-00-00 00:00:00'),(1366,'id','Urutan tingkat prioritas sudah ada',24,'2012-11-09 14:29:56',NULL,'0000-00-00 00:00:00'),(1367,'en','Bug type name already exists',24,'2012-11-09 14:48:44',NULL,'0000-00-00 00:00:00'),(1367,'id','Nama jenis cacat produk sudah ada',24,'2012-11-09 14:48:44',NULL,'0000-00-00 00:00:00'),(1368,'en','Bug status name already exists',24,'2012-11-09 15:27:11',NULL,'0000-00-00 00:00:00'),(1368,'id','Nama status cacat sudah ada',24,'2012-11-09 15:27:11',NULL,'0000-00-00 00:00:00'),(1369,'en','Bug status order already exists',24,'2012-11-09 15:31:38',NULL,'0000-00-00 00:00:00'),(1369,'id','Urutan status cacat sudah ada',24,'2012-11-09 15:31:38',NULL,'0000-00-00 00:00:00'),(1370,'en','Bug source name already exists',24,'2012-11-09 16:00:28',NULL,'0000-00-00 00:00:00'),(1370,'id','Asal informasi produk sudah ada',24,'2012-11-09 16:00:28',NULL,'0000-00-00 00:00:00'),(1371,'en','Priority',24,'2012-11-09 16:15:22',NULL,'0000-00-00 00:00:00'),(1371,'id','Prioritas',24,'2012-11-09 16:15:22',NULL,'0000-00-00 00:00:00'),(1372,'en','Customer Type',24,'2012-11-09 16:16:12',NULL,'0000-00-00 00:00:00'),(1372,'id','Jenis Pelanggan',24,'2012-11-09 16:16:12',NULL,'0000-00-00 00:00:00'),(1373,'en','vCard Export',9,'2012-11-09 16:33:10',NULL,'0000-00-00 00:00:00'),(1373,'id','Export vCard',9,'2012-11-09 16:33:10',NULL,'0000-00-00 00:00:00'),(1374,'en','Convert Lead',9,'2012-11-09 16:34:26',NULL,'0000-00-00 00:00:00'),(1374,'id','Konversi Lead / Narasumber',9,'2012-11-09 16:34:26',NULL,'0000-00-00 00:00:00'),(1375,'en','Contact Form',9,'2012-11-11 23:30:37',NULL,'0000-00-00 00:00:00'),(1375,'id','Form Kontak',9,'2012-11-11 23:30:37',NULL,'0000-00-00 00:00:00'),(1376,'en','Company / Organization',9,'2012-11-11 23:31:02',NULL,'0000-00-00 00:00:00'),(1376,'id','Perusahaan / Organisasi',9,'2012-11-11 23:31:02',NULL,'0000-00-00 00:00:00'),(1377,'en','Job Title',9,'2012-11-11 23:31:18',NULL,'0000-00-00 00:00:00'),(1377,'id','Jabatan',9,'2012-11-11 23:31:18',NULL,'0000-00-00 00:00:00'),(1378,'en','Building Name',9,'2012-11-11 23:31:36',NULL,'0000-00-00 00:00:00'),(1378,'id','Nama Gedung',9,'2012-11-11 23:31:36',NULL,'0000-00-00 00:00:00'),(1379,'en','Business Address',9,'2012-11-11 23:32:03',NULL,'0000-00-00 00:00:00'),(1379,'id','Alamat Usaha Bisnis',9,'2012-11-11 23:32:03',NULL,'0000-00-00 00:00:00'),(1380,'en','Home Address',9,'2012-11-11 23:32:37',NULL,'0000-00-00 00:00:00'),(1380,'id','Alamat Rumah',9,'2012-11-11 23:32:37',NULL,'0000-00-00 00:00:00'),(1381,'en','Generate',9,'2012-11-11 23:33:03',NULL,'0000-00-00 00:00:00'),(1381,'id','Proses',9,'2012-11-11 23:33:03',NULL,'0000-00-00 00:00:00'),(1382,'en','2.1 Version',9,'2012-11-11 23:33:25',NULL,'0000-00-00 00:00:00'),(1382,'id','Versi 2.1',9,'2012-11-11 23:33:25',NULL,'0000-00-00 00:00:00'),(1383,'en','3.0 Version',9,'2012-11-11 23:33:42',NULL,'0000-00-00 00:00:00'),(1383,'id','Versi 3.0',9,'2012-11-11 23:33:42',NULL,'0000-00-00 00:00:00'),(1384,'en','4.0 Version',9,'2012-11-11 23:34:03',NULL,'0000-00-00 00:00:00'),(1384,'id','Versi 4.0',9,'2012-11-11 23:34:03',NULL,'0000-00-00 00:00:00'),(1385,'en','Standard Format',9,'2012-11-11 23:35:36',NULL,'0000-00-00 00:00:00'),(1385,'id','Format Standar',9,'2012-11-11 23:35:36',NULL,'0000-00-00 00:00:00'),(1386,'en','Email and Website',9,'2012-11-11 23:37:09',NULL,'0000-00-00 00:00:00'),(1386,'id','Email dan Website',9,'2012-11-11 23:37:09',NULL,'0000-00-00 00:00:00'),(1387,'en','Preferred Email',1,'2012-11-22 21:30:14',NULL,'0000-00-00 00:00:00'),(1387,'id','Email Utama',1,'2012-11-22 21:30:14',NULL,'0000-00-00 00:00:00'),(1388,'en','Aternative Email',9,'2012-11-11 23:38:14',NULL,'0000-00-00 00:00:00'),(1388,'id','Email Alternatif',9,'2012-11-11 23:38:14',NULL,'0000-00-00 00:00:00'),(1389,'en','Work Website',9,'2012-11-11 23:38:29',NULL,'0000-00-00 00:00:00'),(1389,'id','Website Kerja',9,'2012-11-11 23:38:29',NULL,'0000-00-00 00:00:00'),(1390,'en','Business Phone',9,'2012-11-11 23:38:50',NULL,'0000-00-00 00:00:00'),(1390,'id','Telepon Usaha Bisnis',9,'2012-11-11 23:38:50',NULL,'0000-00-00 00:00:00'),(1391,'en','Business Fax',9,'2012-11-11 23:39:08',NULL,'0000-00-00 00:00:00'),(1391,'id','Fax Usaha Bisnis',9,'2012-11-11 23:39:08',NULL,'0000-00-00 00:00:00'),(1392,'en','Mobile Phone',9,'2012-11-11 23:39:28',NULL,'0000-00-00 00:00:00'),(1392,'id','Telepon Genggam',9,'2012-11-11 23:39:28',NULL,'0000-00-00 00:00:00'),(1393,'en','Home Phone',9,'2012-11-11 23:39:46',NULL,'0000-00-00 00:00:00'),(1393,'id','Telepon Rumah',9,'2012-11-11 23:39:46',NULL,'0000-00-00 00:00:00'),(1394,'en','OK',1,'2012-11-12 06:36:09',NULL,'0000-00-00 00:00:00'),(1394,'id','OK',1,'2012-11-12 06:36:09',NULL,'0000-00-00 00:00:00'),(1395,'en','Confirm Delete',1,'2012-11-12 06:37:45',NULL,'0000-00-00 00:00:00'),(1395,'id','Konfirmasi Penghapusan',1,'2012-11-12 06:37:45',NULL,'0000-00-00 00:00:00'),(1396,'en','Are you sure want to delete',1,'2012-11-12 06:38:16',NULL,'0000-00-00 00:00:00'),(1396,'id','Anda yakin menghapus data',1,'2012-11-12 06:38:16',NULL,'0000-00-00 00:00:00'),(1397,'en','Alert',1,'2012-11-12 06:39:18',NULL,'0000-00-00 00:00:00'),(1397,'id','Alert',1,'2012-11-12 06:39:18',NULL,'0000-00-00 00:00:00'),(1398,'en','Confirm',1,'2012-11-12 06:39:42',NULL,'0000-00-00 00:00:00'),(1398,'id','Konfirmasi',1,'2012-11-12 06:39:42',NULL,'0000-00-00 00:00:00'),(1399,'en','Prompt',1,'2012-11-12 06:40:31',NULL,'0000-00-00 00:00:00'),(1399,'id','Prompt',1,'2012-11-12 06:40:31',NULL,'0000-00-00 00:00:00'),(1400,'en','Wrong URL',1,'2012-11-12 06:40:54',NULL,'0000-00-00 00:00:00'),(1400,'id','URL salah',1,'2012-11-12 06:40:54',NULL,'0000-00-00 00:00:00'),(1401,'en','Maximum file size',1,'2012-11-12 06:57:16',NULL,'0000-00-00 00:00:00'),(1401,'id','Ukuran file maksimal',1,'2012-11-12 06:57:16',NULL,'0000-00-00 00:00:00'),(1402,'en','Forbidden filetype',1,'2012-11-12 06:57:47',NULL,'0000-00-00 00:00:00'),(1402,'id','Tipe file tidak diijinkan',1,'2012-11-12 06:57:47',NULL,'0000-00-00 00:00:00'),(1403,'en','Progress',1,'2012-11-12 06:58:28',NULL,'0000-00-00 00:00:00'),(1403,'id','Progress',1,'2012-11-12 06:58:28',NULL,'0000-00-00 00:00:00'),(1404,'en','Remove',1,'2012-11-12 06:59:12',NULL,'0000-00-00 00:00:00'),(1404,'id','Hapus',1,'2012-11-12 06:59:12',NULL,'0000-00-00 00:00:00'),(1405,'en','Upload canceled',1,'2012-11-12 06:59:39',NULL,'0000-00-00 00:00:00'),(1405,'id','Upload dibatalkan',1,'2012-11-12 06:59:39',NULL,'0000-00-00 00:00:00'),(1406,'en','Aborting',1,'2012-11-12 06:59:56',NULL,'0000-00-00 00:00:00'),(1406,'id','Membatalkan',1,'2012-11-12 06:59:56',NULL,'0000-00-00 00:00:00'),(1407,'en','Image Preview',1,'2012-11-12 07:00:38',NULL,'0000-00-00 00:00:00'),(1407,'id','Pratinjau Gambar',1,'2012-11-12 07:00:38',NULL,'0000-00-00 00:00:00'),(1408,'en','Select File',1,'2012-11-12 07:00:56',NULL,'0000-00-00 00:00:00'),(1408,'id','Pilih File',1,'2012-11-12 07:00:56',NULL,'0000-00-00 00:00:00'),(1409,'en','Unable to compute',1,'2012-11-12 07:01:16',NULL,'0000-00-00 00:00:00'),(1409,'id','Tidak bisa memperhitungkan',1,'2012-11-12 07:01:16',NULL,'0000-00-00 00:00:00'),(1410,'en','Good Discount',24,'2012-11-12 08:47:50',NULL,'0000-00-00 00:00:00'),(1410,'id','Diskon Barang',24,'2012-11-12 08:47:50',NULL,'0000-00-00 00:00:00'),(1411,'en','Treatment Discount',24,'2012-11-12 08:48:19',NULL,'0000-00-00 00:00:00'),(1411,'id','Diskon Pelayanan',24,'2012-11-12 08:48:19',NULL,'0000-00-00 00:00:00'),(1412,'en','Goods Discount',24,'2012-11-12 08:49:58',NULL,'0000-00-00 00:00:00'),(1412,'id','Diskon Barang',24,'2012-11-12 08:49:58',NULL,'0000-00-00 00:00:00'),(1414,'en','Simple search',24,'2012-11-14 10:25:03',NULL,'0000-00-00 00:00:00'),(1414,'id','sederhana',24,'2012-11-14 10:25:03',NULL,'0000-00-00 00:00:00'),(1415,'en','Code already used by other data',1,'2012-11-14 15:34:58',NULL,'0000-00-00 00:00:00'),(1415,'id','Kode sudah dipakai oleh data lain',1,'2012-11-14 15:34:58',NULL,'0000-00-00 00:00:00'),(1416,'en','Name already used by other data',1,'2012-11-14 15:34:30',NULL,'0000-00-00 00:00:00'),(1416,'id','Nama sudah dipakai oleh data lain',1,'2012-11-14 15:34:30',NULL,'0000-00-00 00:00:00'),(1417,'en','Bank code is already exists',24,'2012-11-14 15:18:51',NULL,'0000-00-00 00:00:00'),(1417,'id','Kode bank sudah ada',24,'2012-11-14 15:18:51',NULL,'0000-00-00 00:00:00'),(1418,'en','Backup to vCard',37,'2012-11-19 10:32:34',NULL,'0000-00-00 00:00:00'),(1418,'id','Backup vCard',37,'2012-11-19 10:32:34',NULL,'0000-00-00 00:00:00'),(1419,'en','Synchronization',37,'2012-11-19 15:01:34',NULL,'0000-00-00 00:00:00'),(1419,'id','Sinkronisasi',37,'2012-11-19 15:01:34',NULL,'0000-00-00 00:00:00'),(1420,'en','Assignment',37,'2012-11-20 09:36:24',NULL,'0000-00-00 00:00:00'),(1420,'id','Penugasan',37,'2012-11-20 09:36:24',NULL,'0000-00-00 00:00:00'),(1421,'en','Account Assignment',37,'2012-11-20 09:37:28',NULL,'0000-00-00 00:00:00'),(1421,'id','Penugasan Akun',37,'2012-11-20 09:37:28',NULL,'0000-00-00 00:00:00'),(1422,'en','ECS Module',1,'2012-11-20 10:53:37',NULL,'0000-00-00 00:00:00'),(1422,'id','Module ECS',1,'2012-11-20 10:53:37',NULL,'0000-00-00 00:00:00'),(1423,'en','Finance Module',1,'2012-11-20 10:53:49',NULL,'0000-00-00 00:00:00'),(1423,'id','Module Finansi',1,'2012-11-20 10:53:49',NULL,'0000-00-00 00:00:00'),(1424,'en','Informal Education Level',1,'2012-11-20 11:18:23',NULL,'0000-00-00 00:00:00'),(1424,'id','Penyelenggara Pendidikan Informal',1,'2012-11-20 11:18:23',NULL,'0000-00-00 00:00:00'),(1425,'en','Order already used by another data',1,'2012-11-21 08:46:31',NULL,'0000-00-00 00:00:00'),(1425,'id','Urutan sudah di pakai oleh data lain',1,'2012-11-21 08:46:31',NULL,'0000-00-00 00:00:00'),(1426,'en','Employee and Officer should not be the same',37,'2012-11-22 14:58:42',NULL,'0000-00-00 00:00:00'),(1426,'id','Data Pegawai dan Officer tidak boleh sama',37,'2012-11-22 14:58:42',NULL,'0000-00-00 00:00:00'),(1427,'en','Officer Assignment',1,'2012-11-22 21:29:24',NULL,'0000-00-00 00:00:00'),(1427,'id','Penugasan Petugas',1,'2012-11-22 21:29:24',NULL,'0000-00-00 00:00:00'),(1428,'en','Alternative Email',1,'2012-11-22 21:29:56',NULL,'0000-00-00 00:00:00'),(1428,'id','Email Alternatif',1,'2012-11-22 21:29:56',NULL,'0000-00-00 00:00:00'),(1429,'en','Email This!',1,'2012-11-22 21:30:48',NULL,'0000-00-00 00:00:00'),(1429,'id','Kirim via Email!',1,'2012-11-22 21:30:48',NULL,'0000-00-00 00:00:00'),(1430,'en','download file',1,'2012-11-22 21:33:23',NULL,'0000-00-00 00:00:00'),(1430,'id','unduh file',1,'2012-11-22 21:33:23',NULL,'0000-00-00 00:00:00'),(1431,'en','Transaction Detail',37,'2012-11-23 09:02:57',NULL,'0000-00-00 00:00:00'),(1431,'id','Detil Transaksi',37,'2012-11-23 09:02:57',NULL,'0000-00-00 00:00:00'),(1432,'en','Owner Status',1,'2012-11-23 09:16:58',NULL,'0000-00-00 00:00:00'),(1432,'id','Status Kepemilikan Gedung',1,'2012-11-23 09:16:58',NULL,'0000-00-00 00:00:00'),(1433,'en','Contract Summary',37,'2012-11-23 14:18:01',NULL,'0000-00-00 00:00:00'),(1433,'id','Rekapitulasi Kontrak',37,'2012-11-23 14:18:01',NULL,'0000-00-00 00:00:00'),(1434,'en','Level is already used by another data',1,'2012-11-28 10:50:08',NULL,'0000-00-00 00:00:00'),(1434,'id','Tingkat sudah di pakai oleh data lain',1,'2012-11-28 10:50:08',NULL,'0000-00-00 00:00:00'),(1435,'en','Set as Account',41,'2012-11-30 08:56:07',NULL,'0000-00-00 00:00:00'),(1435,'id','Set sebagai Akun',41,'2012-11-30 08:56:07',NULL,'0000-00-00 00:00:00'),(1436,'en','Set Other Master Data',41,'2012-11-30 08:57:30',NULL,'0000-00-00 00:00:00'),(1436,'id','Pengaturan Khusus Data Master Lainnya',41,'2012-11-30 08:57:30',NULL,'0000-00-00 00:00:00'),(1437,'en','No more goods that can be shipped',1,'2012-11-30 10:30:15',NULL,'0000-00-00 00:00:00'),(1437,'id','Tidak ada lagi barang yang dapat dikirimkan',1,'2012-11-30 10:30:15',NULL,'0000-00-00 00:00:00'),(1438,'en','Username already exists',1,'2012-11-30 14:03:10',NULL,'0000-00-00 00:00:00'),(1438,'id','Nama pengguna sudah ada',1,'2012-11-30 14:03:10',NULL,'0000-00-00 00:00:00'),(1439,'en','Employee Area',1,'2012-11-30 16:28:30',NULL,'0000-00-00 00:00:00'),(1439,'id','Area Pegawai',1,'2012-11-30 16:28:30',NULL,'0000-00-00 00:00:00'),(1440,'en','Total percent exceeds 100%',1,'2012-12-03 09:03:44',NULL,'0000-00-00 00:00:00'),(1440,'id','Total persen melebihi 100%',1,'2012-12-03 09:03:44',NULL,'0000-00-00 00:00:00'),(1441,'en','Total of nominal exceeds purchase price of goods',1,'2012-12-03 09:10:59',NULL,'0000-00-00 00:00:00'),(1441,'id','Total nominal melebihi harga pembelian barang',1,'2012-12-03 09:10:59',NULL,'0000-00-00 00:00:00'),(1442,'en','Unit Name',1,'2012-12-04 08:50:04',NULL,'0000-00-00 00:00:00'),(1442,'id','Nama Unit',1,'2012-12-04 08:50:04',NULL,'0000-00-00 00:00:00'),(1443,'en','Unit Profit Center',1,'2012-12-04 09:19:25',NULL,'0000-00-00 00:00:00'),(1443,'id','Unit Pendapatan Utama',1,'2012-12-04 09:19:25',NULL,'0000-00-00 00:00:00'),(1444,'en','Partial Update',1,'2012-12-04 18:21:23',NULL,'0000-00-00 00:00:00'),(1444,'id','Parsial Update',1,'2012-12-04 18:21:23',NULL,'0000-00-00 00:00:00'),(1445,'en','Add mutation fail',10,'2012-12-08 16:09:35',NULL,'0000-00-00 00:00:00'),(1445,'id','Penambahan mutasi gagal',10,'2012-12-08 16:09:35',NULL,'0000-00-00 00:00:00'),(1446,'en','Bug Category',1,'2012-12-13 10:18:35',NULL,'0000-00-00 00:00:00'),(1446,'id','Kategori Cacat Produk',1,'2012-12-13 10:18:36',NULL,'0000-00-00 00:00:00'),(1447,'en','Software Release',1,'2012-12-18 10:45:56',NULL,'0000-00-00 00:00:00'),(1447,'id','Rilis Perangkat Lunak',1,'2012-12-18 10:45:56',NULL,'0000-00-00 00:00:00'),(1448,'en','In Thousands',1,'2012-12-18 15:28:40',NULL,'0000-00-00 00:00:00'),(1448,'id','Dalam Ribuan',1,'2012-12-18 15:28:40',NULL,'0000-00-00 00:00:00'),(1449,'en','Address and Contact',1,'2012-12-28 14:31:48',NULL,'0000-00-00 00:00:00'),(1449,'id','Alamat dan Kontak',1,'2012-12-28 14:31:48',NULL,'0000-00-00 00:00:00'),(1450,'en','Add Other Goods/Service',1,'2012-12-28 15:12:02',NULL,'0000-00-00 00:00:00'),(1450,'id','Tambah Barang/Jasa Lainnya',1,'2012-12-28 15:12:02',NULL,'0000-00-00 00:00:00'),(1451,'en','Ware Type',1,'2013-01-16 14:10:23',NULL,'0000-00-00 00:00:00'),(1451,'id','Tipe Gudang',1,'2013-01-16 14:10:23',NULL,'0000-00-00 00:00:00'),(1452,'en','Buy Area',1,'2013-01-16 14:15:13',NULL,'0000-00-00 00:00:00'),(1452,'id','Area Pembelian',1,'2013-01-16 14:15:13',NULL,'0000-00-00 00:00:00'),(1453,'en','Sell Area',1,'2013-01-16 14:16:07',NULL,'0000-00-00 00:00:00'),(1453,'id','Area Penjualan',1,'2013-01-16 14:16:07',NULL,'0000-00-00 00:00:00'),(1454,'en','Hour',1,'2013-02-14 09:42:33',NULL,'0000-00-00 00:00:00'),(1454,'id','Jam',1,'2013-02-14 09:42:33',NULL,'0000-00-00 00:00:00'),(1455,'en','Minute',1,'2013-02-14 09:42:45',NULL,'0000-00-00 00:00:00'),(1455,'id','Menit',1,'2013-02-14 09:42:45',NULL,'0000-00-00 00:00:00'),(1456,'en','Phone Number',5,'2013-05-30 14:09:06',NULL,'0000-00-00 00:00:00'),(1456,'id','Nomor Telp / HP',5,'2013-05-30 14:09:06',NULL,'0000-00-00 00:00:00'),(1457,'en','Order Form',1,'2013-02-15 09:36:17',NULL,'0000-00-00 00:00:00'),(1457,'id','Form Pemesanan',1,'2013-02-15 09:36:17',NULL,'0000-00-00 00:00:00'),(1458,'en','Pickup Date',1,'2013-02-15 09:37:01',NULL,'0000-00-00 00:00:00'),(1458,'id','Tanggal Penjemputan',1,'2013-02-15 09:37:01',NULL,'0000-00-00 00:00:00'),(1459,'en','Pickup Time',1,'2013-02-15 09:37:19',NULL,'0000-00-00 00:00:00'),(1459,'id','Waktu Penjemputan',1,'2013-02-15 09:37:19',NULL,'0000-00-00 00:00:00'),(1460,'en','Pickup Place',1,'2013-02-15 09:37:42',NULL,'0000-00-00 00:00:00'),(1460,'id','Tempat Penjemputan',1,'2013-02-15 09:37:42',NULL,'0000-00-00 00:00:00'),(1461,'en','Max 100 characters',1,'2013-02-15 09:38:10',NULL,'0000-00-00 00:00:00'),(1461,'id','Maks 100 karakter',1,'2013-02-15 09:38:10',NULL,'0000-00-00 00:00:00'),(1462,'en','Booking',1,'2013-02-15 09:38:24',NULL,'0000-00-00 00:00:00'),(1462,'id','Pesan',1,'2013-02-15 09:38:24',NULL,'0000-00-00 00:00:00'),(1463,'en','Name',1,'2013-02-15 09:38:39',NULL,'0000-00-00 00:00:00'),(1463,'id','Nama',1,'2013-02-15 09:38:39',NULL,'0000-00-00 00:00:00'),(1464,'en','Phone',1,'2013-02-15 09:38:55',NULL,'0000-00-00 00:00:00'),(1464,'id','Telp / HP',1,'2013-02-15 09:38:55',NULL,'0000-00-00 00:00:00'),(1465,'en','GPS ID',1,'2014-01-24 14:22:38',NULL,'0000-00-00 00:00:00'),(1465,'id','GPS ID',1,'2014-01-24 14:22:38',NULL,'0000-00-00 00:00:00'),(1466,'en','Station',1,'2013-02-15 09:39:28',NULL,'0000-00-00 00:00:00'),(1466,'id','Pangkalan',1,'2013-02-15 09:39:28',NULL,'0000-00-00 00:00:00'),(1467,'en','Count',1,'2013-02-15 09:39:38',NULL,'0000-00-00 00:00:00'),(1467,'id','Jumlah',1,'2013-02-15 09:39:38',NULL,'0000-00-00 00:00:00'),(1468,'en','Taxi Availability',1,'2013-02-15 09:40:55',NULL,'0000-00-00 00:00:00'),(1468,'id','Ketersediaan Taksi',1,'2013-02-15 09:40:55',NULL,'0000-00-00 00:00:00'),(1469,'en','Taxi Number is not Available',1,'2013-02-15 09:41:33',NULL,'0000-00-00 00:00:00'),(1469,'id','Nomor Taksi tidak Tersedia',1,'2013-02-15 09:41:33',NULL,'0000-00-00 00:00:00'),(1470,'en','Transaction Number',1,'2013-02-15 09:41:59',NULL,'0000-00-00 00:00:00'),(1470,'id','Nomor Transaksi',1,'2013-02-15 09:41:59',NULL,'0000-00-00 00:00:00'),(1471,'en','Max Photo Upload',1,'2013-02-15 09:42:52',NULL,'0000-00-00 00:00:00'),(1471,'id','Maks Unggah Foto',1,'2013-02-15 09:42:52',NULL,'0000-00-00 00:00:00'),(1472,'en','Set As Driver',1,'2013-02-15 09:43:49',NULL,'0000-00-00 00:00:00'),(1472,'id','Set Sebagai Supir',1,'2013-02-15 09:43:49',NULL,'0000-00-00 00:00:00'),(1473,'en','Functional Position',1,'2013-02-15 09:44:09',NULL,'0000-00-00 00:00:00'),(1473,'id','Jabatan Fungsional',1,'2013-02-15 09:44:09',NULL,'0000-00-00 00:00:00'),(1474,'en','User',1,'2013-02-15 09:46:11',NULL,'0000-00-00 00:00:00'),(1474,'id','Pengguna',1,'2013-02-15 09:46:11',NULL,'0000-00-00 00:00:00'),(1475,'en','Call Number',1,'2013-02-15 09:46:39',NULL,'0000-00-00 00:00:00'),(1475,'id','Nomor Taksi',1,'2013-02-15 09:46:39',NULL,'0000-00-00 00:00:00'),(1476,'en','Varian Type',1,'2013-02-15 09:48:38',NULL,'0000-00-00 00:00:00'),(1476,'id','Jenis Varian',1,'2013-02-15 09:48:38',NULL,'0000-00-00 00:00:00'),(1477,'en','Vehicle Type',1,'2013-02-15 09:48:56',NULL,'0000-00-00 00:00:00'),(1477,'id','Jenis Kendaraan',1,'2013-02-15 09:48:56',NULL,'0000-00-00 00:00:00'),(1478,'en','Assembly Year',1,'2013-02-15 09:49:23',NULL,'0000-00-00 00:00:00'),(1478,'id','Tahun Pembuatan',1,'2013-02-15 09:49:23',NULL,'0000-00-00 00:00:00'),(1479,'en','Color',1,'2013-02-15 09:49:46',NULL,'0000-00-00 00:00:00'),(1479,'id','Warna',1,'2013-02-15 09:49:46',NULL,'0000-00-00 00:00:00'),(1480,'en','Plat Number',1,'2013-02-15 09:50:10',NULL,'0000-00-00 00:00:00'),(1480,'id','Nomor Plat',1,'2013-02-15 09:50:10',NULL,'0000-00-00 00:00:00'),(1481,'en','Taxi Vehicle',1,'2013-02-15 09:50:38',NULL,'0000-00-00 00:00:00'),(1481,'id','Kendaraan Taksi',1,'2013-02-15 09:50:38',NULL,'0000-00-00 00:00:00'),(1482,'en','Plate Number',1,'2013-02-15 09:50:56',NULL,'0000-00-00 00:00:00'),(1482,'id','Nomor Plat',1,'2013-02-15 09:50:56',NULL,'0000-00-00 00:00:00'),(1483,'en','Taxi Pool',1,'2013-02-15 09:51:17',NULL,'0000-00-00 00:00:00'),(1483,'id','Pool Taksi',1,'2013-02-15 09:51:17',NULL,'0000-00-00 00:00:00'),(1484,'en','Registration Info',1,'2013-02-15 09:51:43',NULL,'0000-00-00 00:00:00'),(1484,'id','Informasi Registrasi',1,'2013-02-15 09:51:43',NULL,'0000-00-00 00:00:00'),(1485,'en','Owner Name',1,'2013-02-15 09:51:59',NULL,'0000-00-00 00:00:00'),(1485,'id','Nama Pemilik',1,'2013-02-15 09:51:59',NULL,'0000-00-00 00:00:00'),(1486,'en','Owner Address',1,'2013-02-15 09:52:14',NULL,'0000-00-00 00:00:00'),(1486,'id','Alamat Pemilik',1,'2013-02-15 09:52:14',NULL,'0000-00-00 00:00:00'),(1487,'en','Chassis Number',1,'2013-02-15 09:52:35',NULL,'0000-00-00 00:00:00'),(1487,'id','Nomor Rangka',1,'2013-02-15 09:52:35',NULL,'0000-00-00 00:00:00'),(1488,'en','Machine Number',1,'2013-02-15 09:52:50',NULL,'0000-00-00 00:00:00'),(1488,'id','Nomor Mesin',1,'2013-02-15 09:52:50',NULL,'0000-00-00 00:00:00'),(1489,'en','Fuel Type',1,'2013-02-15 09:53:07',NULL,'0000-00-00 00:00:00'),(1489,'id','Jenis Bahan Bakar',1,'2013-02-15 09:53:07',NULL,'0000-00-00 00:00:00'),(1490,'en','Plate Color Type',1,'2013-02-15 09:53:34',NULL,'0000-00-00 00:00:00'),(1490,'id','Warna TNKB / Plat',1,'2013-02-15 09:53:34',NULL,'0000-00-00 00:00:00'),(1491,'en','BPKB Number',1,'2013-02-15 09:53:55',NULL,'0000-00-00 00:00:00'),(1491,'id','Nomor BPKB',1,'2013-02-15 09:53:55',NULL,'0000-00-00 00:00:00'),(1492,'en','Dealer',1,'2013-02-15 09:54:12',NULL,'0000-00-00 00:00:00'),(1492,'id','Dealer',1,'2013-02-15 09:54:12',NULL,'0000-00-00 00:00:00'),(1493,'en','Purchase Date',1,'2013-02-15 09:54:28',NULL,'0000-00-00 00:00:00'),(1493,'id','Tanggal Pembelian',1,'2013-02-15 09:54:28',NULL,'0000-00-00 00:00:00'),(1494,'en','Owned Status',1,'2013-02-15 09:54:57',NULL,'0000-00-00 00:00:00'),(1494,'id','Status Kepemilikan',1,'2013-02-15 09:54:58',NULL,'0000-00-00 00:00:00'),(1495,'en','Specification',1,'2013-02-15 09:55:19',NULL,'0000-00-00 00:00:00'),(1495,'id','Spesifikasi',1,'2013-02-15 09:55:19',NULL,'0000-00-00 00:00:00'),(1496,'en','Remark',1,'2013-02-15 09:55:32',NULL,'0000-00-00 00:00:00'),(1496,'id','Keterangan',1,'2013-02-15 09:55:32',NULL,'0000-00-00 00:00:00'),(1497,'en','Varian',1,'2013-02-15 09:55:59',NULL,'0000-00-00 00:00:00'),(1497,'id','Varian',1,'2013-02-15 09:55:59',NULL,'0000-00-00 00:00:00'),(1498,'en','Birth Place',1,'2013-02-15 09:58:51',NULL,'0000-00-00 00:00:00'),(1498,'id','Tempat Lahir',1,'2013-02-15 09:58:51',NULL,'0000-00-00 00:00:00'),(1499,'en','Customer',1,'2013-02-15 09:59:40',NULL,'0000-00-00 00:00:00'),(1499,'id','Pelanggan',1,'2013-02-15 09:59:40',NULL,'0000-00-00 00:00:00'),(1500,'en','Detail Station',1,'2013-02-18 08:40:13',NULL,'0000-00-00 00:00:00'),(1500,'id','Detil Pangkalan',1,'2013-02-18 08:40:13',NULL,'0000-00-00 00:00:00'),(1501,'en','Work Unit',1,'2013-02-22 09:25:18',NULL,'0000-00-00 00:00:00'),(1501,'id','Satuan Kerja',1,'2013-02-22 09:25:18',NULL,'0000-00-00 00:00:00'),(1502,'en','Driver',1,'2016-11-23 20:59:34',NULL,'0000-00-00 00:00:00'),(1502,'id','Pengemudi',1,'2016-11-23 20:59:34',NULL,'0000-00-00 00:00:00'),(1503,'en','Purchase Price',1,'2013-02-22 09:26:46',NULL,'0000-00-00 00:00:00'),(1503,'id','Harga Pembelian',1,'2013-02-22 09:26:46',NULL,'0000-00-00 00:00:00'),(1504,'en','Vehicle',1,'2013-02-22 09:31:14',NULL,'0000-00-00 00:00:00'),(1504,'id','Kendaraan',1,'2013-02-22 09:31:14',NULL,'0000-00-00 00:00:00'),(1505,'en','Driver Car',1,'2013-02-22 09:31:38',NULL,'0000-00-00 00:00:00'),(1505,'id','Supir Kendaraan',1,'2013-02-22 09:31:38',NULL,'0000-00-00 00:00:00'),(1506,'en','Report Type',1,'2013-03-04 09:13:01',NULL,'0000-00-00 00:00:00'),(1506,'id','Jenis Laporan',1,'2013-03-04 09:13:01',NULL,'0000-00-00 00:00:00'),(1507,'en','Process',1,'2013-03-04 09:13:15',NULL,'0000-00-00 00:00:00'),(1507,'id','Proses',1,'2013-03-04 09:13:15',NULL,'0000-00-00 00:00:00'),(1508,'en','Check All',1,'2013-03-05 10:09:33',NULL,'0000-00-00 00:00:00'),(1508,'id','Cek Semua',1,'2013-03-05 10:09:33',NULL,'0000-00-00 00:00:00'),(1509,'en','Uncheck All',1,'2013-03-05 10:10:22',NULL,'0000-00-00 00:00:00'),(1509,'id','Un Cek Semua',1,'2013-03-05 10:10:22',NULL,'0000-00-00 00:00:00'),(1510,'en','Statistic',1,'2013-03-05 11:14:12',NULL,'0000-00-00 00:00:00'),(1510,'id','Statistik',1,'2013-03-05 11:14:12',NULL,'0000-00-00 00:00:00'),(1511,'en','Graph',1,'2013-03-05 11:14:23',NULL,'0000-00-00 00:00:00'),(1511,'id','Grafik',1,'2013-03-05 11:14:23',NULL,'0000-00-00 00:00:00'),(1512,'en','Summary',1,'2013-03-05 11:14:33',NULL,'0000-00-00 00:00:00'),(1512,'id','Rekap',1,'2013-03-05 11:14:33',NULL,'0000-00-00 00:00:00'),(1513,'en','Employee Category',1,'2013-03-05 11:41:38',NULL,'0000-00-00 00:00:00'),(1513,'id','Kategori Pegawai',1,'2013-03-05 11:41:38',NULL,'0000-00-00 00:00:00'),(1514,'en','Staff',1,'2013-03-05 11:41:47',NULL,'0000-00-00 00:00:00'),(1514,'id','Staff',1,'2013-03-05 11:41:47',NULL,'0000-00-00 00:00:00'),(1515,'en','Parameter',1,'2013-03-05 11:42:36',NULL,'0000-00-00 00:00:00'),(1515,'id','Parameter',1,'2013-03-05 11:42:36',NULL,'0000-00-00 00:00:00'),(1516,'en','Total Manpower',1,'2013-03-05 11:46:02',NULL,'0000-00-00 00:00:00'),(1516,'id','Total Manpower',1,'2013-03-05 11:46:02',NULL,'0000-00-00 00:00:00'),(1517,'en','Manpower',1,'2013-03-05 15:58:24',NULL,'0000-00-00 00:00:00'),(1517,'id','Manpower',1,'2013-03-05 15:58:24',NULL,'0000-00-00 00:00:00'),(1518,'en','Percent',1,'2013-03-05 15:59:04',NULL,'0000-00-00 00:00:00'),(1518,'id','Persen',1,'2013-03-05 15:59:04',NULL,'0000-00-00 00:00:00'),(1519,'en','Statictic Manpower',1,'2013-03-06 11:29:39',NULL,'0000-00-00 00:00:00'),(1519,'id','Statistik Tenaga Kerja',1,'2013-03-06 11:29:39',NULL,'0000-00-00 00:00:00'),(1520,'en','Realized',1,'2013-03-06 13:55:45',NULL,'0000-00-00 00:00:00'),(1520,'id','Terealisasi',1,'2013-03-06 13:55:45',NULL,'0000-00-00 00:00:00'),(1521,'en','Phone Number',1,'2013-03-06 13:56:30',NULL,'0000-00-00 00:00:00'),(1521,'id','Nomor Telp / HP',1,'2013-03-06 13:56:30',NULL,'0000-00-00 00:00:00'),(1522,'en','Age',1,'2013-03-06 14:01:36',NULL,'0000-00-00 00:00:00'),(1522,'id','Usia',1,'2013-03-06 14:01:36',NULL,'0000-00-00 00:00:00'),(1523,'en','Birthday',1,'2013-03-06 14:02:06',NULL,'0000-00-00 00:00:00'),(1523,'id','Tempat Tanggal Lahir',1,'2013-03-06 14:02:06',NULL,'0000-00-00 00:00:00'),(1524,'en','Training',1,'2013-03-06 14:02:23',NULL,'0000-00-00 00:00:00'),(1524,'id','Pelatihan',1,'2013-03-06 14:02:23',NULL,'0000-00-00 00:00:00'),(1525,'en','Quit',1,'2013-03-06 14:02:38',NULL,'0000-00-00 00:00:00'),(1525,'id','Keluar',1,'2013-03-06 14:02:38',NULL,'0000-00-00 00:00:00'),(1526,'en','License',1,'2013-03-06 14:03:57',NULL,'0000-00-00 00:00:00'),(1526,'id','SIM',1,'2013-03-06 14:03:57',NULL,'0000-00-00 00:00:00'),(1527,'en','As A Driver',1,'2013-03-06 14:05:40',NULL,'0000-00-00 00:00:00'),(1527,'id','Sebagai Supir',1,'2013-03-06 14:05:40',NULL,'0000-00-00 00:00:00'),(1528,'en','Module',1,'2013-03-06 14:14:19',NULL,'0000-00-00 00:00:00'),(1528,'id','Modul',1,'2013-03-06 14:14:19',NULL,'0000-00-00 00:00:00'),(1529,'en','EN',1,'2013-03-06 14:14:35',NULL,'0000-00-00 00:00:00'),(1529,'id','EN',1,'2013-03-06 14:14:35',NULL,'0000-00-00 00:00:00'),(1530,'en','ID',1,'2013-03-06 14:14:42',NULL,'0000-00-00 00:00:00'),(1530,'id','ID',1,'2013-03-06 14:14:42',NULL,'0000-00-00 00:00:00'),(1531,'en','Vehicle Total',1,'2013-03-07 13:57:21',NULL,'0000-00-00 00:00:00'),(1531,'id','Total Kendaraan',1,'2013-03-07 13:57:21',NULL,'0000-00-00 00:00:00'),(1532,'en','Owner',1,'2013-03-08 09:28:32',NULL,'0000-00-00 00:00:00'),(1532,'id','Pemilik',1,'2013-03-08 09:28:32',NULL,'0000-00-00 00:00:00'),(1533,'en','Pool',1,'2013-03-08 09:29:07',NULL,'0000-00-00 00:00:00'),(1533,'id','Pool',1,'2013-03-08 09:29:07',NULL,'0000-00-00 00:00:00'),(1534,'en','Transaction Number',1,'2013-03-08 09:29:39',NULL,'0000-00-00 00:00:00'),(1534,'id','Nomor Transaksi',1,'2013-03-08 09:29:39',NULL,'0000-00-00 00:00:00'),(1535,'en','0 s/d 16',1,'2013-03-08 15:15:44',NULL,'0000-00-00 00:00:00'),(1535,'id','0 s/d 16',1,'2013-03-08 15:15:44',NULL,'0000-00-00 00:00:00'),(1536,'en','17 s/d 24',1,'2013-03-08 15:16:04',NULL,'0000-00-00 00:00:00'),(1536,'id','17 s/d 24',1,'2013-03-08 15:16:04',NULL,'0000-00-00 00:00:00'),(1537,'en','25 s/d 35',1,'2013-03-08 15:16:22',NULL,'0000-00-00 00:00:00'),(1537,'id','25 s/d 35',1,'2013-03-08 15:16:22',NULL,'0000-00-00 00:00:00'),(1538,'en','36 s/d 46',1,'2013-03-08 15:16:45',NULL,'0000-00-00 00:00:00'),(1538,'id','36 s/d 46',1,'2013-03-08 15:16:45',NULL,'0000-00-00 00:00:00'),(1539,'en','55 - Above',1,'2013-03-08 15:17:10',NULL,'0000-00-00 00:00:00'),(1539,'id','55 - Keatas',1,'2013-03-08 15:17:10',NULL,'0000-00-00 00:00:00'),(1540,'en','Total Customer',1,'2013-03-08 15:18:07',NULL,'0000-00-00 00:00:00'),(1540,'id','Total Pelanggan',1,'2013-03-08 15:18:07',NULL,'0000-00-00 00:00:00'),(1541,'en','47 s/d 54',1,'2013-03-08 15:50:11',NULL,'0000-00-00 00:00:00'),(1541,'id','47 s/d 54',1,'2013-03-08 15:50:11',NULL,'0000-00-00 00:00:00'),(1542,'en','Print',1,'2013-03-11 09:12:40',NULL,'0000-00-00 00:00:00'),(1542,'id','Cetak',1,'2013-03-11 09:12:40',NULL,'0000-00-00 00:00:00'),(1543,'en','Employee Report',1,'2013-03-11 09:43:32',NULL,'0000-00-00 00:00:00'),(1543,'id','Laporan Induk Pegawai',1,'2013-03-11 09:43:32',NULL,'0000-00-00 00:00:00'),(1544,'en','Vehicle Report',1,'2013-03-11 11:13:17',NULL,'0000-00-00 00:00:00'),(1544,'id','Laporan Kendaraan Taxi',1,'2013-03-11 11:13:17',NULL,'0000-00-00 00:00:00'),(1545,'en','Customer Report',1,'2013-03-11 14:04:16',NULL,'0000-00-00 00:00:00'),(1545,'id','Laporan Pelanggan',1,'2013-03-11 14:04:16',NULL,'0000-00-00 00:00:00'),(1546,'en','Customer Name',1,'2013-03-11 14:08:05',NULL,'0000-00-00 00:00:00'),(1546,'id','Nama Pelanggan',1,'2013-03-11 14:08:05',NULL,'0000-00-00 00:00:00'),(1547,'en','Driver Report',1,'2013-03-11 14:45:08',NULL,'0000-00-00 00:00:00'),(1547,'id','Laporan Pengemudi',1,'2013-03-11 14:45:08',NULL,'0000-00-00 00:00:00'),(1548,'en','Employee Demograph',1,'2013-03-13 08:41:32',NULL,'0000-00-00 00:00:00'),(1548,'id','Laporan Demografi Pegawai',1,'2013-03-13 08:41:32',NULL,'0000-00-00 00:00:00'),(1549,'en','Employee Demograph Report',1,'2013-03-13 12:09:26',NULL,'0000-00-00 00:00:00'),(1549,'id','Laporan Demografi Pegawai',1,'2013-03-13 12:09:26',NULL,'0000-00-00 00:00:00'),(1550,'en','Reservation Report',1,'2013-03-22 15:13:29',NULL,'0000-00-00 00:00:00'),(1550,'id','Laporan Pemesanan',1,'2013-03-22 15:13:29',NULL,'0000-00-00 00:00:00'),(1551,'en','Vehicle Demograph',1,'2013-03-25 09:53:31',NULL,'0000-00-00 00:00:00'),(1551,'id','Demografi Kendaraan Taxi',1,'2013-03-25 09:53:31',NULL,'0000-00-00 00:00:00'),(1552,'en','Vehicle Demograph Report',1,'2013-03-25 10:56:26',NULL,'0000-00-00 00:00:00'),(1552,'id','Laporan Demografi Kendaraan Taxi',1,'2013-03-25 10:56:26',NULL,'0000-00-00 00:00:00'),(1553,'en','Customer Demograph',1,'2013-03-25 11:04:37',NULL,'0000-00-00 00:00:00'),(1553,'id','Demografi Pelanggan',1,'2013-03-25 11:04:37',NULL,'0000-00-00 00:00:00'),(1554,'en','Customer Demograph Report',1,'2013-03-25 11:04:58',NULL,'0000-00-00 00:00:00'),(1554,'id','Laporan Demografi Pelanggan',1,'2013-03-25 11:04:58',NULL,'0000-00-00 00:00:00'),(1555,'en','Taxi Driver',1,'2013-05-28 08:15:13',NULL,'0000-00-00 00:00:00'),(1555,'id','Supir Taksi',1,'2013-05-28 08:15:13',NULL,'0000-00-00 00:00:00'),(1556,'en','Get Taxi',1,'2013-05-29 11:01:36',NULL,'0000-00-00 00:00:00'),(1556,'id','Ambil Taxi',1,'2013-05-29 11:01:36',NULL,'0000-00-00 00:00:00'),(1557,'en','Canceled',1,'2013-05-30 08:15:25',NULL,'0000-00-00 00:00:00'),(1557,'id','Dibatalkan',1,'2013-05-30 08:15:25',NULL,'0000-00-00 00:00:00'),(1558,'en','Taxi',1,'2013-05-30 08:15:49',NULL,'0000-00-00 00:00:00'),(1558,'id','Taxi',1,'2013-05-30 08:15:49',NULL,'0000-00-00 00:00:00'),(1559,'en','Available Taxi',1,'2013-05-30 08:53:59',NULL,'0000-00-00 00:00:00'),(1559,'id','Taxi Tersedia',1,'2013-05-30 08:53:59',NULL,'0000-00-00 00:00:00'),(1560,'en','Successfully Insert Order Data',1,'2013-05-30 13:59:10',NULL,'0000-00-00 00:00:00'),(1560,'id','Berhasil Menyimpan Data Pemesanan',1,'2013-05-30 13:59:10',NULL,'0000-00-00 00:00:00'),(1561,'en','Pickup',1,'2013-05-31 08:35:55',NULL,'0000-00-00 00:00:00'),(1561,'id','Jemput',1,'2013-05-31 08:35:55',NULL,'0000-00-00 00:00:00'),(1562,'en','Taxi That Have Not Been Checked In',1,'2013-05-31 08:37:25',NULL,'0000-00-00 00:00:00'),(1562,'id','Taksi Yang Belum Melakukan Check In',1,'2013-05-31 08:37:25',NULL,'0000-00-00 00:00:00'),(1563,'en','Previous Day',1,'2013-05-31 08:40:05',NULL,'0000-00-00 00:00:00'),(1563,'id','Hari Sebelumnya',1,'2013-05-31 08:40:05',NULL,'0000-00-00 00:00:00'),(1564,'en','Next Day',1,'2013-05-31 08:54:42',NULL,'0000-00-00 00:00:00'),(1564,'id','Hari Selanjutnya',1,'2013-05-31 08:54:42',NULL,'0000-00-00 00:00:00'),(1565,'en','Order Info',1,'2013-05-31 10:42:39',NULL,'0000-00-00 00:00:00'),(1565,'id','Info Pemesanan',1,'2013-05-31 10:42:39',NULL,'0000-00-00 00:00:00'),(1566,'en','Cancel',1,'2013-05-31 10:43:08',NULL,'0000-00-00 00:00:00'),(1566,'id','Batalkan',1,'2013-05-31 10:43:09',NULL,'0000-00-00 00:00:00'),(1567,'en','Taxi Order',1,'2013-05-31 10:46:15',NULL,'0000-00-00 00:00:00'),(1567,'id','Pemesanan Taksi',1,'2013-05-31 10:46:15',NULL,'0000-00-00 00:00:00'),(1568,'en','Are You Sure Want To Cancel This',1,'2013-05-31 10:52:08',NULL,'0000-00-00 00:00:00'),(1568,'id','Apakah Anda Yakin Ingin Menghapus',1,'2013-05-31 10:52:08',NULL,'0000-00-00 00:00:00'),(1569,'en','Reminder',1,'2013-05-31 17:09:38',NULL,'0000-00-00 00:00:00'),(1569,'id','Pengingat',1,'2013-05-31 17:09:38',NULL,'0000-00-00 00:00:00'),(1570,'en','SMS',1,'2013-05-31 17:09:52',NULL,'0000-00-00 00:00:00'),(1570,'id','SMS',1,'2013-05-31 17:09:52',NULL,'0000-00-00 00:00:00'),(1571,'en','Vehicle Number',1,'2016-01-11 13:08:06',NULL,'0000-00-00 00:00:00'),(1571,'id','Nomor Lambung',1,'2016-01-11 13:08:06',NULL,'0000-00-00 00:00:00'),(1572,'en','Lane',1,'2016-01-11 13:08:19',NULL,'0000-00-00 00:00:00'),(1572,'id','Jalur',1,'2016-01-11 13:08:19',NULL,'0000-00-00 00:00:00'),(1573,'en','Device ID',1,'2016-01-11 13:08:47',NULL,'0000-00-00 00:00:00'),(1573,'id','ID Perangkat',1,'2016-01-11 13:08:47',NULL,'0000-00-00 00:00:00'),(1574,'en','No Lane',1,'2016-01-11 13:39:41',NULL,'0000-00-00 00:00:00'),(1574,'id','Tidak Ada Jalur',1,'2016-01-11 13:39:41',NULL,'0000-00-00 00:00:00'),(1575,'en','Radius',1,'2016-01-12 09:22:15',NULL,'0000-00-00 00:00:00'),(1575,'id','Radius',1,'2016-01-12 09:22:16',NULL,'0000-00-00 00:00:00'),(1576,'en','Internal Code',1,'2016-11-03 19:02:34',NULL,'0000-00-00 00:00:00'),(1576,'id','Kode Internal',1,'2016-11-03 19:02:34',NULL,'0000-00-00 00:00:00'),(1577,'en','Route',1,'2016-05-09 10:40:20',NULL,'0000-00-00 00:00:00'),(1577,'id','Jalur',1,'2016-05-09 10:40:20',NULL,'0000-00-00 00:00:00'),(1578,'en','Shelter',1,'2016-05-09 10:43:44',NULL,'0000-00-00 00:00:00'),(1578,'id','Halte',1,'2016-05-09 10:43:44',NULL,'0000-00-00 00:00:00'),(1579,'en','Route',1,'2016-05-09 10:44:17',NULL,'0000-00-00 00:00:00'),(1579,'id','Rute',1,'2016-05-09 10:44:17',NULL,'0000-00-00 00:00:00'),(1580,'en','Latitude',1,'2016-05-09 10:53:46',NULL,'0000-00-00 00:00:00'),(1580,'id','Latitude',1,'2016-05-09 10:53:46',NULL,'0000-00-00 00:00:00'),(1581,'en','Longitude',1,'2016-05-09 10:54:08',NULL,'0000-00-00 00:00:00'),(1581,'id','Longitude',1,'2016-05-09 10:54:08',NULL,'0000-00-00 00:00:00'),(1582,'en','Shelter',1,'2016-05-09 10:55:26',NULL,'0000-00-00 00:00:00'),(1582,'id','Halte',1,'2016-05-09 10:55:26',NULL,'0000-00-00 00:00:00'),(1583,'en','Shelter Type',1,'2016-05-09 11:07:58',NULL,'0000-00-00 00:00:00'),(1583,'id','Tipe Halte',1,'2016-05-09 11:07:58',NULL,'0000-00-00 00:00:00'),(1584,'en','Schedule',1,'2016-09-03 17:56:55',NULL,'0000-00-00 00:00:00'),(1584,'id','Jadwal',1,'2016-09-03 17:56:55',NULL,'0000-00-00 00:00:00'),(1585,'en','Origin',1,'2016-09-03 17:57:15',NULL,'0000-00-00 00:00:00'),(1585,'id','Asal',1,'2016-09-03 17:57:15',NULL,'0000-00-00 00:00:00'),(1586,'en','Schedule Departure',1,'2016-09-03 17:57:41',NULL,'0000-00-00 00:00:00'),(1586,'id','Jadwal Keberangkatan',1,'2016-09-03 17:57:41',NULL,'0000-00-00 00:00:00'),(1587,'en','Actual Departure',1,'2016-09-03 17:58:32',NULL,'0000-00-00 00:00:00'),(1587,'id','Keberangkatan',1,'2016-09-03 17:58:32',NULL,'0000-00-00 00:00:00'),(1588,'en','Schedule Arrival',1,'2016-09-03 17:59:20',NULL,'0000-00-00 00:00:00'),(1588,'id','Jadwal Kedatangan',1,'2016-09-03 17:59:20',NULL,'0000-00-00 00:00:00'),(1589,'en','Actual Arrival',1,'2016-09-03 17:59:37',NULL,'0000-00-00 00:00:00'),(1589,'id','Kedatangan',1,'2016-09-03 17:59:37',NULL,'0000-00-00 00:00:00'),(1590,'en','Average Speed',1,'2016-09-03 18:00:02',NULL,'0000-00-00 00:00:00'),(1590,'id','Kecepatan Rata-rata',1,'2016-09-03 18:00:02',NULL,'0000-00-00 00:00:00'),(1591,'en','Speed',1,'2016-09-03 18:00:17',NULL,'0000-00-00 00:00:00'),(1591,'id','Kecepatan',1,'2016-09-03 18:00:17',NULL,'0000-00-00 00:00:00'),(1592,'en','Altitude',1,'2016-09-03 18:01:12',NULL,'0000-00-00 00:00:00'),(1592,'id','Ketinggian',1,'2016-09-03 18:01:12',NULL,'0000-00-00 00:00:00'),(1593,'en','Trip',1,'2016-09-05 15:44:14',NULL,'0000-00-00 00:00:00'),(1593,'id','Perjalanan',1,'2016-09-05 15:44:14',NULL,'0000-00-00 00:00:00'),(1594,'en','Shelter Origin',1,'2016-09-14 13:50:49',NULL,'0000-00-00 00:00:00'),(1594,'id','Halte Asal',1,'2016-09-14 13:50:49',NULL,'0000-00-00 00:00:00'),(1595,'en','Shelter Arrival',1,'2016-09-14 13:51:16',NULL,'0000-00-00 00:00:00'),(1595,'id','Halte Tujuan',1,'2016-09-14 13:51:16',NULL,'0000-00-00 00:00:00'),(1596,'en','Schedule Departure',1,'2016-09-14 13:51:48',NULL,'0000-00-00 00:00:00'),(1596,'id','Jadwal Keberangkatan',1,'2016-09-14 13:51:48',NULL,'0000-00-00 00:00:00'),(1597,'en','Departure Actual',1,'2016-09-14 13:58:11',NULL,'0000-00-00 00:00:00'),(1597,'id','Keberangkatan ',1,'2016-09-14 13:58:11',NULL,'0000-00-00 00:00:00'),(1598,'en','Status Departure',1,'2016-09-14 13:58:30',NULL,'0000-00-00 00:00:00'),(1598,'id','Status Keberangkatan',1,'2016-09-14 13:58:30',NULL,'0000-00-00 00:00:00'),(1599,'en','Schedule Arrival',1,'2016-09-14 13:58:53',NULL,'0000-00-00 00:00:00'),(1599,'id','Jadwal Kedatangan',1,'2016-09-14 13:58:53',NULL,'0000-00-00 00:00:00'),(1600,'en','Arrival Actual',1,'2016-09-14 13:59:24',NULL,'0000-00-00 00:00:00'),(1600,'id','Kedatangan',1,'2016-09-14 13:59:24',NULL,'0000-00-00 00:00:00'),(1601,'en','Status Arrival',1,'2016-09-14 14:00:27',NULL,'0000-00-00 00:00:00'),(1601,'id','Status Kedatangan',1,'2016-09-14 14:00:27',NULL,'0000-00-00 00:00:00'),(1602,'en','Distance',1,'2016-09-14 14:01:05',NULL,'0000-00-00 00:00:00'),(1602,'id','Jarak',1,'2016-09-14 14:01:05',NULL,'0000-00-00 00:00:00'),(1603,'en','Mileage',1,'2016-09-14 14:01:46',NULL,'0000-00-00 00:00:00'),(1603,'id','Jarak Tempuh',1,'2016-09-14 14:01:46',NULL,'0000-00-00 00:00:00'),(1604,'en','Top 5 Driver Over Speed',1,'2016-09-14 14:03:17',NULL,'0000-00-00 00:00:00'),(1604,'id','Top 5 Pengendara Over Speed',1,'2016-09-14 14:03:17',NULL,'0000-00-00 00:00:00'),(1605,'en','Total Overspeed',1,'2016-09-14 14:03:38',NULL,'0000-00-00 00:00:00'),(1605,'id','Jumlah Overspeed',1,'2016-09-14 14:03:38',NULL,'0000-00-00 00:00:00'),(1606,'en','Maximum Speed',1,'2016-09-14 14:06:24',NULL,'0000-00-00 00:00:00'),(1606,'id','Kecepatan Tertinggi',1,'2016-09-14 14:06:24',NULL,'0000-00-00 00:00:00'),(1607,'en','Last update',1,'2016-09-14 14:04:42',NULL,'0000-00-00 00:00:00'),(1607,'id','Terakhir Diperbaharui',1,'2016-09-14 14:04:42',NULL,'0000-00-00 00:00:00'),(1608,'en','All Driver',1,'2016-09-14 14:05:06',NULL,'0000-00-00 00:00:00'),(1608,'id','Semua Pengendara',1,'2016-09-14 14:05:06',NULL,'0000-00-00 00:00:00'),(1609,'en','Speed Average',1,'2016-09-14 14:05:25',NULL,'0000-00-00 00:00:00'),(1609,'id','Kecepatan Rata-rata',1,'2016-09-14 14:05:25',NULL,'0000-00-00 00:00:00'),(1610,'en','Minimum Speed',1,'2016-09-14 14:06:08',NULL,'0000-00-00 00:00:00'),(1610,'id','Kecepetan Terendah',1,'2016-09-14 14:06:08',NULL,'0000-00-00 00:00:00'),(1611,'en','Ontime Departure ',1,'2016-09-14 14:07:20',NULL,'0000-00-00 00:00:00'),(1611,'id','Keberangkatan Tepat Waktu',1,'2016-09-14 14:07:20',NULL,'0000-00-00 00:00:00'),(1612,'en','Late Departure',1,'2016-09-14 14:08:02',NULL,'0000-00-00 00:00:00'),(1612,'id','Keberangkatan Terlambat',1,'2016-09-14 14:08:02',NULL,'0000-00-00 00:00:00'),(1613,'en','Armada',1,'2016-09-21 10:52:19',NULL,'0000-00-00 00:00:00'),(1613,'id','Armada',1,'2016-09-21 10:52:20',NULL,'0000-00-00 00:00:00'),(1614,'en','Headway',1,'2016-09-21 11:08:04',NULL,'0000-00-00 00:00:00'),(1614,'id','Headway',1,'2016-09-21 11:08:04',NULL,'0000-00-00 00:00:00'),(1615,'en','Registered Phone Number',1,'2016-11-03 18:57:48',NULL,'0000-00-00 00:00:00'),(1615,'id','Nomor Hp Terdaftar',1,'2016-11-03 18:57:48',NULL,'0000-00-00 00:00:00'),(1616,'en','Device',1,'2016-11-23 17:11:07',NULL,'0000-00-00 00:00:00'),(1616,'id','Perangkat',1,'2016-11-23 17:11:07',NULL,'0000-00-00 00:00:00'),(1617,'en','Id Number',1,'2016-11-03 18:58:41',NULL,'0000-00-00 00:00:00'),(1617,'id','Nomor Id',1,'2016-11-03 18:58:41',NULL,'0000-00-00 00:00:00'),(1618,'en','Driving Licensi Number',1,'2016-11-03 18:59:03',NULL,'0000-00-00 00:00:00'),(1618,'id','Surat Ijin Mengemudi',1,'2016-11-03 18:59:03',NULL,'0000-00-00 00:00:00'),(1619,'en','Emergency Phone Number',1,'2016-11-03 18:59:32',NULL,'0000-00-00 00:00:00'),(1619,'id','No Hp Darurat',1,'2016-11-03 18:59:32',NULL,'0000-00-00 00:00:00'),(1620,'en','Register Timestamp',1,'2016-11-03 18:59:59',NULL,'0000-00-00 00:00:00'),(1620,'id','Waktu Pendaftaran',1,'2016-11-03 18:59:59',NULL,'0000-00-00 00:00:00'),(1621,'en','Vehicle Brand',1,'2016-11-23 11:13:22',NULL,'0000-00-00 00:00:00'),(1621,'id','Merk Kendaraan',1,'2016-11-23 11:13:22',NULL,'0000-00-00 00:00:00'),(1622,'en','Vehicle Variants',1,'2016-11-23 11:14:39',NULL,'0000-00-00 00:00:00'),(1622,'id','Varian Kendaraan',1,'2016-11-23 11:14:39',NULL,'0000-00-00 00:00:00'),(1623,'en','Vehicle Type',1,'2016-11-23 11:26:14',NULL,'0000-00-00 00:00:00'),(1623,'id','Tipe Kendaraan',1,'2016-11-23 11:26:14',NULL,'0000-00-00 00:00:00'),(1624,'en','Assembly Year',1,'2016-11-23 11:29:59',NULL,'0000-00-00 00:00:00'),(1624,'id','Tahun Pembuatan',1,'2016-11-23 11:29:59',NULL,'0000-00-00 00:00:00'),(1625,'en','Chassis Number',1,'2016-11-23 11:29:39',NULL,'0000-00-00 00:00:00'),(1625,'id','Nomor Rangka',1,'2016-11-23 11:29:39',NULL,'0000-00-00 00:00:00'),(1626,'en','Machine Number',1,'2016-11-23 11:30:27',NULL,'0000-00-00 00:00:00'),(1626,'id','Nomor Mesin',1,'2016-11-23 11:30:27',NULL,'0000-00-00 00:00:00'),(1627,'en','Fuel Type',1,'2016-11-23 11:30:56',NULL,'0000-00-00 00:00:00'),(1627,'id','Jenis Bahan Bakar',1,'2016-11-23 11:30:56',NULL,'0000-00-00 00:00:00'),(1628,'en','Vehicle Plat Number Color',1,'2016-11-23 11:47:28',NULL,'0000-00-00 00:00:00'),(1628,'id','Warna Plat Kendaraan',1,'2016-11-23 11:47:28',NULL,'0000-00-00 00:00:00'),(1629,'en','BPKB Number',1,'2016-11-23 11:31:50',NULL,'0000-00-00 00:00:00'),(1629,'id','Nomor BPKB',1,'2016-11-23 11:31:50',NULL,'0000-00-00 00:00:00'),(1630,'en','Vehicle Registration Cards Exp Date',1,'2017-03-15 08:31:17',NULL,'0000-00-00 00:00:00'),(1630,'id','Tanggal Akhir Berlaku STNK',1,'2017-03-15 08:31:17',NULL,'0000-00-00 00:00:00'),(1631,'en','Vehicle Dealer',1,'2016-11-23 11:41:40',NULL,'0000-00-00 00:00:00'),(1631,'id','Nama Dealer',1,'2016-11-23 11:41:40',NULL,'0000-00-00 00:00:00'),(1632,'en','Currency',1,'2016-11-23 11:42:19',NULL,'0000-00-00 00:00:00'),(1632,'id','Mata Uang Pembelian',1,'2016-11-23 11:42:19',NULL,'0000-00-00 00:00:00'),(1633,'en','Price',1,'2016-11-23 11:42:35',NULL,'0000-00-00 00:00:00'),(1633,'id','Harga',1,'2016-11-23 11:42:35',NULL,'0000-00-00 00:00:00'),(1634,'en','Purchase Date',1,'2016-11-23 11:42:59',NULL,'0000-00-00 00:00:00'),(1634,'id','Tanggal Pembelian',1,'2016-11-23 11:42:59',NULL,'0000-00-00 00:00:00'),(1635,'en','Own Status',1,'2016-11-23 11:43:24',NULL,'0000-00-00 00:00:00'),(1635,'id','Status Kepemilikan',1,'2016-11-23 11:43:24',NULL,'0000-00-00 00:00:00'),(1636,'en','Vehicle Condition',1,'2016-11-23 11:43:53',NULL,'0000-00-00 00:00:00'),(1636,'id','Kondisi Kendaraan',1,'2016-11-23 11:43:53',NULL,'0000-00-00 00:00:00'),(1637,'en','Vehicle Specification',1,'2016-11-23 11:44:24',NULL,'0000-00-00 00:00:00'),(1637,'id','Spesifikasi Kendaraan',1,'2016-11-23 11:44:24',NULL,'0000-00-00 00:00:00'),(1638,'en','Vehicle Photo',1,'2016-11-23 11:44:48',NULL,'0000-00-00 00:00:00'),(1638,'id','Foto Kendaraan',1,'2016-11-23 11:44:48',NULL,'0000-00-00 00:00:00'),(1639,'en','Vehicle Status',1,'2016-11-23 11:45:38',NULL,'0000-00-00 00:00:00'),(1639,'id','Status Kendaraan',1,'2016-11-23 11:45:38',NULL,'0000-00-00 00:00:00'),(1640,'en','Vehicle Description',1,'2016-11-23 11:46:06',NULL,'0000-00-00 00:00:00'),(1640,'id','Deskripsi Kendaraan',1,'2016-11-23 11:46:06',NULL,'0000-00-00 00:00:00'),(1641,'en','Vehicle Color',1,'2016-11-23 11:48:01',NULL,'0000-00-00 00:00:00'),(1641,'id','Warna Kendaraan',1,'2016-11-23 11:48:01',NULL,'0000-00-00 00:00:00'),(1642,'en','IMEI',1,'2016-11-23 16:53:07',NULL,'0000-00-00 00:00:00'),(1642,'id','IMEI',1,'2016-11-23 16:53:07',NULL,'0000-00-00 00:00:00'),(1643,'en','GSM Number',1,'2017-04-11 16:38:46',NULL,'0000-00-00 00:00:00'),(1643,'id','Nomor GSM',1,'2017-04-11 16:38:46',NULL,'0000-00-00 00:00:00'),(1644,'en','Provider',1,'2016-11-23 16:58:53',NULL,'0000-00-00 00:00:00'),(1644,'id','Provider',1,'2016-11-23 16:58:53',NULL,'0000-00-00 00:00:00'),(1645,'en','Device',1,'2016-11-23 17:12:41',NULL,'0000-00-00 00:00:00'),(1645,'id','Perangkat',1,'2016-11-23 17:12:41',NULL,'0000-00-00 00:00:00'),(1646,'en','Line',1,'2016-11-23 20:00:41',NULL,'0000-00-00 00:00:00'),(1646,'id','Trayek',1,'2016-11-23 20:00:41',NULL,'0000-00-00 00:00:00'),(1647,'en','Operational Start Time',1,'2016-11-23 20:01:26',NULL,'0000-00-00 00:00:00'),(1647,'id','Jam Mulai Operasional',1,'2016-11-23 20:01:26',NULL,'0000-00-00 00:00:00'),(1648,'en','Operational End Time',1,'2016-11-23 20:02:15',NULL,'0000-00-00 00:00:00'),(1648,'id','Jam Operasional Selesai',1,'2016-11-23 20:02:15',NULL,'0000-00-00 00:00:00'),(1649,'en','Driver Internal Code',1,'2016-11-23 20:04:13',NULL,'0000-00-00 00:00:00'),(1649,'id','Kode Internal Pengemudi',1,'2016-11-23 20:04:13',NULL,'0000-00-00 00:00:00'),(1650,'en','Broadcast',1,'2016-11-23 20:21:52',NULL,'0000-00-00 00:00:00'),(1650,'id','Broadcast',1,'2016-11-23 20:21:52',NULL,'0000-00-00 00:00:00'),(1651,'en','Driver',1,'2016-11-23 21:01:55',NULL,'0000-00-00 00:00:00'),(1651,'id','Pengemudi',1,'2016-11-23 21:01:55',NULL,'0000-00-00 00:00:00'),(1652,'en','Automatic by System',1,'2016-11-23 21:03:02',NULL,'0000-00-00 00:00:00'),(1652,'id','Otomatis oleh Sistem',1,'2016-11-23 21:03:02',NULL,'0000-00-00 00:00:00'),(1653,'en','Ritase',1,'2016-11-23 21:15:35',NULL,'0000-00-00 00:00:00'),(1653,'id','Ritase',1,'2016-11-23 21:15:35',NULL,'0000-00-00 00:00:00'),(1654,'en','Total Overspeed',1,'2016-11-24 08:42:54',NULL,'0000-00-00 00:00:00'),(1654,'id','Jumlah Overspeed',1,'2016-11-24 08:42:54',NULL,'0000-00-00 00:00:00'),(1655,'en','Feedback',1,'2016-11-28 15:30:39',NULL,'0000-00-00 00:00:00'),(1655,'id','Feedback',1,'2016-11-28 15:30:39',NULL,'0000-00-00 00:00:00'),(1656,'en','Feedback',1,'2016-11-28 15:31:13',NULL,'0000-00-00 00:00:00'),(1656,'id','Feedback',1,'2016-11-28 15:31:13',NULL,'0000-00-00 00:00:00'),(1657,'en','Show Lane',1,'2017-01-31 10:57:01',NULL,'0000-00-00 00:00:00'),(1657,'id','Tampilkan Rute',1,'2017-01-31 10:57:01',NULL,'0000-00-00 00:00:00'),(1658,'en','IMEI already exist',1,'2017-02-16 09:45:25',NULL,'0000-00-00 00:00:00'),(1658,'id','IMEI sudah ada',1,'2017-02-16 09:45:25',NULL,'0000-00-00 00:00:00'),(1659,'en','Device Name',1,'2017-03-01 16:25:39',NULL,'0000-00-00 00:00:00'),(1659,'id','Nama Perangkat',1,'2017-03-01 16:25:39',NULL,'0000-00-00 00:00:00'),(1660,'en','Are you sure you want to delete route line on the map?',1,'2017-03-14 11:28:41',NULL,'0000-00-00 00:00:00'),(1660,'id','Apakah Anda yakin ingin menghapus garis rute di peta?',1,'2017-03-14 11:28:41',NULL,'0000-00-00 00:00:00'),(1661,'en','Delete Last Point',1,'2017-03-14 11:32:42',NULL,'0000-00-00 00:00:00'),(1661,'id','Hapus Titik Terakhir',1,'2017-03-14 11:32:42',NULL,'0000-00-00 00:00:00'),(1662,'en','Confirmation',1,'2017-03-14 14:44:58',NULL,'0000-00-00 00:00:00'),(1662,'id','Konfirmasi Simpan Data',1,'2017-03-14 14:44:58',NULL,'0000-00-00 00:00:00'),(1663,'en','Are you sure you want to save the data?',1,'2017-03-14 14:45:19',NULL,'0000-00-00 00:00:00'),(1663,'id','Apakah Anda yakin ingin menyimpan data?',1,'2017-03-14 14:45:19',NULL,'0000-00-00 00:00:00'),(1664,'en','Vehicle Location Last Update (< 5 minutes ago)',1,'2017-04-11 16:32:12',NULL,'0000-00-00 00:00:00'),(1664,'id','Detail Update Terakhir Lokasi Armada ( < 5 menit yang lalu)',1,'2017-04-11 16:32:12',NULL,'0000-00-00 00:00:00'),(1665,'en','Vehicle Location Last Update (< 5 minutes up to 1 hour ago)',1,'2017-04-11 16:34:18',NULL,'0000-00-00 00:00:00'),(1665,'id','Detail Update GPS Armada ( < 5 menit s.d. 1 jam yang lalu)',1,'2017-04-11 16:34:18',NULL,'0000-00-00 00:00:00'),(1666,'en','Vehicle Location Last Update (1 hour up to 24 hours ago)',1,'2017-04-11 16:32:59',NULL,'0000-00-00 00:00:00'),(1666,'id','Detail Update Terakhir Lokasi Armada ( 1 s.d. 24 jam yang lalu)',1,'2017-04-11 16:32:59',NULL,'0000-00-00 00:00:00'),(1667,'en','Vehicle Location Last Update (> 24 hours ago)',1,'2017-04-11 16:39:40',NULL,'0000-00-00 00:00:00'),(1667,'id','Detail Update Terakhir Lokasi Armada ( > 24 jam yang lalu)',1,'2017-04-11 16:39:40',NULL,'0000-00-00 00:00:00'),(1668,'en','Device IMEI',1,'2017-04-11 16:35:17',NULL,'0000-00-00 00:00:00'),(1668,'id','IMEI Perangkat',1,'2017-04-11 16:35:17',NULL,'0000-00-00 00:00:00'),(1669,'en','GSM Number',1,'2017-04-11 16:37:32',NULL,'0000-00-00 00:00:00'),(1669,'id','Nomor GSM',1,'2017-04-11 16:37:32',NULL,'0000-00-00 00:00:00'),(1670,'en','Device Name',1,'2017-04-11 16:38:11',NULL,'0000-00-00 00:00:00'),(1670,'id','Nama Perangkat',1,'2017-04-11 16:38:11',NULL,'0000-00-00 00:00:00'),(1671,'en','Click for Detail',1,'2017-04-11 16:44:06',NULL,'0000-00-00 00:00:00'),(1671,'id','Klik untuk Melihat Detail',1,'2017-04-11 16:44:06',NULL,'0000-00-00 00:00:00');

/*Table structure for table `gtfw_lang` */


CREATE TABLE `gtfw_lang` (
  `lang_code` varchar(5) NOT NULL,
  `lang_name` varchar(50) DEFAULT NULL,
  `lang_icon_path` varchar(255) DEFAULT NULL,
  `lang_desc` text,
  `insert_user_id` bigint(20) DEFAULT NULL,
  `insert_timestamp` datetime DEFAULT '0000-00-00 00:00:00',
  `update_user_id` bigint(20) DEFAULT NULL,
  `update_timestamp` datetime DEFAULT '0000-00-00 00:00:00',
  PRIMARY KEY (`lang_code`)
) ENGINE=InnoDB DEFAULT CHARSET=latin1;

/*Data for the table `gtfw_lang` */

insert  into `gtfw_lang`(`lang_code`,`lang_name`,`lang_icon_path`,`lang_desc`,`insert_user_id`,`insert_timestamp`,`update_user_id`,`update_timestamp`) values ('en','English',NULL,NULL,NULL,'0000-00-00 00:00:00',NULL,'0000-00-00 00:00:00'),('id','Indonesian',NULL,NULL,NULL,'0000-00-00 00:00:00',NULL,'0000-00-00 00:00:00');

/*Table structure for table `gtfw_logs` */


CREATE TABLE `gtfw_logs` (
  `logs_id` bigint(20) NOT NULL AUTO_INCREMENT,
  `logs_action` varchar(50) NOT NULL,
  `logs_timestamp` timestamp NOT NULL DEFAULT CURRENT_TIMESTAMP ON UPDATE CURRENT_TIMESTAMP,
  `logs_old_value` text,
  `logs_new_value` text,
  `logs_user_id` bigint(20) NOT NULL,
  PRIMARY KEY (`logs_id`)
) ENGINE=MyISAM AUTO_INCREMENT=6 DEFAULT CHARSET=latin1;

/*Data for the table `gtfw_logs` */

/*Table structure for table `gtfw_menu` */


CREATE TABLE `gtfw_menu` (
  `menu_id` bigint(20) NOT NULL AUTO_INCREMENT,
  `menu_parent_id` bigint(20) DEFAULT NULL COMMENT 'refer to gtfw_menu.menu_id (parent)',
  `menu_desc` text,
  `menu_is_show` enum('Yes','No') DEFAULT NULL,
  `menu_icon_large` varchar(255) DEFAULT NULL,
  `menu_icon_path` varchar(255) DEFAULT NULL,
  `menu_icon_small` varchar(255) DEFAULT NULL,
  `menu_menu_order` int(11) DEFAULT NULL,
  `menu_application_id` int(11) NOT NULL COMMENT 'refer to gtfw_application.application_id',
  `menu_default_module_id` bigint(20) DEFAULT NULL COMMENT 'refer to gtfw_module.module_id',
  `menu_class_style` varchar(50) DEFAULT NULL,
  `insert_user_id` bigint(20) DEFAULT NULL,
  `insert_timestamp` datetime DEFAULT '0000-00-00 00:00:00',
  `update_user_id` bigint(20) DEFAULT NULL,
  `update_timestamp` datetime DEFAULT '0000-00-00 00:00:00',
  PRIMARY KEY (`menu_id`),
  KEY `FK_gtfw_menu_application` (`menu_application_id`),
  KEY `FK_gtfw_menu_parent` (`menu_parent_id`),
  KEY `FK_gtfw_menu_module` (`menu_default_module_id`),
  CONSTRAINT `fk_gtfw_menu` FOREIGN KEY (`menu_application_id`) REFERENCES `gtfw_application` (`application_id`) ON UPDATE CASCADE,
  CONSTRAINT `FK_gtfw_menu_module` FOREIGN KEY (`menu_default_module_id`) REFERENCES `gtfw_module` (`module_id`) ON DELETE NO ACTION ON UPDATE CASCADE,
  CONSTRAINT `FK_gtfw_menu_parent` FOREIGN KEY (`menu_parent_id`) REFERENCES `gtfw_menu` (`menu_id`) ON DELETE NO ACTION ON UPDATE NO ACTION
) ENGINE=InnoDB AUTO_INCREMENT=469 DEFAULT CHARSET=latin1;

/*Data for the table `gtfw_menu` */

insert  into `gtfw_menu`(`menu_id`,`menu_parent_id`,`menu_desc`,`menu_is_show`,`menu_icon_large`,`menu_icon_path`,`menu_icon_small`,`menu_menu_order`,`menu_application_id`,`menu_default_module_id`,`menu_class_style`,`insert_user_id`,`insert_timestamp`,`update_user_id`,`update_timestamp`) values (0,NULL,NULL,'No',NULL,NULL,NULL,NULL,1,0,NULL,NULL,'0000-00-00 00:00:00',NULL,'0000-00-00 00:00:00'),(1,0,'Tentang Preferensi','Yes','large-preferences.png','setting.png','small-setting.png',8,1,NULL,'gears',NULL,'0000-00-00 00:00:00',1,'2016-09-21 09:59:42'),(22,1,'','Yes',NULL,'crud.png','small-crud.png',1,1,20,'table',NULL,'0000-00-00 00:00:00',1,'2016-09-21 10:42:06'),(23,1,'','Yes',NULL,'group.png','small-group.png',1,1,30,'',NULL,'0000-00-00 00:00:00',1,'2013-01-08 14:32:39'),(24,1,'','Yes',NULL,'menu.png','small-menu.png',1,1,23,'list',NULL,'0000-00-00 00:00:00',1,'2016-09-21 10:42:58'),(25,1,'','No',NULL,'setting.png','small-setting.png',4,1,37,'',1,'2012-06-08 08:20:03',1,'2014-11-07 13:42:58'),(26,1,'','Yes',NULL,'pengguna.png','small-pengguna.png',5,1,44,'user',1,'2012-06-08 08:41:16',1,'2016-09-21 10:43:23'),(27,1,'','No',NULL,'button-language.png','small-language.png',7,1,65,'',NULL,'0000-00-00 00:00:00',1,'2014-11-07 13:40:16'),(28,1,'','No',NULL,'unit.png','small-unit.png',6,1,51,'',1,'2012-06-08 08:43:26',1,'2014-11-07 13:41:39'),(29,1,'','Yes',NULL,'translate.png','small-translate.png',8,1,58,'book',NULL,'0000-00-00 00:00:00',1,'2016-09-21 10:44:50'),(418,1,'Account Manager','No',NULL,'functional-position.png','small-functional-position.png',17,1,2966,'',1,'2014-04-10 10:38:18',1,'2015-01-22 11:24:18'),(420,0,'','Yes',NULL,'report.png','small-report.png',2,1,NULL,'file',1,'2014-05-23 01:05:49',1,'2016-09-21 09:48:32'),(421,420,'','Yes',NULL,'status-stock.png','small-status-stock.png',6,1,3107,'',1,'2014-05-23 01:05:59',1,'2015-10-02 08:23:46'),(422,420,'','Yes',NULL,'revenue.png','small-revenue.png',2,1,3076,'',1,'2014-05-23 12:20:20',1,'2015-10-02 08:18:15'),(424,420,'','Yes',NULL,'settlement.png','small-settlement.png',3,1,2977,'',1,'2014-05-27 17:13:27',1,'2015-10-02 08:30:45'),(426,0,'','Yes',NULL,'dashboard.png','small-dashboard.png',1,1,NULL,'',1,'2014-05-28 21:12:06',1,'2015-10-02 08:14:54'),(428,426,'','No',NULL,'officer.png','small-officer.png',1,1,2981,'',1,'2014-05-28 21:28:29',1,'2015-01-15 14:40:09'),(430,1,'','No',NULL,'config.png','small-config.png',9,1,3130,'',1,'2014-05-29 14:02:04',1,'2015-10-08 13:04:21'),(432,420,'','Yes',NULL,'kunjungan.png','small-kunjungan.png',4,1,3120,'',1,'2014-06-12 09:52:26',1,'2015-10-02 08:22:01'),(433,0,'','Yes',NULL,'monitor.png','small-monitor.png',3,1,3195,'desktop',1,'2014-06-24 13:42:52',1,'2016-09-21 09:51:43'),(435,1,'','Yes',NULL,'web-service.png','small-web-service.png',11,1,3128,'',1,'2014-06-26 19:49:50',1,'2015-10-08 13:19:34'),(437,420,'','Yes',NULL,'detail-trx.png','small-detail-trx.png',5,1,3018,'',1,'2014-07-09 23:30:17',1,'2015-10-02 08:23:20'),(438,1,'Untuk Reset Password','Yes',NULL,'reset-password.png','small-reset-password.png',12,1,3124,'user-secret',1,'2014-08-18 13:30:16',1,'2016-09-21 10:49:05'),(439,426,'Dashboard Untuk executive','Yes',NULL,'executive.png','small-executive.png',4,1,3022,'',1,'2014-09-30 21:40:15',1,'2015-10-02 08:17:22'),(440,420,'Modul rekap pendapatan diskon','No',NULL,'Diskon-Pembelian.png','small-Diskon-Pembelian.png',3,1,3025,'',1,'2014-11-17 09:20:45',1,'2015-01-16 14:12:00'),(441,444,'','Yes',NULL,'stock-vending.png','small-stock-vending.png',2,1,3102,'',1,'2014-12-02 10:57:29',1,'2015-10-02 08:25:22'),(442,1,'Management data referensi','No',NULL,'preferensi.png','small-preferensi.png',7,1,3032,'',1,'2014-12-22 12:49:24',1,'2015-10-02 08:27:58'),(443,420,'Menu untuk detail transaksi','Yes',NULL,'status-trx.png','small-status-trx.png',9,1,3082,'',1,'2015-01-29 14:45:03',1,'2015-10-02 08:24:12'),(444,0,'Menu untuk membantu case-settlement','Yes',NULL,'tool.png','small-tool.png',4,1,NULL,'',1,'2015-02-03 16:33:51',1,'2015-10-02 08:16:11'),(445,444,'','No',NULL,'rekap-komisi.png','small-rekap-komisi.png',1,1,3085,'',1,'2015-02-04 13:37:42',1,'2015-06-17 09:11:43'),(446,444,'Menu untuk men-check settlement','Yes',NULL,'check-settlement.png','small-check-settlement.png',3,1,3086,'',1,'2015-02-05 13:11:32',1,'2015-10-02 08:25:57'),(447,444,'','Yes',NULL,'install-vending.png','small-install-vending.png',4,1,3112,'',1,'2015-06-17 09:09:08',1,'2015-10-02 08:27:05'),(449,1,'','No',NULL,'diskon.png','small-diskon.png',10,1,3136,'',1,'2015-10-08 13:19:19',NULL,'0000-00-00 00:00:00'),(451,420,'','Yes',NULL,'database.png','small-database.png',7,1,3146,'',1,'2015-10-13 10:33:22',1,'2015-10-13 10:44:28'),(452,420,'','Yes',NULL,'replace-mesin.png','small-replace-mesin.png',8,1,3148,'',1,'2015-10-13 10:44:07',1,'2015-10-13 10:45:08'),(453,0,'Menu Armada','Yes',NULL,'','',1,1,NULL,'bus',1,'2016-01-11 10:31:40',1,'2016-09-21 09:44:35'),(454,453,'modul manajemen armada','Yes',NULL,'','',1,1,3149,'bus',1,'2016-01-11 10:32:17',1,'2016-09-21 10:00:28'),(455,0,'','No',NULL,'','',3,1,NULL,'minus-circle',1,'2016-01-11 12:02:36',1,'2016-11-07 10:58:55'),(456,455,'','No',NULL,'','',1,1,3167,'minus-circle',1,'2016-01-11 12:03:30',1,'2016-11-07 10:46:42'),(457,0,'','Yes',NULL,'','',1,1,NULL,'',1,'2016-01-11 13:56:30',NULL,'0000-00-00 00:00:00'),(458,457,'','Yes',NULL,'','',1,1,3177,'',1,'2016-01-11 13:57:08',NULL,'0000-00-00 00:00:00'),(459,0,'','Yes',NULL,'','',1,1,NULL,'exchange',1,'2016-01-12 09:39:57',1,'2016-11-07 14:02:22'),(460,459,'','Yes',NULL,'','',1,1,3186,'exchange',1,'2016-01-12 09:40:24',1,'2016-11-07 14:02:36'),(461,420,'','Yes',NULL,'','',3,1,3200,'',1,'2016-09-05 08:04:28',NULL,'0000-00-00 00:00:00'),(462,420,'Laporan Headway','Yes',NULL,'','',2,1,3206,'road',1,'2016-09-13 13:35:18',1,'2016-09-21 10:01:46'),(463,420,'Laporan Key Performance Indexing','Yes',NULL,'','',3,1,3202,'line-chart',1,'2016-09-13 13:37:37',1,'2016-10-03 11:33:54'),(465,0,'','Yes',NULL,'','',5,1,NULL,'',1,'2016-11-03 15:54:23',NULL,'0000-00-00 00:00:00'),(466,465,'','Yes',NULL,'','',4,1,3214,'',1,'2016-11-03 15:55:18',NULL,'0000-00-00 00:00:00'),(467,0,'Manajemen Feedback','Yes',NULL,'','',3,1,3225,'',1,'2016-11-22 10:15:59',NULL,'0000-00-00 00:00:00'),(468,420,'Laporan Angkutan Sekolah','Yes',NULL,'','',10,1,3231,'',1,'2017-02-13 14:59:12',NULL,'0000-00-00 00:00:00');

/*Table structure for table `gtfw_menu_text` */


CREATE TABLE `gtfw_menu_text` (
  `menutext_menu_id` bigint(20) NOT NULL COMMENT 'refer to gtfw_menu.menu_id',
  `menutext_lang_code` varchar(5) NOT NULL COMMENT 'refer to gtfw_lang.lang_code',
  `menutext_menu_name` varchar(255) DEFAULT NULL,
  `insert_user_id` bigint(20) DEFAULT NULL,
  `insert_timestamp` datetime DEFAULT '0000-00-00 00:00:00',
  `update_user_id` bigint(20) DEFAULT NULL,
  `update_timestamp` datetime DEFAULT '0000-00-00 00:00:00',
  PRIMARY KEY (`menutext_menu_id`,`menutext_lang_code`),
  KEY `FK_gtfw_menu_text_lang` (`menutext_lang_code`),
  KEY `idx_gtfw_menu_text` (`menutext_menu_id`),
  CONSTRAINT `fk_gtfw_menu_text` FOREIGN KEY (`menutext_lang_code`) REFERENCES `gtfw_lang` (`lang_code`) ON UPDATE CASCADE,
  CONSTRAINT `fk_gtfw_menu_text_0` FOREIGN KEY (`menutext_menu_id`) REFERENCES `gtfw_menu` (`menu_id`) ON UPDATE CASCADE
) ENGINE=InnoDB DEFAULT CHARSET=latin1;

/*Data for the table `gtfw_menu_text` */

insert  into `gtfw_menu_text`(`menutext_menu_id`,`menutext_lang_code`,`menutext_menu_name`,`insert_user_id`,`insert_timestamp`,`update_user_id`,`update_timestamp`) values (0,'en','Home',NULL,'0000-00-00 00:00:00',NULL,'0000-00-00 00:00:00'),(0,'id','Halaman Depan',NULL,'0000-00-00 00:00:00',NULL,'0000-00-00 00:00:00'),(1,'en','Settings',1,'2016-09-21 09:59:42',NULL,'0000-00-00 00:00:00'),(1,'id','Pengaturan',1,'2016-09-21 09:59:42',NULL,'0000-00-00 00:00:00'),(22,'en','CRUD',1,'2016-09-21 10:42:06',NULL,'0000-00-00 00:00:00'),(22,'id','CRUD',1,'2016-09-21 10:42:06',NULL,'0000-00-00 00:00:00'),(23,'en','Group',1,'2013-01-08 14:32:39',NULL,'0000-00-00 00:00:00'),(23,'id','Grup',1,'2013-01-08 14:32:39',NULL,'0000-00-00 00:00:00'),(24,'en','Menu',1,'2016-09-21 10:42:58',NULL,'0000-00-00 00:00:00'),(24,'id','Menu',1,'2016-09-21 10:42:58',NULL,'0000-00-00 00:00:00'),(25,'en','Setting',1,'2014-11-07 13:42:58',NULL,'0000-00-00 00:00:00'),(25,'id','Pengaturan',1,'2014-11-07 13:42:58',NULL,'0000-00-00 00:00:00'),(26,'en','User',1,'2016-09-21 10:43:23',NULL,'0000-00-00 00:00:00'),(26,'id','Pengguna',1,'2016-09-21 10:43:23',NULL,'0000-00-00 00:00:00'),(27,'en','Language',1,'2014-11-07 13:40:16',NULL,'0000-00-00 00:00:00'),(27,'id','Bahasa',1,'2014-11-07 13:40:16',NULL,'0000-00-00 00:00:00'),(28,'en','Unit',1,'2014-11-07 13:41:39',NULL,'0000-00-00 00:00:00'),(28,'id','Unit',1,'2014-11-07 13:41:39',NULL,'0000-00-00 00:00:00'),(29,'en','Translate',1,'2016-09-21 10:44:50',NULL,'0000-00-00 00:00:00'),(29,'id','Translasi',1,'2016-09-21 10:44:50',NULL,'0000-00-00 00:00:00'),(418,'en','Account Manager',1,'2015-01-22 11:24:18',NULL,'0000-00-00 00:00:00'),(418,'id','Account Manager',1,'2015-01-22 11:24:18',NULL,'0000-00-00 00:00:00'),(420,'en','Reports',1,'2016-09-21 09:48:32',NULL,'0000-00-00 00:00:00'),(420,'id','Laporan',1,'2016-09-21 09:48:32',NULL,'0000-00-00 00:00:00'),(421,'en','Stock Vending Status',1,'2015-10-02 08:23:46',NULL,'0000-00-00 00:00:00'),(421,'id','Status Stok Vending',1,'2015-10-02 08:23:46',NULL,'0000-00-00 00:00:00'),(422,'en','Passenger Revenue',1,'2015-10-02 08:18:15',NULL,'0000-00-00 00:00:00'),(422,'id','Rekap Pendapatan',1,'2015-10-02 08:18:15',NULL,'0000-00-00 00:00:00'),(424,'en','Settlement Report',1,'2015-10-02 08:30:45',NULL,'0000-00-00 00:00:00'),(424,'id','Rekap Settlement',1,'2015-10-02 08:30:45',NULL,'0000-00-00 00:00:00'),(426,'en','Dashboard',1,'2015-10-02 08:14:54',NULL,'0000-00-00 00:00:00'),(426,'id','Dashboard',1,'2015-10-02 08:14:54',NULL,'0000-00-00 00:00:00'),(428,'en','Dashboard',1,'2015-01-15 14:40:09',NULL,'0000-00-00 00:00:00'),(428,'id','Dashboard',1,'2015-01-15 14:40:09',NULL,'0000-00-00 00:00:00'),(430,'en','Generate Config',1,'2015-10-08 13:04:21',NULL,'0000-00-00 00:00:00'),(430,'id','Pembuatan Config',1,'2015-10-08 13:04:21',NULL,'0000-00-00 00:00:00'),(432,'en','Office Revenue Recap',1,'2015-10-02 08:22:01',NULL,'0000-00-00 00:00:00'),(432,'id','Rekap Pendapatan Petugas',1,'2015-10-02 08:22:01',NULL,'0000-00-00 00:00:00'),(433,'en','Monitoring',1,'2016-09-21 09:51:43',NULL,'0000-00-00 00:00:00'),(433,'id','Monitoring',1,'2016-09-21 09:51:43',NULL,'0000-00-00 00:00:00'),(435,'en','Web Service',1,'2015-10-08 13:19:34',NULL,'0000-00-00 00:00:00'),(435,'id','Web Service',1,'2015-10-08 13:19:34',NULL,'0000-00-00 00:00:00'),(437,'en','Bank Transaction',1,'2015-10-02 08:23:20',NULL,'0000-00-00 00:00:00'),(437,'id','Rekap Transaksi Bank',1,'2015-10-02 08:23:20',NULL,'0000-00-00 00:00:00'),(438,'en','Password Reset',1,'2016-09-21 10:49:05',NULL,'0000-00-00 00:00:00'),(438,'id','Reset Password',1,'2016-09-21 10:49:05',NULL,'0000-00-00 00:00:00'),(439,'en','Dashboard Executive',1,'2015-10-02 08:17:22',NULL,'0000-00-00 00:00:00'),(439,'id','Dashboard Executive',1,'2015-10-02 08:17:22',NULL,'0000-00-00 00:00:00'),(440,'en','Rekap Pendapatan Diskon',1,'2015-01-16 14:12:01',NULL,'0000-00-00 00:00:00'),(440,'id','Rekap Pendapatan Diskon',1,'2015-01-16 14:12:01',NULL,'0000-00-00 00:00:00'),(441,'en','Vending Stock',1,'2015-10-02 08:25:22',NULL,'0000-00-00 00:00:00'),(441,'id','Stok Vending',1,'2015-10-02 08:25:22',NULL,'0000-00-00 00:00:00'),(442,'en','Referensi Data',1,'2015-10-02 08:27:58',NULL,'0000-00-00 00:00:00'),(442,'id','Referensi Data',1,'2015-10-02 08:27:58',NULL,'0000-00-00 00:00:00'),(443,'en','Detail Transaction',1,'2015-10-02 08:24:12',NULL,'0000-00-00 00:00:00'),(443,'id','Detail Transaksi',1,'2015-10-02 08:24:12',NULL,'0000-00-00 00:00:00'),(444,'en','Tools',1,'2015-10-02 08:16:11',NULL,'0000-00-00 00:00:00'),(444,'id','Tools',1,'2015-10-02 08:16:11',NULL,'0000-00-00 00:00:00'),(445,'en','Recap Data',1,'2015-06-17 09:11:43',NULL,'0000-00-00 00:00:00'),(445,'id','Rekap Data',1,'2015-06-17 09:11:43',NULL,'0000-00-00 00:00:00'),(446,'en','Check Settlement',1,'2015-10-02 08:25:57',NULL,'0000-00-00 00:00:00'),(446,'id','Check Settlement',1,'2015-10-02 08:25:57',NULL,'0000-00-00 00:00:00'),(447,'en','Upload File Update',1,'2015-10-02 08:27:05',NULL,'0000-00-00 00:00:00'),(447,'id','Upload File Update',1,'2015-10-02 08:27:05',NULL,'0000-00-00 00:00:00'),(449,'en','Discon',1,'2015-10-08 13:19:19',NULL,'0000-00-00 00:00:00'),(449,'id','Diskon',1,'2015-10-08 13:19:19',NULL,'0000-00-00 00:00:00'),(451,'en','List Machine Serial',1,'2015-10-13 10:44:28',NULL,'0000-00-00 00:00:00'),(451,'id','Daftar Serial Mesin',1,'2015-10-13 10:44:28',NULL,'0000-00-00 00:00:00'),(452,'en','Replace Machine',1,'2015-10-13 10:45:08',NULL,'0000-00-00 00:00:00'),(452,'id','Penggantian Mesin',1,'2015-10-13 10:45:08',NULL,'0000-00-00 00:00:00'),(453,'en','Armada',1,'2016-09-21 09:44:35',NULL,'0000-00-00 00:00:00'),(453,'id','Armada',1,'2016-09-21 09:44:35',NULL,'0000-00-00 00:00:00'),(454,'en','Manage Armada',1,'2016-09-21 10:00:28',NULL,'0000-00-00 00:00:00'),(454,'id','Manajemen Armada',1,'2016-09-21 10:00:28',NULL,'0000-00-00 00:00:00'),(455,'en','Shelter',1,'2016-11-07 10:58:55',NULL,'0000-00-00 00:00:00'),(455,'id','Halte',1,'2016-11-07 10:58:55',NULL,'0000-00-00 00:00:00'),(456,'en','Shelter Management',1,'2016-11-07 10:46:42',NULL,'0000-00-00 00:00:00'),(456,'id','Manajemen Halte',1,'2016-11-07 10:46:42',NULL,'0000-00-00 00:00:00'),(457,'en','Device',1,'2016-01-11 13:56:30',NULL,'0000-00-00 00:00:00'),(457,'id','Perangkat',1,'2016-01-11 13:56:30',NULL,'0000-00-00 00:00:00'),(458,'en','Device Management',1,'2016-01-11 13:57:08',NULL,'0000-00-00 00:00:00'),(458,'id','Manajemen Perangkat',1,'2016-01-11 13:57:08',NULL,'0000-00-00 00:00:00'),(459,'en','Lane',1,'2016-11-07 14:02:22',NULL,'0000-00-00 00:00:00'),(459,'id','Trayek',1,'2016-11-07 14:02:22',NULL,'0000-00-00 00:00:00'),(460,'en','Lane Management ',1,'2016-11-07 14:02:36',NULL,'0000-00-00 00:00:00'),(460,'id','Manajemen Trayek',1,'2016-11-07 14:02:36',NULL,'0000-00-00 00:00:00'),(461,'en','Mileage',1,'2016-09-05 08:04:28',NULL,'0000-00-00 00:00:00'),(461,'id','Jarak Tempuh',1,'2016-09-05 08:04:28',NULL,'0000-00-00 00:00:00'),(462,'en','Headway',1,'2016-09-21 10:01:46',NULL,'0000-00-00 00:00:00'),(462,'id','Headway',1,'2016-09-21 10:01:46',NULL,'0000-00-00 00:00:00'),(463,'en','Key Performance Indexing',1,'2016-10-03 11:33:55',NULL,'0000-00-00 00:00:00'),(463,'id','Key Performance Indexing',1,'2016-10-03 11:33:55',NULL,'0000-00-00 00:00:00'),(465,'en','Driver',1,'2016-11-03 15:54:23',NULL,'0000-00-00 00:00:00'),(465,'id','Pengemudi',1,'2016-11-03 15:54:24',NULL,'0000-00-00 00:00:00'),(466,'en','Management Driver',1,'2016-11-03 15:55:18',NULL,'0000-00-00 00:00:00'),(466,'id','Manajemen Pengemudi',1,'2016-11-03 15:55:18',NULL,'0000-00-00 00:00:00'),(467,'en','Feedback',1,'2016-11-22 10:15:59',NULL,'0000-00-00 00:00:00'),(467,'id','Feedback',1,'2016-11-22 10:15:59',NULL,'0000-00-00 00:00:00'),(468,'en','Report  Transport School',1,'2017-02-13 14:59:12',NULL,'0000-00-00 00:00:00'),(468,'id','Laporan Angkutan Sekolah',1,'2017-02-13 14:59:12',NULL,'0000-00-00 00:00:00');

/*Table structure for table `gtfw_module` */


CREATE TABLE `gtfw_module` (
  `module_id` bigint(20) NOT NULL AUTO_INCREMENT,
  `module` varchar(100) DEFAULT NULL,
  `module_sub_module` varchar(100) DEFAULT NULL,
  `module_action` varchar(100) DEFAULT NULL,
  `module_type` varchar(100) DEFAULT NULL,
  `module_desc` text,
  `module_access` enum('exclusive','all') DEFAULT 'all',
  `module_menu_id` bigint(20) DEFAULT NULL COMMENT 'refer to gtfw_menu.menu_id',
  `module_application_id` int(11) DEFAULT NULL COMMENT 'refer to gtfw_application.application_id',
  `module_action_id` smallint(6) DEFAULT NULL COMMENT 'refer to gtfw_action.action_id',
  `insert_user_id` bigint(20) DEFAULT NULL,
  `insert_timestamp` datetime DEFAULT '0000-00-00 00:00:00',
  `update_user_id` bigint(20) DEFAULT NULL,
  `update_timestamp` datetime DEFAULT '0000-00-00 00:00:00',
  PRIMARY KEY (`module_id`),
  KEY `FK_gtfw_module_application` (`module_application_id`),
  KEY `FK_gtfw_module_action` (`module_action_id`),
  KEY `FK_gtfw_module_menu` (`module_menu_id`),
  CONSTRAINT `fk_gtfw_module` FOREIGN KEY (`module_menu_id`) REFERENCES `gtfw_menu` (`menu_id`) ON DELETE NO ACTION ON UPDATE CASCADE,
  CONSTRAINT `fk_gtfw_module_0` FOREIGN KEY (`module_application_id`) REFERENCES `gtfw_application` (`application_id`) ON UPDATE CASCADE,
  CONSTRAINT `fk_gtfw_module_1` FOREIGN KEY (`module_action_id`) REFERENCES `gtfw_action` (`action_id`) ON UPDATE CASCADE
) ENGINE=InnoDB AUTO_INCREMENT=3232 DEFAULT CHARSET=latin1;

/*Data for the table `gtfw_module` */

insert  into `gtfw_module`(`module_id`,`module`,`module_sub_module`,`module_action`,`module_type`,`module_desc`,`module_access`,`module_menu_id`,`module_application_id`,`module_action_id`,`insert_user_id`,`insert_timestamp`,`update_user_id`,`update_timestamp`) values (0,'core.home','home','view','html',NULL,'exclusive',0,1,1,NULL,'0000-00-00 00:00:00',NULL,'0000-00-00 00:00:00'),(1,'core.login','login','view','html',NULL,'all',NULL,1,1,NULL,'0000-00-00 00:00:00',NULL,'0000-00-00 00:00:00'),(2,'core.login','login','do','html',NULL,'all',NULL,1,1,NULL,'0000-00-00 00:00:00',NULL,'0000-00-00 00:00:00'),(3,'core.login','logout','do','html',NULL,'all',NULL,1,1,NULL,'0000-00-00 00:00:00',NULL,'0000-00-00 00:00:00'),(4,'comp.menu','sideMenu','view','html',NULL,'all',NULL,1,1,NULL,'0000-00-00 00:00:00',NULL,'0000-00-00 00:00:00'),(5,'comp.combobox','combobox','view','html',NULL,'all',NULL,1,1,NULL,'0000-00-00 00:00:00',NULL,'0000-00-00 00:00:00'),(6,'comp.breadcrump','breadcrump','view','html',NULL,'all',NULL,1,1,NULL,'0000-00-00 00:00:00',NULL,'0000-00-00 00:00:00'),(7,'comp.paging','paging','view','html',NULL,'all',NULL,1,1,NULL,'0000-00-00 00:00:00',NULL,'0000-00-00 00:00:00'),(8,'comp.confirm','delete','view','html',NULL,'all',NULL,1,1,NULL,'0000-00-00 00:00:00',NULL,'0000-00-00 00:00:00'),(9,'core.home','landingPage','view','html',NULL,'exclusive',0,1,1,NULL,'0000-00-00 00:00:00',NULL,'0000-00-00 00:00:00'),(10,'comp.menu','moduleMenu','view','html',NULL,'all',NULL,1,1,NULL,'0000-00-00 00:00:00',NULL,'0000-00-00 00:00:00'),(11,'comp.upload','upload','do','html',NULL,'all',NULL,1,NULL,NULL,'0000-00-00 00:00:00',NULL,'0000-00-00 00:00:00'),(20,'core.crud','module','view','html',NULL,'exclusive',22,1,1,NULL,'0000-00-00 00:00:00',NULL,'0000-00-00 00:00:00'),(21,'core.crud','module','do','html',NULL,'exclusive',22,1,1,NULL,'0000-00-00 00:00:00',NULL,'0000-00-00 00:00:00'),(22,'core.crud','table','view','html',NULL,'exclusive',22,1,1,NULL,'0000-00-00 00:00:00',NULL,'0000-00-00 00:00:00'),(23,'core.menu','menuList','view','html',NULL,'exclusive',24,1,1,NULL,'0000-00-00 00:00:00',NULL,'0000-00-00 00:00:00'),(24,'core.menu','addMenu','view','html',NULL,'exclusive',24,1,2,NULL,'0000-00-00 00:00:00',NULL,'0000-00-00 00:00:00'),(25,'core.menu','addMenu','do','json',NULL,'exclusive',24,1,2,NULL,'0000-00-00 00:00:00',NULL,'0000-00-00 00:00:00'),(26,'core.menu','updateMenu','view','html',NULL,'exclusive',24,1,3,NULL,'0000-00-00 00:00:00',NULL,'0000-00-00 00:00:00'),(27,'core.menu','comboMenu','view','html',NULL,'all',24,1,1,NULL,'0000-00-00 00:00:00',NULL,'0000-00-00 00:00:00'),(28,'core.menu','updateMenu','do','json',NULL,'exclusive',24,1,3,NULL,'0000-00-00 00:00:00',NULL,'0000-00-00 00:00:00'),(29,'core.menu','deleteMenu','do','json',NULL,'exclusive',24,1,4,NULL,'0000-00-00 00:00:00',NULL,'0000-00-00 00:00:00'),(30,'core.group','group','view','html',NULL,'exclusive',23,1,1,NULL,'0000-00-00 00:00:00',NULL,'0000-00-00 00:00:00'),(31,'core.group','detailGroup','view','html',NULL,'exclusive',23,1,1,NULL,'0000-00-00 00:00:00',NULL,'0000-00-00 00:00:00'),(32,'core.group','addGroup','view','html',NULL,'exclusive',23,1,2,NULL,'0000-00-00 00:00:00',NULL,'0000-00-00 00:00:00'),(33,'core.group','addGroup','do','json',NULL,'exclusive',23,1,2,NULL,'0000-00-00 00:00:00',NULL,'0000-00-00 00:00:00'),(34,'core.group','updateGroup','view','html',NULL,'exclusive',23,1,3,NULL,'0000-00-00 00:00:00',NULL,'0000-00-00 00:00:00'),(35,'core.group','updateGroup','do','json',NULL,'exclusive',23,1,3,NULL,'0000-00-00 00:00:00',NULL,'0000-00-00 00:00:00'),(36,'core.group','deleteGroup','do','json',NULL,'exclusive',23,1,4,NULL,'0000-00-00 00:00:00',NULL,'0000-00-00 00:00:00'),(37,'core.setting','setting','view','html',NULL,'exclusive',25,1,1,1,'2012-06-08 08:26:50',NULL,'0000-00-00 00:00:00'),(38,'core.setting','detailSetting','view','html',NULL,'exclusive',25,1,1,1,'2012-06-08 08:26:50',NULL,'0000-00-00 00:00:00'),(39,'core.setting','addSetting','view','html',NULL,'exclusive',25,1,2,1,'2012-06-08 08:26:50',NULL,'0000-00-00 00:00:00'),(40,'core.setting','addSetting','do','json',NULL,'exclusive',25,1,2,1,'2012-06-08 08:26:50',NULL,'0000-00-00 00:00:00'),(41,'core.setting','updateSetting','view','html',NULL,'exclusive',25,1,3,1,'2012-06-08 08:26:50',NULL,'0000-00-00 00:00:00'),(42,'core.setting','updateSetting','do','json',NULL,'exclusive',25,1,3,1,'2012-06-08 08:26:50',NULL,'0000-00-00 00:00:00'),(43,'core.setting','deleteSetting','do','json',NULL,'exclusive',25,1,4,1,'2012-06-08 08:26:50',NULL,'0000-00-00 00:00:00'),(44,'core.user','user','view','html',NULL,'exclusive',26,1,1,1,'2012-06-08 08:42:22',NULL,'0000-00-00 00:00:00'),(45,'core.user','detailUser','view','html',NULL,'exclusive',26,1,1,1,'2012-06-08 08:42:22',NULL,'0000-00-00 00:00:00'),(46,'core.user','addUser','view','html',NULL,'exclusive',26,1,2,1,'2012-06-08 08:42:22',NULL,'0000-00-00 00:00:00'),(47,'core.user','addUser','do','json',NULL,'exclusive',26,1,2,1,'2012-06-08 08:42:22',NULL,'0000-00-00 00:00:00'),(48,'core.user','updateUser','view','html',NULL,'exclusive',26,1,3,1,'2012-06-08 08:42:22',NULL,'0000-00-00 00:00:00'),(49,'core.user','updateUser','do','json',NULL,'exclusive',26,1,3,1,'2012-06-08 08:42:22',NULL,'0000-00-00 00:00:00'),(50,'core.user','deleteUser','do','json',NULL,'exclusive',26,1,4,1,'2012-06-08 08:42:22',NULL,'0000-00-00 00:00:00'),(51,'core.unit','unit','view','html',NULL,'all',28,1,1,1,'2012-06-08 08:44:05',NULL,'0000-00-00 00:00:00'),(52,'core.unit','detailUnit','view','html',NULL,'all',28,1,1,1,'2012-06-08 08:44:05',NULL,'0000-00-00 00:00:00'),(53,'core.unit','addUnit','view','html',NULL,'all',28,1,2,1,'2012-06-08 08:44:05',NULL,'0000-00-00 00:00:00'),(54,'core.unit','addUnit','do','json',NULL,'all',28,1,2,1,'2012-06-08 08:44:05',NULL,'0000-00-00 00:00:00'),(55,'core.unit','updateUnit','view','html',NULL,'all',28,1,3,1,'2012-06-08 08:44:05',NULL,'0000-00-00 00:00:00'),(56,'core.unit','updateUnit','do','json',NULL,'all',28,1,3,1,'2012-06-08 08:44:05',NULL,'0000-00-00 00:00:00'),(57,'core.unit','deleteUnit','do','json',NULL,'all',28,1,4,1,'2012-06-08 08:44:05',NULL,'0000-00-00 00:00:00'),(58,'core.lang.key','key','view','html',NULL,'exclusive',29,1,1,NULL,'0000-00-00 00:00:00',NULL,'0000-00-00 00:00:00'),(59,'core.lang.key','detailKey','view','html',NULL,'exclusive',29,1,1,NULL,'0000-00-00 00:00:00',NULL,'0000-00-00 00:00:00'),(60,'core.lang.key','addKey','view','html',NULL,'exclusive',29,1,2,NULL,'0000-00-00 00:00:00',NULL,'0000-00-00 00:00:00'),(61,'core.lang.key','addKey','do','json',NULL,'exclusive',29,1,2,NULL,'0000-00-00 00:00:00',NULL,'0000-00-00 00:00:00'),(62,'core.lang.key','updateKey','view','html',NULL,'exclusive',29,1,3,NULL,'0000-00-00 00:00:00',NULL,'0000-00-00 00:00:00'),(63,'core.lang.key','updateKey','do','json',NULL,'exclusive',29,1,3,NULL,'0000-00-00 00:00:00',NULL,'0000-00-00 00:00:00'),(64,'core.lang.key','deleteKey','do','json',NULL,'exclusive',29,1,4,NULL,'0000-00-00 00:00:00',NULL,'0000-00-00 00:00:00'),(65,'core.language','language','view','html',NULL,'exclusive',27,1,1,NULL,'0000-00-00 00:00:00',NULL,'0000-00-00 00:00:00'),(66,'core.language','detailLanguage','view','html',NULL,'exclusive',27,1,1,NULL,'0000-00-00 00:00:00',NULL,'0000-00-00 00:00:00'),(67,'core.language','addLanguage','view','html',NULL,'exclusive',27,1,2,NULL,'0000-00-00 00:00:00',NULL,'0000-00-00 00:00:00'),(68,'core.language','addLanguage','do','json',NULL,'exclusive',27,1,2,NULL,'0000-00-00 00:00:00',NULL,'0000-00-00 00:00:00'),(69,'core.language','updateLanguage','view','html',NULL,'exclusive',27,1,3,NULL,'0000-00-00 00:00:00',NULL,'0000-00-00 00:00:00'),(70,'core.language','updateLanguage','do','json',NULL,'exclusive',27,1,3,NULL,'0000-00-00 00:00:00',NULL,'0000-00-00 00:00:00'),(71,'core.language','deleteLanguage','do','json',NULL,'exclusive',27,1,4,NULL,'0000-00-00 00:00:00',NULL,'0000-00-00 00:00:00'),(72,'core.unit','comboUnit','view','html','','all',28,1,1,1,'2012-06-28 14:00:00',NULL,'0000-00-00 00:00:00'),(73,'comp.toolbar','bottomToolbar','view','html',NULL,'all',NULL,1,NULL,NULL,'0000-00-00 00:00:00',NULL,'0000-00-00 00:00:00'),(74,'comp.notification','notifContainer','view','html',NULL,'all',NULL,1,NULL,NULL,'0000-00-00 00:00:00',NULL,'0000-00-00 00:00:00'),(75,'comp.notification','notifList','view','html',NULL,'all',NULL,1,NULL,NULL,'0000-00-00 00:00:00',NULL,'0000-00-00 00:00:00'),(76,'comp.notification','getNotif','do','json',NULL,'all',NULL,1,NULL,NULL,'0000-00-00 00:00:00',NULL,'0000-00-00 00:00:00'),(77,'comp.message','msgContainer','view','html',NULL,'all',NULL,1,NULL,NULL,'0000-00-00 00:00:00',NULL,'0000-00-00 00:00:00'),(78,'comp.message','folderContent','view','html',NULL,'all',NULL,1,NULL,NULL,'0000-00-00 00:00:00',NULL,'0000-00-00 00:00:00'),(79,'comp.message','messageDetail','view','html',NULL,'all',NULL,1,NULL,NULL,'0000-00-00 00:00:00',NULL,'0000-00-00 00:00:00'),(80,'comp.message','newMessage','view','html',NULL,'all',NULL,1,NULL,NULL,'0000-00-00 00:00:00',NULL,'0000-00-00 00:00:00'),(81,'comp.message','setting','view','html',NULL,'all',NULL,1,NULL,NULL,'0000-00-00 00:00:00',NULL,'0000-00-00 00:00:00'),(82,'comp.message','countNewMessage','do','json',NULL,'all',NULL,1,NULL,NULL,'0000-00-00 00:00:00',NULL,'0000-00-00 00:00:00'),(83,'comp.message','folderOperation','do','json',NULL,'all',NULL,1,NULL,NULL,'0000-00-00 00:00:00',NULL,'0000-00-00 00:00:00'),(84,'comp.message','newMessage','do','json',NULL,'all',NULL,1,NULL,NULL,'0000-00-00 00:00:00',NULL,'0000-00-00 00:00:00'),(85,'comp.message','saveSetting','do','json',NULL,'all',NULL,1,NULL,NULL,'0000-00-00 00:00:00',NULL,'0000-00-00 00:00:00'),(86,'core.user','username','view','html',NULL,'all',NULL,1,1,1,'2012-09-19 11:51:51',NULL,'0000-00-00 00:00:00'),(87,'core.user','profile','view','html',NULL,'all',0,1,NULL,NULL,'0000-00-00 00:00:00',NULL,'0000-00-00 00:00:00'),(88,'core.user','changePassword','view','html',NULL,'all',0,1,NULL,NULL,'0000-00-00 00:00:00',NULL,'0000-00-00 00:00:00'),(89,'core.user','changePassword','do','json',NULL,'exclusive',0,1,NULL,NULL,'0000-00-00 00:00:00',NULL,'0000-00-00 00:00:00'),(90,'comp.download','download','view','html',NULL,'all',NULL,1,NULL,NULL,'0000-00-00 00:00:00',NULL,'0000-00-00 00:00:00'),(91,'core.widget','widget','view','html',NULL,'all',0,1,NULL,NULL,'0000-00-00 00:00:00',NULL,'0000-00-00 00:00:00'),(92,'core.widget','popupWidget','view','html',NULL,'all',0,1,NULL,NULL,'0000-00-00 00:00:00',NULL,'0000-00-00 00:00:00'),(93,'core.widget','saveWidget','do','json',NULL,'all',0,1,NULL,NULL,'0000-00-00 00:00:00',NULL,'0000-00-00 00:00:00'),(101,'testing','formInput','view','html',NULL,'all',NULL,1,NULL,NULL,'0000-00-00 00:00:00',NULL,'0000-00-00 00:00:00'),(102,'testing','upload','view','html',NULL,'all',NULL,1,NULL,NULL,'0000-00-00 00:00:00',NULL,'0000-00-00 00:00:00'),(103,'testing','testUpload','do','json',NULL,'all',NULL,1,NULL,NULL,'0000-00-00 00:00:00',NULL,'0000-00-00 00:00:00'),(104,'testing','email','view','html',NULL,'all',NULL,1,NULL,NULL,'0000-00-00 00:00:00',NULL,'0000-00-00 00:00:00'),(105,'testing','pdf','view','html',NULL,'all',NULL,1,NULL,NULL,'0000-00-00 00:00:00',NULL,'0000-00-00 00:00:00'),(106,'testing','notif','do','html',NULL,'all',NULL,1,NULL,NULL,'0000-00-00 00:00:00',NULL,'0000-00-00 00:00:00'),(107,'testing','charts','view','html',NULL,'all',NULL,1,NULL,NULL,'0000-00-00 00:00:00',NULL,'0000-00-00 00:00:00'),(108,'testing','vcard','view','html',NULL,'all',NULL,1,NULL,NULL,'0000-00-00 00:00:00',NULL,'0000-00-00 00:00:00'),(109,'testing','qrCode','view','html',NULL,'all',NULL,1,NULL,NULL,'0000-00-00 00:00:00',NULL,'0000-00-00 00:00:00'),(110,'testing','sendFile','view','html',NULL,'all',NULL,1,NULL,NULL,'0000-00-00 00:00:00',NULL,'0000-00-00 00:00:00'),(111,'testing','download','view','html',NULL,'all',NULL,1,NULL,NULL,'0000-00-00 00:00:00',NULL,'0000-00-00 00:00:00'),(112,'testing','image','view','html',NULL,'all',NULL,1,NULL,NULL,'0000-00-00 00:00:00',NULL,'0000-00-00 00:00:00'),(2966,'core.account','coreAccount','view','html','','exclusive',418,1,1,1,'2014-01-29 14:56:28',NULL,'0000-00-00 00:00:00'),(2967,'core.account','detailCoreAccount','view','html','','exclusive',418,1,1,1,'2014-01-29 14:56:28',NULL,'0000-00-00 00:00:00'),(2968,'core.account','addCoreAccount','view','html',NULL,'exclusive',418,1,1,1,'0000-00-00 00:00:00',NULL,'0000-00-00 00:00:00'),(2969,'core.account','addCoreAccount','do','json',NULL,'exclusive',418,1,1,1,'0000-00-00 00:00:00',NULL,'0000-00-00 00:00:00'),(2970,'core.account','deleteCoreAccount','do','json',NULL,'exclusive',418,1,1,1,'0000-00-00 00:00:00',NULL,'0000-00-00 00:00:00'),(2971,'core.account','updateCoreAccount','view','html',NULL,'exclusive',418,1,1,1,'0000-00-00 00:00:00',NULL,'0000-00-00 00:00:00'),(2972,'core.account','updateCoreAccount','do','json',NULL,'exclusive',418,1,1,1,'0000-00-00 00:00:00',NULL,'0000-00-00 00:00:00'),(2973,'report.banksettlement','reportBanksettlement','view','html','Modul untuk menampilkan rekapitulasi settlement bank','exclusive',421,1,1,1,'2014-05-23 01:06:19',NULL,'0000-00-00 00:00:00'),(2974,'report.banksettlement','detailReportBanksettlement','view','html','Modul untuk menampilkan rekapitulasi settlement bank','exclusive',421,1,1,1,'2014-05-23 01:06:19',NULL,'0000-00-00 00:00:00'),(2975,'report.passenger.pershift','passengerPershift','view','html','Modul untuk menampilkan laporan penumpang per shift','exclusive',NULL,1,1,1,'2014-05-23 12:22:04',NULL,'0000-00-00 00:00:00'),(2976,'report.passenger.pershift','PassengerPershift','print','html','Modul untuk menampilkan laporan penumpang per shift','exclusive',NULL,1,1,1,'2014-05-23 12:22:04',NULL,'0000-00-00 00:00:00'),(2977,'report.rcrecap','reportRcrecap','view','html','Modul untuk melihat rekap RC','exclusive',424,1,1,1,'2014-05-27 17:21:11',NULL,'0000-00-00 00:00:00'),(2979,'report.rcrecap','ReportRcrecap','print','html','Modul untuk melihat rekap RC','exclusive',424,1,1,1,'2014-05-27 17:21:11',NULL,'0000-00-00 00:00:00'),(2981,'tj.dashboard','dashboard','view','html',NULL,'exclusive',428,1,1,1,'0000-00-00 00:00:00',NULL,'0000-00-00 00:00:00'),(2983,'tj.dashboard','dashPenumpangTj','view','html',NULL,'exclusive',428,1,1,1,'0000-00-00 00:00:00',NULL,'0000-00-00 00:00:00'),(2985,'tj.dashboard','dashPenggunaanKartu','view','html',NULL,'exclusive',428,1,1,1,'0000-00-00 00:00:00',NULL,'0000-00-00 00:00:00'),(2987,'tj.dashboard','dashPenggunaanKartuAll','view','html',NULL,'exclusive',428,1,1,1,'0000-00-00 00:00:00',NULL,'0000-00-00 00:00:00'),(2989,'report.banksettlement','ExcelBankSettlement','print','html','modul cetak bank settlement kedalam bentuk excel','exclusive',421,1,1,1,'2014-05-29 10:17:11',NULL,'0000-00-00 00:00:00'),(2991,'tj.dashboard','graphTotalPenumpang','view','html',NULL,'exclusive',428,1,1,1,'0000-00-00 00:00:00',NULL,'0000-00-00 00:00:00'),(2993,'tj.dashboard','graphTotalRevenue','view','html',NULL,'exclusive',428,1,1,1,'0000-00-00 00:00:00',NULL,'0000-00-00 00:00:00'),(2994,'tj.dashboard','dashboardPerjam','view','html',NULL,'exclusive',430,1,1,1,'0000-00-00 00:00:00',NULL,'0000-00-00 00:00:00'),(2995,'report.banksettlement','PdfBankSettlement','print','html',NULL,'exclusive',421,1,1,1,'2014-05-29 21:18:59',NULL,'0000-00-00 00:00:00'),(2996,'report.passenger.pershift','approveLateTransaction','do','json',NULL,'exclusive',422,1,5,1,'0000-00-00 00:00:00',NULL,'0000-00-00 00:00:00'),(3005,'tj.passengerprofile','tjPassengerprofile','view','html','Modul untuk melihat profil penumpang','exclusive',432,1,1,1,'2014-06-12 09:54:20',NULL,'0000-00-00 00:00:00'),(3006,'tj.passengerprofile','detailTjPassengerprofile','view','html','Modul untuk melihat profil penumpang','exclusive',432,1,1,1,'2014-06-12 09:54:20',NULL,'0000-00-00 00:00:00'),(3009,'tj.dashboard','tablePerjam','view','html',NULL,'exclusive',430,1,1,1,'0000-00-00 00:00:00',NULL,'0000-00-00 00:00:00'),(3015,'tj.dashboard','dashboardPenumpangPerjam','view','html',NULL,'exclusive',435,1,1,1,'0000-00-00 00:00:00',NULL,'0000-00-00 00:00:00'),(3018,'tj.bank.transaction','bankTransaction','view','html','Modul untuk menampikan rekapitulasi transaksi bank','exclusive',437,1,1,1,'2014-07-09 23:31:03',NULL,'0000-00-00 00:00:00'),(3019,'tj.bank.transaction','BankTransaction','print','html','Modul untuk menampikan rekapitulasi transaksi bank','exclusive',437,1,1,1,'2014-07-09 23:31:03',NULL,'0000-00-00 00:00:00'),(3020,'tj.pengambilan.file','pengambilanFile','view','html','Modul untuk mengambil file settlement','exclusive',438,1,1,1,'2014-08-18 13:32:59',NULL,'2014-08-18 13:33:04'),(3021,'tj.pengambilan.file','downloadZip','print','html',NULL,'exclusive',438,1,1,1,'2014-08-18 13:33:47',NULL,'2014-08-18 13:33:52'),(3022,'tj.dashboard.executive','dashboardExecutive','view','html','dahsboard untuk executive','exclusive',439,1,1,1,'2014-09-30 18:48:27',NULL,'2014-09-30 18:48:30'),(3025,'tj.pendapatan.diskon','pendapatanDiskon','view','html','Modul pendapatan diskon','exclusive',440,1,1,NULL,'2014-11-17 09:19:59',NULL,'2014-11-17 09:20:01'),(3026,'tj.pendapatan.diskon','pendapatanDiskon','print','html',NULL,'exclusive',440,1,1,NULL,'2014-11-17 09:20:39',NULL,'2014-11-17 09:20:41'),(3027,'tj.data.settlement','dataDetailTransaksi','view','html',NULL,'exclusive',441,1,1,1,'0000-00-00 00:00:00',NULL,'0000-00-00 00:00:00'),(3028,'tj.data.settlement','ExcelTransaksiBank','print','html',NULL,'exclusive',441,1,1,1,'0000-00-00 00:00:00',NULL,'0000-00-00 00:00:00'),(3032,'tj.data.referensi','dataReferensi','view','html','','exclusive',442,1,1,1,'2014-12-09 10:19:34',NULL,'0000-00-00 00:00:00'),(3033,'tj.data.referensi','detailDataReferensi','view','html','','exclusive',442,1,1,1,'2014-12-09 10:19:34',NULL,'0000-00-00 00:00:00'),(3034,'tj.data.referensi','inputMid','view','html',NULL,'exclusive',442,1,1,1,'0000-00-00 00:00:00',NULL,'0000-00-00 00:00:00'),(3035,'tj.data.referensi','addMid','do','json',NULL,'exclusive',442,1,1,1,'0000-00-00 00:00:00',NULL,'0000-00-00 00:00:00'),(3036,'tj.data.referensi','updateMid','do','json',NULL,'exclusive',442,1,1,1,'0000-00-00 00:00:00',NULL,'0000-00-00 00:00:00'),(3037,'tj.data.referensi','deleteMid','do','json',NULL,'exclusive',442,1,1,1,'0000-00-00 00:00:00',NULL,'0000-00-00 00:00:00'),(3038,'tj.data.referensi','addTid','do','json',NULL,'exclusive',442,1,1,1,'0000-00-00 00:00:00',NULL,'0000-00-00 00:00:00'),(3039,'tj.data.referensi','updateTid','do','json',NULL,'exclusive',442,1,1,1,'0000-00-00 00:00:00',NULL,'0000-00-00 00:00:00'),(3040,'tj.data.referensi','deleteTid','do','json',NULL,'exclusive',442,1,1,1,'0000-00-00 00:00:00',NULL,'0000-00-00 00:00:00'),(3041,'tj.data.referensi','inputTid','view','html',NULL,'exclusive',442,1,1,1,'0000-00-00 00:00:00',NULL,'0000-00-00 00:00:00'),(3042,'tj.data.referensi','inputGate','view','html',NULL,'exclusive',442,1,1,1,'0000-00-00 00:00:00',NULL,'0000-00-00 00:00:00'),(3043,'tj.data.referensi','addGate','do','json',NULL,'exclusive',442,1,1,1,'0000-00-00 00:00:00',NULL,'0000-00-00 00:00:00'),(3044,'tj.data.referensi','updateGate','do','json',NULL,'exclusive',442,1,1,1,'0000-00-00 00:00:00',NULL,'0000-00-00 00:00:00'),(3045,'tj.data.referensi','deleteGate','do','json',NULL,'exclusive',442,1,1,1,'0000-00-00 00:00:00',NULL,'0000-00-00 00:00:00'),(3046,'tj.data.referensi','inputKoridor','view','html',NULL,'exclusive',442,1,1,1,'0000-00-00 00:00:00',NULL,'0000-00-00 00:00:00'),(3047,'tj.data.referensi','addKoridor','do','json',NULL,'exclusive',442,1,1,1,'0000-00-00 00:00:00',NULL,'0000-00-00 00:00:00'),(3048,'tj.data.referensi','updateKoridor','do','json',NULL,'exclusive',442,1,1,1,'0000-00-00 00:00:00',NULL,'0000-00-00 00:00:00'),(3049,'tj.data.referensi','deleteKoridor','do','json',NULL,'exclusive',442,1,1,1,'0000-00-00 00:00:00',NULL,'0000-00-00 00:00:00'),(3050,'tj.data.referensi','inputHalte','view','html',NULL,'exclusive',442,1,1,1,'0000-00-00 00:00:00',NULL,'0000-00-00 00:00:00'),(3051,'tj.data.referensi','addHalte','do','json',NULL,'exclusive',442,1,1,1,'0000-00-00 00:00:00',NULL,'0000-00-00 00:00:00'),(3052,'tj.data.referensi','updateHalte','do','json',NULL,'exclusive',442,1,1,1,'0000-00-00 00:00:00',NULL,'0000-00-00 00:00:00'),(3053,'tj.data.referensi','deleteHalte','do','json',NULL,'exclusive',442,1,1,1,'0000-00-00 00:00:00',NULL,'0000-00-00 00:00:00'),(3054,'tj.data.referensi','inputKartu','view','html',NULL,'exclusive',442,1,1,1,'0000-00-00 00:00:00',NULL,'0000-00-00 00:00:00'),(3055,'tj.data.referensi','addKartu','do','json',NULL,'exclusive',442,1,1,1,'0000-00-00 00:00:00',NULL,'0000-00-00 00:00:00'),(3056,'tj.data.referensi','updateKartu','do','json',NULL,'exclusive',442,1,1,1,'0000-00-00 00:00:00',NULL,'0000-00-00 00:00:00'),(3057,'tj.data.referensi','deleteKartu','do','json',NULL,'exclusive',442,1,1,1,'0000-00-00 00:00:00',NULL,'0000-00-00 00:00:00'),(3058,'tj.data.referensi','inputStatusTrx','view','html',NULL,'exclusive',442,1,1,1,'0000-00-00 00:00:00',NULL,'0000-00-00 00:00:00'),(3059,'tj.data.referensi','addStatusTrx','do','json',NULL,'exclusive',442,1,1,1,'0000-00-00 00:00:00',NULL,'0000-00-00 00:00:00'),(3060,'tj.data.referensi','updateStatusTrx','do','json',NULL,'exclusive',442,1,1,1,'0000-00-00 00:00:00',NULL,'0000-00-00 00:00:00'),(3061,'tj.data.referensi','deleteStatusTrx','do','json',NULL,'exclusive',442,1,1,1,'0000-00-00 00:00:00',NULL,'0000-00-00 00:00:00'),(3062,'tj.data.referensi','inputStatusSettlement','view','html',NULL,'exclusive',442,1,1,1,'0000-00-00 00:00:00',NULL,'0000-00-00 00:00:00'),(3063,'tj.data.referensi','addStatusSettlement','do','json',NULL,'exclusive',442,1,1,1,'0000-00-00 00:00:00',NULL,'0000-00-00 00:00:00'),(3064,'tj.data.referensi','updateStatusSettlement','do','json',NULL,'exclusive',442,1,1,1,'0000-00-00 00:00:00',NULL,'0000-00-00 00:00:00'),(3065,'tj.data.referensi','deleteStatusSettlement','do','json',NULL,'exclusive',442,1,1,1,'0000-00-00 00:00:00',NULL,'0000-00-00 00:00:00'),(3076,'tj.pendapatan','pendapatan','view','html',NULL,'exclusive',422,1,1,1,'0000-00-00 00:00:00',NULL,'0000-00-00 00:00:00'),(3077,'tj.pendapatan','Pendapatan','print','html',NULL,'exclusive',422,1,1,1,'0000-00-00 00:00:00',NULL,'0000-00-00 00:00:00'),(3078,'tj.data.referensi','inputPetugas','view','html',NULL,'exclusive',442,1,1,1,'0000-00-00 00:00:00',NULL,'0000-00-00 00:00:00'),(3079,'tj.data.referensi','addPetugas','do','json',NULL,'exclusive',442,1,1,1,'0000-00-00 00:00:00',NULL,'0000-00-00 00:00:00'),(3080,'tj.data.referensi','updatePetugas','do','json',NULL,'exclusive',442,1,1,1,'0000-00-00 00:00:00',NULL,'0000-00-00 00:00:00'),(3081,'tj.data.referensi','deletePetugas','do','json',NULL,'exclusive',442,1,1,1,'0000-00-00 00:00:00',NULL,'0000-00-00 00:00:00'),(3082,'tj.detail.transaksi','detailTransaksi','view','html','modul untuk detail transaksi','exclusive',443,1,1,1,'2015-01-29 14:47:54',NULL,'0000-00-00 00:00:00'),(3084,'tj.detail.transaksi','excelTransaksiBank','print','html',NULL,'exclusive',443,1,1,1,'0000-00-00 00:00:00',NULL,'0000-00-00 00:00:00'),(3085,'tj.tools','tjTools','view','html','Tools untuk mendukung laporan','exclusive',445,1,1,1,'2015-02-04 13:39:31',NULL,'0000-00-00 00:00:00'),(3086,'tj.tools','checkSettle','view','html','Tools untuk mendukung laporan','exclusive',446,1,1,1,'2015-02-04 13:39:31',NULL,'0000-00-00 00:00:00'),(3087,'tj.tools','updateData','do','json',NULL,'exclusive',446,1,1,1,'0000-00-00 00:00:00',NULL,'0000-00-00 00:00:00'),(3088,'tj.dashboard.executive','dashboardLive','view','html','Menu untuk melihat live transaksi di hari berjalan','exclusive',430,1,1,1,'0000-00-00 00:00:00',NULL,'0000-00-00 00:00:00'),(3090,'tj.data.referensi','inputMerk','view','html',NULL,'exclusive',442,1,1,1,'0000-00-00 00:00:00',NULL,'0000-00-00 00:00:00'),(3091,'tj.data.referensi','addMerk','do','json',NULL,'exclusive',442,1,1,1,'0000-00-00 00:00:00',NULL,'0000-00-00 00:00:00'),(3092,'tj.data.referensi','updateMerk','do','json',NULL,'exclusive',442,1,1,1,'0000-00-00 00:00:00',NULL,'0000-00-00 00:00:00'),(3093,'tj.data.referensi','deleteMerk','do','json',NULL,'exclusive',442,1,1,1,'0000-00-00 00:00:00',NULL,'0000-00-00 00:00:00'),(3094,'tj.data.referensi','inputMinuman','view','html',NULL,'exclusive',442,1,1,1,'0000-00-00 00:00:00',NULL,'0000-00-00 00:00:00'),(3095,'tj.data.referensi','addMinuman','do','json',NULL,'exclusive',442,1,1,1,'0000-00-00 00:00:00',NULL,'0000-00-00 00:00:00'),(3096,'tj.data.referensi','updateMinuman','do','json',NULL,'exclusive',442,1,1,1,'0000-00-00 00:00:00',NULL,'0000-00-00 00:00:00'),(3097,'tj.data.referensi','deleteMinuman','do','json',NULL,'exclusive',442,1,1,1,'0000-00-00 00:00:00',NULL,'0000-00-00 00:00:00'),(3098,'tj.data.referensi','inputChannel','view','html',NULL,'exclusive',442,1,1,1,'0000-00-00 00:00:00',NULL,'0000-00-00 00:00:00'),(3099,'tj.data.referensi','addChannel','do','json',NULL,'exclusive',442,1,1,1,'0000-00-00 00:00:00',NULL,'0000-00-00 00:00:00'),(3100,'tj.data.referensi','updateChannel','do','json',NULL,'exclusive',442,1,1,1,'0000-00-00 00:00:00',NULL,'0000-00-00 00:00:00'),(3101,'tj.data.referensi','deleteChannel','do','json',NULL,'exclusive',442,1,1,1,'0000-00-00 00:00:00',NULL,'0000-00-00 00:00:00'),(3102,'ref.stock.vending','stockVending','view','html','','exclusive',441,1,1,1,'2015-06-17 09:56:04',NULL,'0000-00-00 00:00:00'),(3103,'ref.stock.vending','inputStockVending','view','html','','exclusive',441,1,1,1,'2015-06-17 09:56:04',NULL,'0000-00-00 00:00:00'),(3104,'ref.stock.vending','addStockVending','do','json','','exclusive',441,1,2,1,'2015-06-17 09:56:04',NULL,'0000-00-00 00:00:00'),(3105,'ref.stock.vending','updateStockVending','do','json','','exclusive',441,1,3,1,'2015-06-17 09:56:04',NULL,'0000-00-00 00:00:00'),(3106,'ref.stock.vending','deleteStockVending','do','json','','exclusive',441,1,4,1,'2015-06-17 09:56:04',NULL,'0000-00-00 00:00:00'),(3107,'vm.status.stok','statusStok','view','html','','exclusive',421,1,1,1,'2015-06-24 10:02:49',NULL,'0000-00-00 00:00:00'),(3108,'vm.status.stok','detailStatusStok','view','html','','exclusive',421,1,1,1,'2015-06-24 10:02:49',NULL,'0000-00-00 00:00:00'),(3109,'vm.status.stok','statusStok','print','html',NULL,'exclusive',421,1,1,1,'0000-00-00 00:00:00',NULL,'0000-00-00 00:00:00'),(3112,'vm.file.update','fileUpdate','view','html','Upload File Update','exclusive',447,1,1,1,'2015-07-06 13:55:52',NULL,'0000-00-00 00:00:00'),(3113,'vm.file.update','detailFileUpdate','view','html','Upload File Update','all',447,1,1,1,'2015-07-06 13:55:52',NULL,'0000-00-00 00:00:00'),(3114,'vm.file.update','comboFileUpdate','view','html','Upload File Update','exclusive',447,1,1,1,'2015-07-06 13:55:52',NULL,'0000-00-00 00:00:00'),(3115,'vm.file.update','addFileUpdate','do','json','Upload File Update','exclusive',447,1,2,1,'2015-07-06 13:55:52',NULL,'0000-00-00 00:00:00'),(3116,'vm.file.update','updateFileUpdate','do','json','Upload File Update','exclusive',447,1,3,1,'2015-07-06 13:55:52',NULL,'0000-00-00 00:00:00'),(3117,'vm.file.update','deleteFileUpdate','do','json','Upload File Update','exclusive',447,1,4,1,'2015-07-06 13:55:53',NULL,'0000-00-00 00:00:00'),(3118,'vm.file.update','addFileUpdate','view','html','Upload File Update','exclusive',447,1,1,1,'2015-07-13 14:29:18',NULL,'0000-00-00 00:00:00'),(3119,'vm.file.update','insertFileUpdate','view','html',NULL,'exclusive',447,1,1,1,'0000-00-00 00:00:00',NULL,'0000-00-00 00:00:00'),(3120,'vm.pendapatan.petugas','pendapatanPetugas','view','html','','exclusive',432,1,1,1,'2015-08-12 15:48:37',NULL,'0000-00-00 00:00:00'),(3121,'vm.pendapatan.petugas','pendapatanPetugas','print','html','','exclusive',432,1,1,1,'2015-08-12 15:48:37',NULL,'0000-00-00 00:00:00'),(3124,'ref.reset.password','resetPassword','view','html','','exclusive',438,1,1,1,'2015-10-02 15:41:28',NULL,'0000-00-00 00:00:00'),(3125,'ref.reset.password','inputResetPassword','view','html','','exclusive',438,1,1,1,'2015-10-02 15:41:28',NULL,'0000-00-00 00:00:00'),(3126,'ref.reset.password','updateResetPassword','do','json',NULL,'exclusive',438,1,1,1,'0000-00-00 00:00:00',NULL,'0000-00-00 00:00:00'),(3127,'comp.menu','sideMenuMobile','view','html',NULL,'all',NULL,1,1,1,'0000-00-00 00:00:00',NULL,'0000-00-00 00:00:00'),(3128,'vm.web.service','webService','view','html','','exclusive',435,1,1,1,'2015-10-07 09:12:24',NULL,'0000-00-00 00:00:00'),(3129,'vm.web.service','registrasiDevice','view','html','','all',NULL,1,1,1,'2015-10-07 09:12:24',NULL,'0000-00-00 00:00:00'),(3130,'vm.generate.config','generateConfig','view','html','','exclusive',430,1,1,1,'2015-10-07 11:49:54',NULL,'0000-00-00 00:00:00'),(3131,'vm.generate.config','detailGenerateConfig','view','html','','exclusive',430,1,1,1,'2015-10-07 11:49:54',NULL,'0000-00-00 00:00:00'),(3132,'vm.generate.config','inputGenerateConfig','view','html','','exclusive',430,1,1,1,'2015-10-07 11:49:54',NULL,'0000-00-00 00:00:00'),(3133,'vm.generate.config','addGenerateConfig','do','html',NULL,'exclusive',430,1,2,1,'0000-00-00 00:00:00',NULL,'0000-00-00 00:00:00'),(3134,'vm.generate.config','updateGenerateConfig','do','html',NULL,'exclusive',430,1,3,1,'0000-00-00 00:00:00',NULL,'0000-00-00 00:00:00'),(3135,'vm.generate.config','deleteGenerateConfig','do','json',NULL,'exclusive',430,1,4,1,'0000-00-00 00:00:00',NULL,'0000-00-00 00:00:00'),(3136,'vm.diskon','vmDiskon','view','html','','exclusive',449,1,1,1,'2015-10-08 13:26:56',NULL,'0000-00-00 00:00:00'),(3137,'vm.diskon','detailVmDiskon','view','html','','exclusive',449,1,1,1,'2015-10-08 13:26:56',NULL,'0000-00-00 00:00:00'),(3138,'vm.diskon','addVmDiskon','do','json','','exclusive',449,1,2,1,'2015-10-08 13:26:56',NULL,'0000-00-00 00:00:00'),(3139,'vm.diskon','updateVmDiskon','do','json','','exclusive',449,1,3,1,'2015-10-08 13:26:56',NULL,'0000-00-00 00:00:00'),(3140,'vm.diskon','deleteVmDiskon','do','json','','exclusive',449,1,4,1,'2015-10-08 13:26:56',NULL,'0000-00-00 00:00:00'),(3141,'vm.diskon','inputVmDiskon','view','html',NULL,'exclusive',449,1,1,1,'0000-00-00 00:00:00',NULL,'0000-00-00 00:00:00'),(3146,'vm.daftar.serial','daftarSerial','view','html','','exclusive',451,1,1,1,'2015-10-13 10:46:52',NULL,'0000-00-00 00:00:00'),(3148,'vm.replace.mesin','replaceMesin','view','html','','exclusive',452,1,1,1,'2015-10-13 11:05:56',NULL,'0000-00-00 00:00:00'),(3149,'tjo.armada','tjoArmada','view','html','modul manajemen armada','exclusive',454,1,1,1,'2016-01-11 10:49:28',NULL,'0000-00-00 00:00:00'),(3150,'tjo.armada','detailTjoArmada','view','html','modul manajemen armada','exclusive',454,1,1,1,'2016-01-11 10:49:28',NULL,'0000-00-00 00:00:00'),(3151,'tjo.armada','comboTjoArmada','view','html','modul manajemen armada','exclusive',454,1,1,1,'2016-01-11 10:49:28',NULL,'0000-00-00 00:00:00'),(3152,'tjo.armada','addTjoArmada','view','html','modul manajemen armada','exclusive',454,1,2,1,'2016-01-11 10:49:28',NULL,'0000-00-00 00:00:00'),(3153,'tjo.armada','addTjoArmada','do','json','modul manajemen armada','exclusive',454,1,2,1,'2016-01-11 10:49:28',NULL,'0000-00-00 00:00:00'),(3154,'tjo.armada','updateTjoArmada','view','html','modul manajemen armada','exclusive',454,1,3,1,'2016-01-11 10:49:28',NULL,'0000-00-00 00:00:00'),(3155,'tjo.armada','updateTjoArmada','do','json','modul manajemen armada','exclusive',454,1,3,1,'2016-01-11 10:49:28',NULL,'0000-00-00 00:00:00'),(3156,'tjo.armada','deleteTjoArmada','view','html','modul manajemen armada','exclusive',454,1,4,1,'2016-01-11 10:49:28',NULL,'0000-00-00 00:00:00'),(3157,'tjo.armada','deleteTjoArmada','do','json','modul manajemen armada','exclusive',454,1,4,1,'2016-01-11 10:49:28',NULL,'0000-00-00 00:00:00'),(3167,'tjo.shelter','tjoShelter','view','html','Manajemen halte','exclusive',456,1,1,1,'2016-01-11 12:04:12',NULL,'0000-00-00 00:00:00'),(3168,'tjo.shelter','detailTjoShelter','view','html','Manajemen halte','exclusive',456,1,1,1,'2016-01-11 12:04:12',NULL,'0000-00-00 00:00:00'),(3169,'tjo.shelter','comboTjoShelter','view','html','Manajemen halte','exclusive',456,1,1,1,'2016-01-11 12:04:12',NULL,'0000-00-00 00:00:00'),(3170,'tjo.shelter','addTjoShelter','view','html','Manajemen halte','exclusive',456,1,2,1,'2016-01-11 12:04:12',NULL,'0000-00-00 00:00:00'),(3171,'tjo.shelter','addTjoShelter','do','json','Manajemen halte','exclusive',456,1,2,1,'2016-01-11 12:04:12',NULL,'0000-00-00 00:00:00'),(3172,'tjo.shelter','updateTjoShelter','view','html','Manajemen halte','exclusive',456,1,3,1,'2016-01-11 12:04:12',NULL,'0000-00-00 00:00:00'),(3173,'tjo.shelter','updateTjoShelter','do','json','Manajemen halte','exclusive',456,1,3,1,'2016-01-11 12:04:12',NULL,'0000-00-00 00:00:00'),(3174,'tjo.shelter','deleteTjoShelter','view','html','Manajemen halte','exclusive',456,1,4,1,'2016-01-11 12:04:12',NULL,'0000-00-00 00:00:00'),(3175,'tjo.shelter','deleteTjoShelter','do','json','Manajemen halte','exclusive',456,1,4,1,'2016-01-11 12:04:12',NULL,'0000-00-00 00:00:00'),(3177,'tjo.device','tjoDevice','view','html','','exclusive',458,1,1,1,'2016-01-11 13:58:24',NULL,'0000-00-00 00:00:00'),(3178,'tjo.device','detailTjoDevice','view','html','','exclusive',458,1,1,1,'2016-01-11 13:58:24',NULL,'0000-00-00 00:00:00'),(3179,'tjo.device','comboTjoDevice','view','html','','exclusive',458,1,1,1,'2016-01-11 13:58:24',NULL,'0000-00-00 00:00:00'),(3180,'tjo.device','addTjoDevice','view','html','','exclusive',458,1,2,1,'2016-01-11 13:58:24',NULL,'0000-00-00 00:00:00'),(3181,'tjo.device','addTjoDevice','do','json','','exclusive',458,1,2,1,'2016-01-11 13:58:24',NULL,'0000-00-00 00:00:00'),(3182,'tjo.device','updateTjoDevice','view','html','','exclusive',458,1,3,1,'2016-01-11 13:58:24',NULL,'0000-00-00 00:00:00'),(3183,'tjo.device','updateTjoDevice','do','json','','exclusive',458,1,3,1,'2016-01-11 13:58:24',NULL,'0000-00-00 00:00:00'),(3184,'tjo.device','deleteTjoDevice','view','html','','exclusive',458,1,4,1,'2016-01-11 13:58:24',NULL,'0000-00-00 00:00:00'),(3185,'tjo.device','deleteTjoDevice','do','json','','exclusive',458,1,4,1,'2016-01-11 13:58:24',NULL,'0000-00-00 00:00:00'),(3186,'tjo.lane','tjoLane','view','html','Manajemen Jalur','exclusive',460,1,1,1,'2016-01-12 09:46:08',NULL,'0000-00-00 00:00:00'),(3187,'tjo.lane','detailTjoLane','view','html','Manajemen Jalur','exclusive',460,1,1,1,'2016-01-12 09:46:08',NULL,'0000-00-00 00:00:00'),(3188,'tjo.lane','comboTjoLane','view','html','Manajemen Jalur','exclusive',460,1,1,1,'2016-01-12 09:46:08',NULL,'0000-00-00 00:00:00'),(3189,'tjo.lane','addTjoLane','view','html','Manajemen Jalur','exclusive',460,1,2,1,'2016-01-12 09:46:08',NULL,'0000-00-00 00:00:00'),(3190,'tjo.lane','addTjoLane','do','json','Manajemen Jalur','exclusive',460,1,2,1,'2016-01-12 09:46:08',NULL,'0000-00-00 00:00:00'),(3191,'tjo.lane','updateTjoLane','view','html','Manajemen Jalur','exclusive',460,1,3,1,'2016-01-12 09:46:08',NULL,'0000-00-00 00:00:00'),(3192,'tjo.lane','updateTjoLane','do','json','Manajemen Jalur','exclusive',460,1,3,1,'2016-01-12 09:46:08',NULL,'0000-00-00 00:00:00'),(3193,'tjo.lane','deleteTjoLane','view','html','Manajemen Jalur','exclusive',460,1,4,1,'2016-01-12 09:46:08',NULL,'0000-00-00 00:00:00'),(3194,'tjo.lane','deleteTjoLane','do','json','Manajemen Jalur','exclusive',460,1,4,1,'2016-01-12 09:46:08',NULL,'0000-00-00 00:00:00'),(3195,'tjo.monitoring','TjoMonitoring','view','html',NULL,'exclusive',433,1,1,1,'0000-00-00 00:00:00',NULL,'0000-00-00 00:00:00'),(3196,'tjo.monitoring','GetLane','do','json',NULL,'exclusive',433,1,1,1,'0000-00-00 00:00:00',NULL,'0000-00-00 00:00:00'),(3197,'tjo.monitoring','GetBusPosition','do','json',NULL,'exclusive',433,1,1,1,'0000-00-00 00:00:00',NULL,'0000-00-00 00:00:00'),(3198,'tjo.monitoring','GetShelter','do','json',NULL,'exclusive',433,1,1,1,'0000-00-00 00:00:00',NULL,'0000-00-00 00:00:00'),(3199,'tjo.monitoring','GetBusDetail','do','json',NULL,'exclusive',433,1,1,1,'0000-00-00 00:00:00',NULL,'0000-00-00 00:00:00'),(3200,'fms.report','mileage','view','html','Laporan Jarak Tempuh','exclusive',461,1,1,1,'2016-09-05 08:09:18',NULL,'0000-00-00 00:00:00'),(3201,'fms.report','detailMileage','view','html','Laporan Jarak Tempuh','exclusive',461,1,1,1,'2016-09-05 08:09:18',NULL,'0000-00-00 00:00:00'),(3202,'fms.report','KPI','view','html','Laporan KPI Driver','exclusive',463,1,1,1,'2016-09-13 13:29:27',NULL,'0000-00-00 00:00:00'),(3203,'fms.report','KPI','do','json','Laporan KPI Driver','exclusive',463,1,1,1,'2016-09-13 13:29:27',NULL,'0000-00-00 00:00:00'),(3204,'fms.report','KPIAllDriver','view','html','Laporan KPI Driver','exclusive',463,1,1,1,'2016-09-13 13:29:27',NULL,'0000-00-00 00:00:00'),(3205,'fms.report','detailKPIDriver','view','html','Laporan KPI Driver','exclusive',463,1,1,1,'2016-09-13 13:29:27',NULL,'0000-00-00 00:00:00'),(3206,'fms.report','headway','view','html','Laporan Headway','exclusive',462,1,1,1,'2016-09-13 13:29:27',NULL,'0000-00-00 00:00:00'),(3207,'fms.report','detailHeadway','view','html','Laporan Headway','exclusive',462,1,1,1,'2016-09-13 13:29:27',NULL,'0000-00-00 00:00:00'),(3208,'comp.menu.defOne','sideMenu','view','html',NULL,'all',24,1,1,1,'2016-09-21 09:26:34',NULL,'0000-00-00 00:00:00'),(3209,'comp.menu','searchMenu','view','html',NULL,'exclusive',24,1,1,1,'2016-09-21 09:27:27',NULL,'0000-00-00 00:00:00'),(3210,'core.user','userDefone','view','html',NULL,'all',26,1,1,1,'2016-09-21 09:27:57',NULL,'0000-00-00 00:00:00'),(3211,'comp.breadcrump.defOne','breadcrump','view','html',NULL,'all',NULL,1,1,1,'2016-09-21 09:28:41',NULL,'0000-00-00 00:00:00'),(3212,'core.user','userDefone','view','html',NULL,'all',26,1,1,1,'2012-06-08 08:42:22',NULL,'0000-00-00 00:00:00'),(3213,'comp.breadcrump.defOne','breadcrump','view','html',NULL,'all',NULL,1,1,NULL,'0000-00-00 00:00:00',NULL,'0000-00-00 00:00:00'),(3214,'fms.driver','fmsDriver','view','html','Manajemen Pengemudi','exclusive',466,1,1,1,'2016-11-03 15:56:58',NULL,'0000-00-00 00:00:00'),(3215,'fms.driver','inputFmsDriver','view','html','Manajemen Pengemudi','exclusive',466,1,1,1,'2016-11-03 15:56:58',NULL,'0000-00-00 00:00:00'),(3216,'fms.driver','addFmsDriver','view','html','Manajemen Pengemudi','exclusive',466,1,1,1,'2016-11-03 15:56:58',NULL,'0000-00-00 00:00:00'),(3217,'fms.driver','addFmsDriver','do','json','Manajemen Pengemudi','exclusive',466,1,2,1,'2016-11-03 15:56:58',NULL,'0000-00-00 00:00:00'),(3218,'fms.driver','addFmsDriver','do','html','Manajemen Pengemudi','exclusive',466,1,2,1,'2016-11-03 15:56:58',NULL,'0000-00-00 00:00:00'),(3219,'fms.driver','updateFmsDriver','do','html','Manajemen Pengemudi','exclusive',466,1,3,1,'2016-11-03 15:56:58',NULL,'0000-00-00 00:00:00'),(3220,'fms.driver','updateFmsDriver','view','html','Manajemen Pengemudi','exclusive',466,1,1,1,'2016-11-03 15:56:58',NULL,'0000-00-00 00:00:00'),(3221,'fms.driver','deleteFmsDriver','do','json','Manajemen Pengemudi','exclusive',466,1,4,1,'2016-11-03 15:56:58',NULL,'0000-00-00 00:00:00'),(3222,'fms.report','detailRitase','view','html','Laporan Jarak Tempuh','exclusive',461,1,1,1,'2016-09-05 08:09:18',NULL,'0000-00-00 00:00:00'),(3223,'tjo.armada','getBrandvarian','do','json',NULL,'exclusive',454,1,1,1,'2016-11-16 15:52:56',NULL,'0000-00-00 00:00:00'),(3225,'fms.feedback','feedback','view','html','Manajemen Feedback\r\n','exclusive',467,1,1,1,'2016-11-25 13:58:57',NULL,'0000-00-00 00:00:00'),(3226,'fms.feedback','detailFeedback','view','html','Manajemen Feedback\r\n','exclusive',467,1,1,1,'2016-11-25 13:58:57',NULL,'0000-00-00 00:00:00'),(3227,'fms.feedback','deleteFeedback','do','json','Manajemen Feedback\r\n','exclusive',467,1,4,1,'2016-11-25 13:58:57',NULL,'0000-00-00 00:00:00'),(3228,'fms.report','exportMilage','print','html','Laporan Jarak Tempuh','exclusive',461,1,1,1,'2016-09-05 08:09:18',NULL,'0000-00-00 00:00:00'),(3229,'fms.report','getLine','do','json','Laporan Jarak Tempuh','all',461,1,1,1,'2016-09-05 08:09:18',NULL,'0000-00-00 00:00:00'),(3230,'fms.report','exportDetailMilage','print','html','Laporan Jarak Tempuh','exclusive',461,1,1,1,'2016-09-05 08:09:18',NULL,'0000-00-00 00:00:00'),(3231,'fms.report','transportSchool','view','html','Laporan Jarak Tempuh','exclusive',468,1,1,1,'2016-09-05 08:09:18',NULL,'0000-00-00 00:00:00');

/*Table structure for table `gtfw_setting` */


CREATE TABLE `gtfw_setting` (
  `setting_id` int(11) NOT NULL AUTO_INCREMENT,
  `setting_name` varchar(100) DEFAULT NULL,
  `setting_value` varchar(254) DEFAULT NULL,
  `setting_desc` text,
  `insert_user_id` bigint(20) DEFAULT NULL,
  `insert_timestamp` datetime DEFAULT '0000-00-00 00:00:00',
  `update_user_id` bigint(20) DEFAULT NULL,
  `update_timestamp` datetime DEFAULT '0000-00-00 00:00:00',
  PRIMARY KEY (`setting_id`)
) ENGINE=InnoDB AUTO_INCREMENT=2 DEFAULT CHARSET=latin1;

/*Data for the table `gtfw_setting` */

insert  into `gtfw_setting`(`setting_id`,`setting_name`,`setting_value`,`setting_desc`,`insert_user_id`,`insert_timestamp`,`update_user_id`,`update_timestamp`) values (1,'view_per_page','100','',1,'2012-06-08 08:27:59',37,'2012-11-14 11:39:47');

/*Table structure for table `gtfw_table_documentation` */


CREATE TABLE `gtfw_table_documentation` (
  `tabledoc_id` bigint(20) NOT NULL AUTO_INCREMENT,
  `tabledoc_name` varchar(255) DEFAULT NULL,
  `tabledoc_table` varchar(255) DEFAULT NULL,
  `tabledoc_dependency_source` text,
  `tabledoc_dependency_target` text,
  `tabledoc_desc` text,
  `tabledoc_sample_data` text,
  `tabledoc_menu_name` varchar(255) DEFAULT NULL,
  `tabledoc_module_name` varchar(255) DEFAULT NULL,
  `insert_user_id` bigint(20) DEFAULT NULL,
  `insert_timestamp` datetime DEFAULT '1900-01-01 00:00:00',
  `update_user_id` bigint(20) DEFAULT NULL,
  `update_timestamp` datetime DEFAULT '1900-01-01 00:00:00',
  PRIMARY KEY (`tabledoc_id`)
) ENGINE=InnoDB DEFAULT CHARSET=latin1;

/*Data for the table `gtfw_table_documentation` */

/*Table structure for table `gtfw_unit` */


CREATE TABLE `gtfw_unit` (
  `unit_id` smallint(6) NOT NULL AUTO_INCREMENT,
  `unit_parent_id` smallint(6) DEFAULT NULL COMMENT 'refer to gtfw_unit.unit_id (parent)',
  `unit_level` varchar(20) DEFAULT NULL,
  `unit_code` varchar(50) DEFAULT NULL,
  `unit_name` varchar(255) DEFAULT NULL,
  `unit_desc` text,
  `unit_account_id` bigint(20) DEFAULT NULL,
  `insert_user_id` bigint(20) DEFAULT NULL,
  `insert_timestamp` datetime DEFAULT '0000-00-00 00:00:00',
  `update_user_id` bigint(20) DEFAULT NULL,
  `update_timestamp` datetime DEFAULT '0000-00-00 00:00:00',
  PRIMARY KEY (`unit_id`),
  KEY `FK_gtfw_unit_parent` (`unit_parent_id`),
  KEY `fk_gtfw_unit` (`unit_account_id`),
  CONSTRAINT `fk_gtfw_unit` FOREIGN KEY (`unit_account_id`) REFERENCES `gtfw_account` (`account_id`) ON UPDATE CASCADE
) ENGINE=InnoDB AUTO_INCREMENT=2 DEFAULT CHARSET=latin1;

/*Data for the table `gtfw_unit` */

insert  into `gtfw_unit`(`unit_id`,`unit_parent_id`,`unit_level`,`unit_code`,`unit_name`,`unit_desc`,`unit_account_id`,`insert_user_id`,`insert_timestamp`,`update_user_id`,`update_timestamp`) values (1,0,'1','KOSTI','Unit 1','',10,1,'2012-06-28 15:45:02',1,'2014-05-23 01:07:54');

/*Table structure for table `gtfw_user` */


CREATE TABLE `gtfw_user` (
  `user_id` bigint(20) NOT NULL AUTO_INCREMENT,
  `user_real_name` varchar(255) DEFAULT NULL,
  `user_user_name` varchar(50) DEFAULT NULL,
  `user_email` varchar(255) DEFAULT NULL,
  `user_password` varchar(50) DEFAULT NULL,
  `user_desc` text,
  `user_no_password` tinyint(1) DEFAULT '0',
  `user_active` tinyint(1) DEFAULT '1',
  `user_force_logout` tinyint(1) DEFAULT '0',
  `user_active_lang_code` varchar(5) NOT NULL COMMENT 'refer to gtfw_lang.lang_code',
  `user_last_logged_in` datetime DEFAULT '0000-00-00 00:00:00',
  `user_last_ip` varchar(15) DEFAULT NULL,
  `insert_user_id` bigint(20) DEFAULT NULL,
  `insert_timestamp` datetime DEFAULT '0000-00-00 00:00:00',
  `update_user_id` bigint(20) DEFAULT NULL,
  `update_timestamp` datetime DEFAULT '0000-00-00 00:00:00',
  PRIMARY KEY (`user_id`),
  KEY `idx_gtfw_user` (`user_active_lang_code`),
  CONSTRAINT `fk_gtfw_user` FOREIGN KEY (`user_active_lang_code`) REFERENCES `gtfw_lang` (`lang_code`) ON UPDATE CASCADE
) ENGINE=InnoDB AUTO_INCREMENT=25 DEFAULT CHARSET=latin1 COMMENT='Storage for user data of the application';

/*Data for the table `gtfw_user` */

insert  into `gtfw_user`(`user_id`,`user_real_name`,`user_user_name`,`user_email`,`user_password`,`user_desc`,`user_no_password`,`user_active`,`user_force_logout`,`user_active_lang_code`,`user_last_logged_in`,`user_last_ip`,`insert_user_id`,`insert_timestamp`,`update_user_id`,`update_timestamp`) values (0,'No Body','nobody','nobody@gamatechno.com','',NULL,1,1,0,'id','0000-00-00 00:00:00',NULL,NULL,'0000-00-00 00:00:00',NULL,'0000-00-00 00:00:00'),(1,'Admin','admin','email_tester@gamatechno.com','e2e347784d0b64230ffee4f5da5a5587','',0,1,0,'id','0000-00-00 00:00:00',NULL,NULL,'0000-00-00 00:00:00',1,'2016-01-08 16:37:38'),(2,'operator','operator','astifa@gamatechno.com','4b583376b2767b923c3e1da60d10de59','',0,0,NULL,'id','0000-00-00 00:00:00',NULL,1,'2016-11-23 17:33:33',NULL,'0000-00-00 00:00:00'),(3,'Admin Dishub','admindishub','email@mail.com','8035837a5095e8e6b95adf3dd30e93e6','',0,0,NULL,'id','0000-00-00 00:00:00',NULL,1,'2016-11-23 18:34:26',NULL,'0000-00-00 00:00:00'),(4,'Operator','operator','operator@mail.com','4b583376b2767b923c3e1da60d10de59','',0,0,NULL,'id','0000-00-00 00:00:00',NULL,3,'2016-11-23 18:57:24',NULL,'0000-00-00 00:00:00'),(15,'operator1','operator1','operator1@mail.com','37832cda757792aef82ce5e21f542006','',0,1,0,'id','0000-00-00 00:00:00',NULL,NULL,'2016-11-24 10:24:11',1,'2017-02-28 14:28:57'),(16,'operator2','operator2','operator2@mail.com','9e64fc8a2ad3331c44a846c3a2b4bb14',NULL,0,0,0,'id','0000-00-00 00:00:00',NULL,NULL,'2016-11-24 10:24:11',NULL,'0000-00-00 00:00:00'),(17,'operator3','operator3','operator3@mail.com','37f52de67b0dc8da0b07aa1fdaf60753',NULL,0,0,0,'id','0000-00-00 00:00:00',NULL,NULL,'2016-11-24 10:24:11',NULL,'0000-00-00 00:00:00'),(18,'operator4','operator4','operator4@mail.com','6c4eee5eee8ee1b39c01d773f2aad760',NULL,0,0,0,'id','0000-00-00 00:00:00',NULL,NULL,'2016-11-24 10:24:11',NULL,'0000-00-00 00:00:00'),(19,'operator5','operator5','operator5@mail.com','7cd224d53b244beb8f458d6370a799b2',NULL,0,0,0,'id','0000-00-00 00:00:00',NULL,NULL,'2016-11-24 10:24:11',NULL,'0000-00-00 00:00:00'),(20,'operator6','operator6','operator6@mail.com','81fcd6fca5859418fda6124ec065ee9a',NULL,0,0,0,'id','0000-00-00 00:00:00',NULL,NULL,'2016-11-24 10:24:11',NULL,'0000-00-00 00:00:00'),(21,'operator7','operator7','operator7@mail.com','b9ca67f012dc48c58c29b5f286f19a24',NULL,0,0,0,'id','0000-00-00 00:00:00',NULL,NULL,'2016-11-24 10:24:11',NULL,'0000-00-00 00:00:00'),(22,'operator8','operator8','operator8@mail.com','9e56244661d851b69728c9cff490142c',NULL,0,0,0,'id','0000-00-00 00:00:00',NULL,NULL,'2016-11-24 10:24:12',NULL,'0000-00-00 00:00:00'),(23,'operator9','operator9','operator9@mail.com','e75930d5e30d78f163950b5af84abd0a',NULL,0,0,0,'id','0000-00-00 00:00:00',NULL,NULL,'2016-11-24 10:24:12',NULL,'0000-00-00 00:00:00'),(24,'operator10','operator10','operator10@mail.com','125e6c87098004e7e51020d24a6b19e9',NULL,0,0,0,'id','0000-00-00 00:00:00',NULL,NULL,'2016-11-24 10:24:12',NULL,'0000-00-00 00:00:00');

/*Table structure for table `gtfw_user_fav_menu` */


CREATE TABLE `gtfw_user_fav_menu` (
  `favmenu_user_id` bigint(20) NOT NULL COMMENT 'refer to gtfw_user.user_id',
  `favmenu_menu_id` bigint(20) NOT NULL COMMENT 'refer to gtfw_menu.menu_id',
  `insert_user_id` bigint(20) DEFAULT NULL,
  `insert_timestamp` datetime DEFAULT '0000-00-00 00:00:00',
  `update_user_id` bigint(20) DEFAULT NULL,
  `update_timestamp` datetime DEFAULT '0000-00-00 00:00:00',
  PRIMARY KEY (`favmenu_user_id`,`favmenu_menu_id`),
  KEY `idx_gtfw_user_fav_menu` (`favmenu_user_id`),
  KEY `idx_gtfw_user_fav_menu_0` (`favmenu_menu_id`),
  CONSTRAINT `fk_gtfw_user_fav_menu` FOREIGN KEY (`favmenu_user_id`) REFERENCES `gtfw_user` (`user_id`) ON UPDATE CASCADE,
  CONSTRAINT `fk_gtfw_user_fav_menu_0` FOREIGN KEY (`favmenu_menu_id`) REFERENCES `gtfw_menu` (`menu_id`) ON UPDATE CASCADE
) ENGINE=InnoDB DEFAULT CHARSET=latin1;

/*Data for the table `gtfw_user_fav_menu` */

/*Table structure for table `gtfw_user_group` */


CREATE TABLE `gtfw_user_group` (
  `usergroup_user_id` bigint(20) NOT NULL COMMENT 'refer to gtfw_user.user_id',
  `usergroup_group_id` bigint(20) NOT NULL COMMENT 'refer to gtfw_group.group_id',
  PRIMARY KEY (`usergroup_user_id`,`usergroup_group_id`),
  KEY `FK_gtfw_user_group_group` (`usergroup_group_id`),
  KEY `idx_gtfw_user_group` (`usergroup_user_id`),
  CONSTRAINT `fk_gtfw_user_group` FOREIGN KEY (`usergroup_group_id`) REFERENCES `gtfw_group` (`group_id`) ON UPDATE CASCADE,
  CONSTRAINT `fk_gtfw_user_group_0` FOREIGN KEY (`usergroup_user_id`) REFERENCES `gtfw_user` (`user_id`) ON UPDATE CASCADE
) ENGINE=InnoDB DEFAULT CHARSET=latin1;

/*Data for the table `gtfw_user_group` */

insert  into `gtfw_user_group`(`usergroup_user_id`,`usergroup_group_id`) values (0,1),(1,1),(3,2),(4,3),(15,3),(16,3),(17,3),(18,3),(19,3),(20,3),(21,3),(22,3),(23,3),(24,3);

/*Table structure for table `gtfw_user_new_pass` */


CREATE TABLE `gtfw_user_new_pass` (
  `usrnewpass_user_id` bigint(20) NOT NULL,
  `usrnewpass_new_pass` varchar(50) DEFAULT NULL,
  `usrnewpass_new_pass_key` varchar(50) DEFAULT NULL,
  `usrnewpass_new_pass_datetime` datetime DEFAULT '0000-00-00 00:00:00',
  `insert_user_id` bigint(20) DEFAULT NULL,
  `insert_timestamp` datetime DEFAULT '0000-00-00 00:00:00',
  `update_user_id` bigint(20) DEFAULT NULL,
  `update_timestamp` datetime DEFAULT '0000-00-00 00:00:00',
  PRIMARY KEY (`usrnewpass_user_id`),
  CONSTRAINT `fk_gtfw_user_new_pass` FOREIGN KEY (`usrnewpass_user_id`) REFERENCES `gtfw_user` (`user_id`) ON UPDATE CASCADE
) ENGINE=InnoDB DEFAULT CHARSET=latin1;

/*Data for the table `gtfw_user_new_pass` */

/*Table structure for table `gtfw_user_unit` */


CREATE TABLE `gtfw_user_unit` (
  `userunit_user_id` bigint(20) NOT NULL COMMENT 'refer to gtfw_user.user_id',
  `userunit_unit_id` smallint(6) NOT NULL COMMENT 'refer to gtfw_unit.unit_id',
  PRIMARY KEY (`userunit_user_id`),
  KEY `FK_gtfw_user_unit_unit` (`userunit_unit_id`),
  CONSTRAINT `fk_gtfw_user_unit_0` FOREIGN KEY (`userunit_user_id`) REFERENCES `gtfw_user` (`user_id`) ON UPDATE CASCADE,
  CONSTRAINT `FK_gtfw_user_unit_unit_id` FOREIGN KEY (`userunit_unit_id`) REFERENCES `gtfw_unit` (`unit_id`) ON UPDATE CASCADE
) ENGINE=InnoDB DEFAULT CHARSET=latin1;

/*Data for the table `gtfw_user_unit` */

/*Table structure for table `gtfw_user_whosonline` */


CREATE TABLE `gtfw_user_whosonline` (
  `whos_id` bigint(20) NOT NULL AUTO_INCREMENT,
  `whos_user_id` bigint(20) DEFAULT NULL COMMENT 'refer to gtfw_user.user_id',
  `whos_ip` varchar(15) DEFAULT NULL,
  `whos_time` datetime DEFAULT '0000-00-00 00:00:00',
  `whos_invisible` bit(1) DEFAULT b'0',
  `insert_user_id` bigint(20) DEFAULT NULL,
  `insert_timestamp` datetime DEFAULT '0000-00-00 00:00:00',
  `update_user_id` bigint(20) DEFAULT NULL,
  `update_timestamp` datetime DEFAULT '0000-00-00 00:00:00',
  PRIMARY KEY (`whos_id`),
  KEY `FK_gtfw_user_whosonline_user` (`whos_user_id`),
  CONSTRAINT `FK_gtfw_user_whosonline_user` FOREIGN KEY (`whos_user_id`) REFERENCES `gtfw_user` (`user_id`) ON UPDATE CASCADE
) ENGINE=InnoDB DEFAULT CHARSET=latin1;

/*Data for the table `gtfw_user_whosonline` */

/*Table structure for table `gtfw_user_widget` */


CREATE TABLE `gtfw_user_widget` (
  `userwidget_user_id` bigint(20) NOT NULL,
  `userwidget_menu_id` int(11) NOT NULL,
  `userwidget_widget_id` bigint(20) NOT NULL,
  `userwidget_sizex` int(2) DEFAULT NULL,
  `userwidget_sizey` int(2) DEFAULT NULL,
  `userwidget_row` int(2) DEFAULT NULL,
  `userwidget_col` int(2) DEFAULT NULL,
  PRIMARY KEY (`userwidget_user_id`,`userwidget_menu_id`,`userwidget_widget_id`)
) ENGINE=InnoDB DEFAULT CHARSET=latin1;

/*Data for the table `gtfw_user_widget` */

/*Table structure for table `gtfw_widget` */


CREATE TABLE `gtfw_widget` (
  `widget_id` int(11) unsigned NOT NULL AUTO_INCREMENT,
  `widget_module_id` bigint(20) NOT NULL,
  `widget_name` varchar(100) DEFAULT NULL,
  `widget_description` text,
  `widget_resizable` tinyint(1) DEFAULT '1',
  `widget_sizex` tinyint(2) DEFAULT NULL,
  `widget_sizey` tinyint(2) DEFAULT NULL,
  `widget_row` tinyint(2) DEFAULT NULL,
  `widget_col` tinyint(2) DEFAULT NULL,
  `insert_user_id` bigint(20) DEFAULT NULL,
  `insert_timestamp` datetime DEFAULT '0000-00-00 00:00:00',
  `update_user_id` bigint(20) DEFAULT NULL,
  `update_timestamp` datetime DEFAULT '0000-00-00 00:00:00',
  PRIMARY KEY (`widget_id`)
) ENGINE=InnoDB DEFAULT CHARSET=latin1;

/*Data for the table `gtfw_widget` */

/*Table structure for table `ref_checkpoint_type` */


CREATE TABLE `ref_checkpoint_type` (
  `cptype_id` char(3) NOT NULL,
  `cptype_name` varchar(50) DEFAULT NULL,
  PRIMARY KEY (`cptype_id`)
) ENGINE=InnoDB DEFAULT CHARSET=utf8;

/*Data for the table `ref_checkpoint_type` */

insert  into `ref_checkpoint_type`(`cptype_id`,`cptype_name`) values ('HLT','Halte'),('POL','Pool');

/*Table structure for table `ref_color` */


CREATE TABLE `ref_color` (
  `color_id` tinyint(3) NOT NULL AUTO_INCREMENT,
  `color_name` varchar(50) DEFAULT NULL,
  `color_status` tinyint(1) DEFAULT '0',
  `color_desc` text,
  `color_is_locked` tinyint(1) DEFAULT '0',
  `insert_user_id` bigint(20) DEFAULT NULL,
  `insert_timestamp` datetime DEFAULT '1900-01-01 00:00:00',
  `update_user_id` bigint(20) DEFAULT NULL,
  `update_timestamp` datetime DEFAULT '1900-01-01 00:00:00',
  `unit_id` smallint(6) DEFAULT NULL,
  PRIMARY KEY (`color_id`)
) ENGINE=InnoDB AUTO_INCREMENT=11 DEFAULT CHARSET=latin1;

/*Data for the table `ref_color` */

insert  into `ref_color`(`color_id`,`color_name`,`color_status`,`color_desc`,`color_is_locked`,`insert_user_id`,`insert_timestamp`,`update_user_id`,`update_timestamp`,`unit_id`) values (1,'Merah ',1,NULL,1,NULL,'1900-01-01 00:00:00',NULL,'1900-01-01 00:00:00',NULL),(2,'Jingga',1,NULL,1,NULL,'1900-01-01 00:00:00',NULL,'1900-01-01 00:00:00',NULL),(3,'Kuning',1,NULL,1,NULL,'1900-01-01 00:00:00',NULL,'1900-01-01 00:00:00',NULL),(4,'Hijau',1,NULL,1,NULL,'1900-01-01 00:00:00',NULL,'1900-01-01 00:00:00',NULL),(5,'Biru',1,NULL,1,NULL,'1900-01-01 00:00:00',NULL,'1900-01-01 00:00:00',NULL),(6,'Nila',1,NULL,1,NULL,'1900-01-01 00:00:00',NULL,'1900-01-01 00:00:00',NULL),(7,'Ungu',1,NULL,1,NULL,'1900-01-01 00:00:00',NULL,'1900-01-01 00:00:00',NULL),(8,'Hitam',1,NULL,1,NULL,'1900-01-01 00:00:00',NULL,'1900-01-01 00:00:00',NULL),(9,'Putih',1,NULL,1,NULL,'1900-01-01 00:00:00',NULL,'1900-01-01 00:00:00',NULL),(10,'Cokelat',1,NULL,1,NULL,'1900-01-01 00:00:00',NULL,'1900-01-01 00:00:00',NULL);

/*Table structure for table `ref_currency` */


CREATE TABLE `ref_currency` (
  `curr_id` smallint(6) NOT NULL AUTO_INCREMENT,
  `curr_code` varchar(20) DEFAULT NULL,
  `curr_name` varchar(100) DEFAULT NULL,
  `curr_symbol` varchar(20) DEFAULT NULL,
  `curr_status` tinyint(1) DEFAULT '0',
  `curr_desc` text,
  `insert_user_id` bigint(20) DEFAULT NULL,
  `insert_timestamp` datetime DEFAULT '1900-01-01 00:00:00',
  `update_user_id` bigint(20) DEFAULT NULL,
  `update_timestamp` datetime DEFAULT '1900-01-01 00:00:00',
  `unit_id` smallint(6) DEFAULT NULL,
  PRIMARY KEY (`curr_id`)
) ENGINE=InnoDB AUTO_INCREMENT=172 DEFAULT CHARSET=latin1;

/*Data for the table `ref_currency` */

insert  into `ref_currency`(`curr_id`,`curr_code`,`curr_name`,`curr_symbol`,`curr_status`,`curr_desc`,`insert_user_id`,`insert_timestamp`,`update_user_id`,`update_timestamp`,`unit_id`) values (1,'AED','United Arab Emirates, Dirhams','AED',0,'',1,'1900-01-01 00:00:00',1,'2012-11-08 16:27:58',NULL),(2,'AF','Afghanistan','?',0,'',1,'1900-01-01 00:00:00',1,'2012-11-09 10:58:27',NULL),(3,'ALL','Albania, Leke','Lek',0,'',1,'1900-01-01 00:00:00',24,'2012-11-08 16:11:03',NULL),(4,'AMD','Armenia, Drams','e',0,'',1,'1900-01-01 00:00:00',1,'2012-11-22 14:48:14',NULL),(5,'ANG','Netherlands Antilles, Guilders (also called Florins)','ƒ',0,NULL,1,'1900-01-01 00:00:00',NULL,'0000-00-00 00:00:00',NULL),(6,'AOA','Angola, Kwanza','',0,NULL,1,'1900-01-01 00:00:00',NULL,'0000-00-00 00:00:00',NULL),(7,'ARS','Argentina, Pesos','$',0,'',1,'1900-01-01 00:00:00',1,'2012-11-22 14:48:38',NULL),(8,'AUD','Australia, Dollars','$',0,NULL,1,'1900-01-01 00:00:00',NULL,'0000-00-00 00:00:00',NULL),(9,'AWG','Aruba, Guilders (also called Florins)','ƒ',0,NULL,1,'1900-01-01 00:00:00',NULL,'0000-00-00 00:00:00',NULL),(10,'AZN','Azerbaijan, New Manats','???',0,NULL,1,'1900-01-01 00:00:00',NULL,'0000-00-00 00:00:00',NULL),(11,'BAM','Bosnia and Herzegovina, Convertible Marka','KM',0,NULL,1,'1900-01-01 00:00:00',NULL,'0000-00-00 00:00:00',NULL),(12,'BBD','Barbados, Dollars','$',0,NULL,1,'1900-01-01 00:00:00',NULL,'0000-00-00 00:00:00',NULL),(13,'BDT','Bangladesh, Taka','',0,NULL,1,'1900-01-01 00:00:00',NULL,'0000-00-00 00:00:00',NULL),(14,'BGN','Bulgaria, Leva','??',0,NULL,1,'1900-01-01 00:00:00',NULL,'0000-00-00 00:00:00',NULL),(15,'BHD','Bahrain, Dinars','',0,NULL,1,'1900-01-01 00:00:00',NULL,'0000-00-00 00:00:00',NULL),(16,'BIF','Burundi, Francs','',0,NULL,1,'1900-01-01 00:00:00',NULL,'0000-00-00 00:00:00',NULL),(17,'BMD','Bermuda, Dollars','$',0,NULL,1,'1900-01-01 00:00:00',NULL,'0000-00-00 00:00:00',NULL),(18,'BND','Brunei Darussalam, Dollars','$',0,NULL,1,'1900-01-01 00:00:00',NULL,'0000-00-00 00:00:00',NULL),(19,'BOB','Bolivia, Bolivianos','$b',0,NULL,1,'1900-01-01 00:00:00',NULL,'0000-00-00 00:00:00',NULL),(20,'BRL','Brazil, Brazil Real','R$',0,NULL,1,'1900-01-01 00:00:00',NULL,'0000-00-00 00:00:00',NULL),(21,'BSD','Bahamas, Dollars','$',0,NULL,1,'1900-01-01 00:00:00',NULL,'0000-00-00 00:00:00',NULL),(22,'BTN','Bhutan, Ngultrum','',0,NULL,1,'1900-01-01 00:00:00',NULL,'0000-00-00 00:00:00',NULL),(23,'BWP','Botswana, Pulas','P',0,NULL,1,'1900-01-01 00:00:00',NULL,'0000-00-00 00:00:00',NULL),(24,'BYR','Belarus, Rubles','p.',0,NULL,1,'1900-01-01 00:00:00',NULL,'0000-00-00 00:00:00',NULL),(25,'BZD','Belize, Dollars','BZ$',0,NULL,1,'1900-01-01 00:00:00',NULL,'0000-00-00 00:00:00',NULL),(26,'CAD','Canada, Dollars','$',0,NULL,1,'1900-01-01 00:00:00',NULL,'0000-00-00 00:00:00',NULL),(27,'CDF','Congo/Kinshasa, Congolese Francs','',0,NULL,1,'1900-01-01 00:00:00',NULL,'0000-00-00 00:00:00',NULL),(28,'CHF','Switzerland, Francs','CHF',0,NULL,1,'1900-01-01 00:00:00',NULL,'0000-00-00 00:00:00',NULL),(29,'CLP','Chile, Pesos','$',0,NULL,1,'1900-01-01 00:00:00',NULL,'0000-00-00 00:00:00',NULL),(30,'CNY','China, Yuan Renminbi','¥',0,NULL,1,'1900-01-01 00:00:00',NULL,'0000-00-00 00:00:00',NULL),(31,'COP','Colombia, Pesos','$',0,NULL,1,'1900-01-01 00:00:00',NULL,'0000-00-00 00:00:00',NULL),(32,'CRC','Costa Rica, Colones','?',0,NULL,1,'1900-01-01 00:00:00',NULL,'0000-00-00 00:00:00',NULL),(33,'CUP','Cuba, Pesos','?',0,NULL,1,'1900-01-01 00:00:00',NULL,'0000-00-00 00:00:00',NULL),(34,'CVE','Cape Verde, Escudos','',0,NULL,1,'1900-01-01 00:00:00',NULL,'0000-00-00 00:00:00',NULL),(35,'CYP','Cyprus, Pounds (expires 2008-Jan-31)','',0,NULL,1,'1900-01-01 00:00:00',NULL,'0000-00-00 00:00:00',NULL),(36,'CZK','Czech Republic, Koruny','K?',0,NULL,1,'1900-01-01 00:00:00',NULL,'0000-00-00 00:00:00',NULL),(37,'DJF','Djibouti, Francs','',0,NULL,1,'1900-01-01 00:00:00',NULL,'0000-00-00 00:00:00',NULL),(38,'DKK','Denmark, Kroner','kr',0,NULL,1,'1900-01-01 00:00:00',NULL,'0000-00-00 00:00:00',NULL),(39,'DOP','Dominican Republic, Pesos','RD$',0,NULL,1,'1900-01-01 00:00:00',NULL,'0000-00-00 00:00:00',NULL),(40,'DZD','Algeria, Algeria Dinars','',0,NULL,1,'1900-01-01 00:00:00',NULL,'0000-00-00 00:00:00',NULL),(41,'EEK','Estonia, Krooni','kr',0,NULL,1,'1900-01-01 00:00:00',NULL,'0000-00-00 00:00:00',NULL),(42,'EGP','Egypt, Pounds','£',0,NULL,1,'1900-01-01 00:00:00',NULL,'0000-00-00 00:00:00',NULL),(43,'ERN','Eritrea, Nakfa','',0,NULL,1,'1900-01-01 00:00:00',NULL,'0000-00-00 00:00:00',NULL),(44,'ETB','Ethiopia, Birr','',0,NULL,1,'1900-01-01 00:00:00',NULL,'0000-00-00 00:00:00',NULL),(45,'EUR','Euro Member Countries, Euro','ï¿½',0,NULL,1,'1900-01-01 00:00:00',NULL,'0000-00-00 00:00:00',NULL),(46,'FJD','Fiji, Dollars','$',0,NULL,1,'1900-01-01 00:00:00',NULL,'0000-00-00 00:00:00',NULL),(47,'FKP','Falkland Islands (Malvinas), Pounds','£',0,NULL,1,'1900-01-01 00:00:00',NULL,'0000-00-00 00:00:00',NULL),(48,'GBP','United Kingdom, Pounds','£',0,NULL,1,'1900-01-01 00:00:00',NULL,'0000-00-00 00:00:00',NULL),(49,'GEL','Georgia, Lari','',0,NULL,1,'1900-01-01 00:00:00',NULL,'0000-00-00 00:00:00',NULL),(50,'GGP','Guernsey, Pounds','£',0,NULL,1,'1900-01-01 00:00:00',NULL,'0000-00-00 00:00:00',NULL),(51,'GHS','Ghana, Cedis','',0,NULL,1,'1900-01-01 00:00:00',NULL,'0000-00-00 00:00:00',NULL),(52,'GIP','Gibraltar, Pounds','£',0,NULL,1,'1900-01-01 00:00:00',NULL,'0000-00-00 00:00:00',NULL),(53,'GMD','Gambia, Dalasi','',0,NULL,1,'1900-01-01 00:00:00',NULL,'0000-00-00 00:00:00',NULL),(54,'GNF','Guinea, Francs','',0,NULL,1,'1900-01-01 00:00:00',NULL,'0000-00-00 00:00:00',NULL),(55,'GTQ','Guatemala, Quetzales','Q',0,NULL,1,'1900-01-01 00:00:00',NULL,'0000-00-00 00:00:00',NULL),(56,'GYD','Guyana, Dollars','$',0,NULL,1,'1900-01-01 00:00:00',NULL,'0000-00-00 00:00:00',NULL),(57,'HKD','Hong Kong, Dollars','$',0,NULL,1,'1900-01-01 00:00:00',NULL,'0000-00-00 00:00:00',NULL),(58,'HNL','Honduras, Lempiras','L',0,NULL,1,'1900-01-01 00:00:00',NULL,'0000-00-00 00:00:00',NULL),(59,'HRK','Croatia, Kuna','kn',0,NULL,1,'1900-01-01 00:00:00',NULL,'0000-00-00 00:00:00',NULL),(60,'HTG','Haiti, Gourdes','',0,NULL,1,'1900-01-01 00:00:00',NULL,'0000-00-00 00:00:00',NULL),(61,'HUF','Hungary, Forint','Ft',0,NULL,1,'1900-01-01 00:00:00',NULL,'0000-00-00 00:00:00',NULL),(62,'IDR','Indonesia, Rupiahs','Rp',1,NULL,1,'1900-01-01 00:00:00',NULL,'0000-00-00 00:00:00',NULL),(63,'ILS','Israel, New Shekels','?',0,NULL,1,'1900-01-01 00:00:00',NULL,'0000-00-00 00:00:00',NULL),(64,'IMP','Isle of Man, Pounds','£',0,NULL,1,'1900-01-01 00:00:00',NULL,'0000-00-00 00:00:00',NULL),(65,'INR','India, Rupees','?',0,NULL,1,'1900-01-01 00:00:00',NULL,'0000-00-00 00:00:00',NULL),(66,'IQD','Iraq, Dinars','',0,NULL,1,'1900-01-01 00:00:00',NULL,'0000-00-00 00:00:00',NULL),(67,'IRR','Iran, Rials','?',0,NULL,1,'1900-01-01 00:00:00',NULL,'0000-00-00 00:00:00',NULL),(68,'ISK','Iceland, Kronur','kr',0,NULL,1,'1900-01-01 00:00:00',NULL,'0000-00-00 00:00:00',NULL),(69,'JEP','Jersey, Pounds','£',0,NULL,1,'1900-01-01 00:00:00',NULL,'0000-00-00 00:00:00',NULL),(70,'JMD','Jamaica, Dollars','J$',0,NULL,1,'1900-01-01 00:00:00',NULL,'0000-00-00 00:00:00',NULL),(71,'JOD','Jordan, Dinars','',0,NULL,1,'1900-01-01 00:00:00',NULL,'0000-00-00 00:00:00',NULL),(72,'JPY','Japan, Yen','¥',0,NULL,1,'1900-01-01 00:00:00',NULL,'0000-00-00 00:00:00',NULL),(73,'KES','Kenya, Shillings','',0,NULL,1,'1900-01-01 00:00:00',NULL,'0000-00-00 00:00:00',NULL),(74,'KGS','Kyrgyzstan, Soms','??',0,NULL,1,'1900-01-01 00:00:00',NULL,'0000-00-00 00:00:00',NULL),(75,'KHR','Cambodia, Riels','?',0,NULL,1,'1900-01-01 00:00:00',NULL,'0000-00-00 00:00:00',NULL),(76,'KMF','Comoros, Francs','',0,NULL,1,'1900-01-01 00:00:00',NULL,'0000-00-00 00:00:00',NULL),(77,'KPW','Korea (North), Won','?',0,NULL,1,'1900-01-01 00:00:00',NULL,'0000-00-00 00:00:00',NULL),(78,'KRW','Korea (South), Won','?',0,NULL,1,'1900-01-01 00:00:00',NULL,'0000-00-00 00:00:00',NULL),(79,'KWD','Kuwait, Dinars','',0,NULL,1,'1900-01-01 00:00:00',NULL,'0000-00-00 00:00:00',NULL),(80,'KYD','Cayman Islands, Dollars','$',0,NULL,1,'1900-01-01 00:00:00',NULL,'0000-00-00 00:00:00',NULL),(81,'KZT','Kazakhstan, Tenge','??',0,NULL,1,'1900-01-01 00:00:00',NULL,'0000-00-00 00:00:00',NULL),(82,'LAK','Laos, Kips','?',0,NULL,1,'1900-01-01 00:00:00',NULL,'0000-00-00 00:00:00',NULL),(83,'LBP','Lebanon, Pounds','£',0,NULL,1,'1900-01-01 00:00:00',NULL,'0000-00-00 00:00:00',NULL),(84,'LKR','Sri Lanka, Rupees','?',0,NULL,1,'1900-01-01 00:00:00',NULL,'0000-00-00 00:00:00',NULL),(85,'LRD','Liberia, Dollars','$',0,NULL,1,'1900-01-01 00:00:00',NULL,'0000-00-00 00:00:00',NULL),(86,'LSL','Lesotho, Maloti','',0,NULL,1,'1900-01-01 00:00:00',NULL,'0000-00-00 00:00:00',NULL),(87,'LTL','Lithuania, Litai','Lt',0,NULL,1,'1900-01-01 00:00:00',NULL,'0000-00-00 00:00:00',NULL),(88,'LVL','Latvia, Lati','Ls',0,NULL,1,'1900-01-01 00:00:00',NULL,'0000-00-00 00:00:00',NULL),(89,'LYD','Libya, Dinars','',0,NULL,1,'1900-01-01 00:00:00',NULL,'0000-00-00 00:00:00',NULL),(90,'MAD','Morocco, Dirhams','',0,NULL,1,'1900-01-01 00:00:00',NULL,'0000-00-00 00:00:00',NULL),(91,'MDL','Moldova, Lei','',0,NULL,1,'1900-01-01 00:00:00',NULL,'0000-00-00 00:00:00',NULL),(92,'MGA','Madagascar, Ariary','',0,NULL,1,'1900-01-01 00:00:00',NULL,'0000-00-00 00:00:00',NULL),(93,'MKD','Macedonia, Denars','???',0,NULL,1,'1900-01-01 00:00:00',NULL,'0000-00-00 00:00:00',NULL),(94,'MMK','Myanmar (Burma), Kyats','',0,NULL,1,'1900-01-01 00:00:00',NULL,'0000-00-00 00:00:00',NULL),(95,'MNT','Mongolia, Tugriks','?',0,NULL,1,'1900-01-01 00:00:00',NULL,'0000-00-00 00:00:00',NULL),(96,'MOP','Macau, Patacas','',0,NULL,1,'1900-01-01 00:00:00',NULL,'0000-00-00 00:00:00',NULL),(97,'MRO','Mauritania, Ouguiyas','',0,NULL,1,'1900-01-01 00:00:00',NULL,'0000-00-00 00:00:00',NULL),(98,'MTL','Malta, Liri (expires 2008-Jan-31)','',0,NULL,1,'1900-01-01 00:00:00',NULL,'0000-00-00 00:00:00',NULL),(99,'MUR','Mauritius, Rupees','?',0,NULL,1,'1900-01-01 00:00:00',NULL,'0000-00-00 00:00:00',NULL),(100,'MVR','Maldives (Maldive Islands), Rufiyaa','',0,NULL,1,'1900-01-01 00:00:00',NULL,'0000-00-00 00:00:00',NULL),(101,'MWK','Malawi, Kwachas','',0,NULL,1,'1900-01-01 00:00:00',NULL,'0000-00-00 00:00:00',NULL),(102,'MXN','Mexico, Pesos','$',0,NULL,1,'1900-01-01 00:00:00',NULL,'0000-00-00 00:00:00',NULL),(103,'MYR','Malaysia, Ringgits','RM',0,NULL,1,'1900-01-01 00:00:00',NULL,'0000-00-00 00:00:00',NULL),(104,'MZN','Mozambique, Meticais','MT',0,NULL,1,'1900-01-01 00:00:00',NULL,'0000-00-00 00:00:00',NULL),(105,'NAD','Namibia, Dollars','$',0,NULL,1,'1900-01-01 00:00:00',NULL,'0000-00-00 00:00:00',NULL),(106,'NGN','Nigeria, Nairas','?',0,NULL,1,'1900-01-01 00:00:00',NULL,'0000-00-00 00:00:00',NULL),(107,'NIO','Nicaragua, Cordobas','C$',0,NULL,1,'1900-01-01 00:00:00',NULL,'0000-00-00 00:00:00',NULL),(108,'NOK','Norway, Krone','kr',0,NULL,1,'1900-01-01 00:00:00',NULL,'0000-00-00 00:00:00',NULL),(109,'NPR','Nepal, Nepal Rupees','?',0,NULL,1,'1900-01-01 00:00:00',NULL,'0000-00-00 00:00:00',NULL),(110,'NZD','New Zealand, Dollars','$',0,NULL,1,'1900-01-01 00:00:00',NULL,'0000-00-00 00:00:00',NULL),(111,'OMR','Oman, Rials','?',0,NULL,1,'1900-01-01 00:00:00',NULL,'0000-00-00 00:00:00',NULL),(112,'PAB','Panama, Balboa','B/.',0,NULL,1,'1900-01-01 00:00:00',NULL,'0000-00-00 00:00:00',NULL),(113,'PEN','Peru, Nuevos Soles','S/.',0,NULL,1,'1900-01-01 00:00:00',NULL,'0000-00-00 00:00:00',NULL),(114,'PGK','Papua New Guinea, Kina','',0,NULL,1,'1900-01-01 00:00:00',NULL,'0000-00-00 00:00:00',NULL),(115,'PHP','Philippines, Pesos','Php',0,NULL,1,'1900-01-01 00:00:00',NULL,'0000-00-00 00:00:00',NULL),(116,'PKR','Pakistan, Rupees','?',0,NULL,1,'1900-01-01 00:00:00',NULL,'0000-00-00 00:00:00',NULL),(117,'PLN','Poland, Zlotych','z?',0,NULL,1,'1900-01-01 00:00:00',NULL,'0000-00-00 00:00:00',NULL),(118,'PYG','Paraguay, Guarani','Gs',0,NULL,1,'1900-01-01 00:00:00',NULL,'0000-00-00 00:00:00',NULL),(119,'QAR','Qatar, Rials','?',0,NULL,1,'1900-01-01 00:00:00',NULL,'0000-00-00 00:00:00',NULL),(120,'RON','Romania, New Lei','lei',0,NULL,1,'1900-01-01 00:00:00',NULL,'0000-00-00 00:00:00',NULL),(121,'RSD','Serbia, Dinars','???.',0,NULL,1,'1900-01-01 00:00:00',NULL,'0000-00-00 00:00:00',NULL),(122,'RUB','Russia, Rubles','???',0,NULL,1,'1900-01-01 00:00:00',NULL,'0000-00-00 00:00:00',NULL),(123,'RWF','Rwanda, Rwanda Francs','',0,NULL,1,'1900-01-01 00:00:00',NULL,'0000-00-00 00:00:00',NULL),(124,'SAR','Saudi Arabia, Riyals','?',0,NULL,1,'1900-01-01 00:00:00',NULL,'0000-00-00 00:00:00',NULL),(125,'SBD','Solomon Islands, Dollars','$',0,NULL,1,'1900-01-01 00:00:00',NULL,'0000-00-00 00:00:00',NULL),(126,'SCR','Seychelles, Rupees','?',0,NULL,1,'1900-01-01 00:00:00',NULL,'0000-00-00 00:00:00',NULL),(127,'SDG','Sudan, Pounds','',0,NULL,1,'1900-01-01 00:00:00',NULL,'0000-00-00 00:00:00',NULL),(128,'SEK','Sweden, Kronor','kr',0,NULL,1,'1900-01-01 00:00:00',NULL,'0000-00-00 00:00:00',NULL),(129,'SGD','Singapore, Dollars','$',0,NULL,1,'1900-01-01 00:00:00',NULL,'0000-00-00 00:00:00',NULL),(130,'SHP','Saint Helena, Pounds','£',0,NULL,1,'1900-01-01 00:00:00',NULL,'0000-00-00 00:00:00',NULL),(131,'SLL','Sierra Leone, Leones','',0,NULL,1,'1900-01-01 00:00:00',NULL,'0000-00-00 00:00:00',NULL),(132,'SOS','Somalia, Shillings','S',0,NULL,1,'1900-01-01 00:00:00',NULL,'0000-00-00 00:00:00',NULL),(133,'SPL','Seborga, Luigini','',0,NULL,1,'1900-01-01 00:00:00',NULL,'0000-00-00 00:00:00',NULL),(134,'SRD','Suriname, Dollars','$',0,NULL,1,'1900-01-01 00:00:00',NULL,'0000-00-00 00:00:00',NULL),(135,'STD','São Tome and Principe, Dobras','',0,NULL,1,'1900-01-01 00:00:00',NULL,'0000-00-00 00:00:00',NULL),(136,'SVC','El Salvador, Colones','$',0,NULL,1,'1900-01-01 00:00:00',NULL,'0000-00-00 00:00:00',NULL),(137,'SYP','Syria, Pounds','£',0,NULL,1,'1900-01-01 00:00:00',NULL,'0000-00-00 00:00:00',NULL),(138,'SZL','Swaziland, Emalangeni','',0,NULL,1,'1900-01-01 00:00:00',NULL,'0000-00-00 00:00:00',NULL),(139,'THB','Thailand, Baht','?',0,NULL,1,'1900-01-01 00:00:00',NULL,'0000-00-00 00:00:00',NULL),(140,'TJS','Tajikistan, Somoni','',0,NULL,1,'1900-01-01 00:00:00',NULL,'0000-00-00 00:00:00',NULL),(141,'TMM','Turkmenistan, Manats','',0,NULL,1,'1900-01-01 00:00:00',NULL,'0000-00-00 00:00:00',NULL),(142,'TND','Tunisia, Dinars','',0,NULL,1,'1900-01-01 00:00:00',NULL,'0000-00-00 00:00:00',NULL),(143,'TOP','Tonga, Pa\'anga','',0,NULL,1,'1900-01-01 00:00:00',NULL,'0000-00-00 00:00:00',NULL),(144,'TRY','Turkey, New Lira','TL',0,NULL,1,'1900-01-01 00:00:00',NULL,'0000-00-00 00:00:00',NULL),(145,'TTD','Trinidad and Tobago, Dollars','TT$',0,NULL,1,'1900-01-01 00:00:00',NULL,'0000-00-00 00:00:00',NULL),(146,'TVD','Tuvalu, Tuvalu Dollars','$',0,NULL,1,'1900-01-01 00:00:00',NULL,'0000-00-00 00:00:00',NULL),(147,'TWD','Taiwan, New Dollars','NT$',0,NULL,1,'1900-01-01 00:00:00',NULL,'0000-00-00 00:00:00',NULL),(148,'TZS','Tanzania, Shillings','',0,NULL,1,'1900-01-01 00:00:00',NULL,'0000-00-00 00:00:00',NULL),(149,'UAH','Ukraine, Hryvnia','?',0,NULL,1,'1900-01-01 00:00:00',NULL,'0000-00-00 00:00:00',NULL),(150,'UGX','Uganda, Shillings','',0,NULL,1,'1900-01-01 00:00:00',NULL,'0000-00-00 00:00:00',NULL),(151,'USD','United States of America, Dollars','$',1,NULL,1,'1900-01-01 00:00:00',NULL,'0000-00-00 00:00:00',NULL),(152,'UYU','Uruguay, Pesos','$U',0,NULL,1,'1900-01-01 00:00:00',NULL,'0000-00-00 00:00:00',NULL),(153,'UZS','Uzbekistan, Sums','??',0,NULL,1,'1900-01-01 00:00:00',NULL,'0000-00-00 00:00:00',NULL),(154,'VEB','Venezuela, Bolivares (expires 2008-Jun-30)','',0,NULL,1,'1900-01-01 00:00:00',NULL,'0000-00-00 00:00:00',NULL),(155,'VEF','Venezuela, Bolivares Fuertes','Bs',0,NULL,1,'1900-01-01 00:00:00',NULL,'0000-00-00 00:00:00',NULL),(156,'VND','Viet Nam, Dong','?',0,NULL,1,'1900-01-01 00:00:00',NULL,'0000-00-00 00:00:00',NULL),(157,'VUV','Vanuatu, Vatu','',0,NULL,1,'1900-01-01 00:00:00',NULL,'0000-00-00 00:00:00',NULL),(158,'WST','Samoa, Tala','',0,NULL,1,'1900-01-01 00:00:00',NULL,'0000-00-00 00:00:00',NULL),(159,'XAF','Communauté Financière Africaine BEAC, Francs','',0,NULL,1,'1900-01-01 00:00:00',NULL,'0000-00-00 00:00:00',NULL),(160,'XAG','Silver, Ounces','',0,NULL,1,'1900-01-01 00:00:00',NULL,'0000-00-00 00:00:00',NULL),(161,'XAU','Gold, Ounces','',0,NULL,1,'1900-01-01 00:00:00',NULL,'0000-00-00 00:00:00',NULL),(162,'XCD','East Caribbean Dollars','$',0,NULL,1,'1900-01-01 00:00:00',NULL,'0000-00-00 00:00:00',NULL),(163,'XDR','International Monetary Fund (IMF) Special Drawing Rights','',0,NULL,1,'1900-01-01 00:00:00',NULL,'0000-00-00 00:00:00',NULL),(164,'XOF','Communauté Financière Africaine BCEAO, Francs','',0,NULL,1,'1900-01-01 00:00:00',NULL,'0000-00-00 00:00:00',NULL),(165,'XPD','Palladium Ounces','',0,NULL,1,'1900-01-01 00:00:00',NULL,'0000-00-00 00:00:00',NULL),(166,'XPF','Comptoirs Français du Pacifique Francs','',0,NULL,1,'1900-01-01 00:00:00',NULL,'0000-00-00 00:00:00',NULL),(167,'XPT','Platinum, Ounces','',0,NULL,1,'1900-01-01 00:00:00',NULL,'0000-00-00 00:00:00',NULL),(168,'YER','Yemen, Rials','?',0,NULL,1,'1900-01-01 00:00:00',NULL,'0000-00-00 00:00:00',NULL),(169,'ZAR','South Africa, Rand','R',0,NULL,1,'1900-01-01 00:00:00',NULL,'0000-00-00 00:00:00',NULL),(170,'ZMK','Zambia, Kwacha','',0,NULL,1,'1900-01-01 00:00:00',NULL,'0000-00-00 00:00:00',NULL),(171,'ZWD','Zimbabwe, Zimbabwe Dollars','Z$',0,NULL,1,'1900-01-01 00:00:00',NULL,'0000-00-00 00:00:00',NULL);

/*Table structure for table `ref_fuel_type` */


CREATE TABLE `ref_fuel_type` (
  `fueltype_id` tinyint(3) NOT NULL AUTO_INCREMENT,
  `fueltype_name` varchar(50) DEFAULT NULL,
  `fueltype_status` tinyint(1) DEFAULT '0',
  `fueltype_desc` text,
  `fueltype_is_locked` tinyint(1) DEFAULT '0',
  `insert_user_id` bigint(20) DEFAULT NULL,
  `insert_timestamp` datetime DEFAULT '1900-01-01 00:00:00',
  `update_user_id` bigint(20) DEFAULT NULL,
  `update_timestamp` datetime DEFAULT '1900-01-01 00:00:00',
  `unit_id` smallint(6) DEFAULT NULL,
  PRIMARY KEY (`fueltype_id`)
) ENGINE=InnoDB AUTO_INCREMENT=5 DEFAULT CHARSET=latin1;

/*Data for the table `ref_fuel_type` */

insert  into `ref_fuel_type`(`fueltype_id`,`fueltype_name`,`fueltype_status`,`fueltype_desc`,`fueltype_is_locked`,`insert_user_id`,`insert_timestamp`,`update_user_id`,`update_timestamp`,`unit_id`) values (1,'Bensin',1,'',1,1,'1900-01-01 00:00:00',1,'2013-02-22 09:51:57',NULL),(2,'Solar',1,'',1,1,'1900-01-01 00:00:00',1,'2013-02-22 09:53:03',NULL),(3,'BBG',1,NULL,1,NULL,'1900-01-01 00:00:00',NULL,'1900-01-01 00:00:00',NULL),(4,'Pertamax',1,'bensin dengan oktan rendah',0,1,'2013-05-29 09:10:14',NULL,'1900-01-01 00:00:00',NULL);

/*Table structure for table `ref_plate_color_type` */


CREATE TABLE `ref_plate_color_type` (
  `platecolortype_id` tinyint(3) NOT NULL AUTO_INCREMENT,
  `platecolortype_name` varchar(255) DEFAULT NULL,
  `platecolortype_status` tinyint(1) DEFAULT '0',
  `platecolortype_desc` text,
  `platecolortype_is_locked` tinyint(1) DEFAULT '0',
  `insert_user_id` bigint(20) DEFAULT NULL,
  `insert_timestamp` datetime DEFAULT '1900-01-01 00:00:00',
  `update_user_id` bigint(20) DEFAULT NULL,
  `update_timestamp` datetime DEFAULT '1900-01-01 00:00:00',
  `unit_id` smallint(6) DEFAULT NULL,
  PRIMARY KEY (`platecolortype_id`)
) ENGINE=InnoDB AUTO_INCREMENT=7 DEFAULT CHARSET=latin1;

/*Data for the table `ref_plate_color_type` */

insert  into `ref_plate_color_type`(`platecolortype_id`,`platecolortype_name`,`platecolortype_status`,`platecolortype_desc`,`platecolortype_is_locked`,`insert_user_id`,`insert_timestamp`,`update_user_id`,`update_timestamp`,`unit_id`) values (1,'Hitam Teks Putih',1,'Kendaraan bermotor bukan umum dan kendaraan bermotor sewa : warna dasar hitam dengan tulisan berwarna putih',1,1,'1900-01-01 00:00:00',1,'2013-02-22 10:18:07',NULL),(2,'Kuning Teks Hitam',1,'Kendaraan bermotor umum: warna dasar kuning dengan tulisan berwarna hitam',1,1,'1900-01-01 00:00:00',1,'2013-02-22 10:13:50',NULL),(3,'Merah Teks Putih',1,'Kendaraan bermotor milik pemerintah: warna dasar merah dengan tulisan berwarna putih',1,NULL,'1900-01-01 00:00:00',NULL,'1900-01-01 00:00:00',NULL),(4,'Putih Teks Hitam',1,'Kendaraan bermotor korps diplomatik negara asing: warna dasar putih dengan tulisan berwarna hitam',1,NULL,'1900-01-01 00:00:00',NULL,'1900-01-01 00:00:00',NULL),(5,'Hitam Teks Putih (Diplomat)',1,'Kendaraan bermotor staf operasional korps diplomatik negara asing: warna dasar hitam dengan tulisan berwarna putih dan terdiri dari lima angka dan kode angka negara dicetak lebih kecil dengan format sub-bagian',1,NULL,'1900-01-01 00:00:00',NULL,'1900-01-01 00:00:00',NULL),(6,'Putih Teks Merah',1,'Kendaraan bermotor untuk transportasi dealer (pengiriman dari perakitan ke dealer, atau dealer ke dealer): warna dasar putih dengan tulisan berwarna merah.',1,NULL,'1900-01-01 00:00:00',NULL,'1900-01-01 00:00:00',NULL);

/*Table structure for table `ref_vehicle_brand` */


CREATE TABLE `ref_vehicle_brand` (
  `vehiclebrand_id` tinyint(3) NOT NULL AUTO_INCREMENT,
  `vehiclebrand_name` varchar(50) DEFAULT NULL,
  `vehiclebrand_origin` varchar(255) DEFAULT NULL,
  `vehiclebrand_status` tinyint(1) DEFAULT '0',
  `vehiclebrand_desc` text,
  `vehiclebrand_is_locked` tinyint(1) DEFAULT '0',
  `insert_user_id` bigint(20) DEFAULT NULL,
  `insert_timestamp` datetime DEFAULT NULL,
  `update_user_id` bigint(20) DEFAULT NULL,
  `update_timestamp` datetime DEFAULT NULL,
  `unit_id` smallint(6) DEFAULT NULL,
  PRIMARY KEY (`vehiclebrand_id`)
) ENGINE=InnoDB AUTO_INCREMENT=21 DEFAULT CHARSET=latin1;

/*Data for the table `ref_vehicle_brand` */

insert  into `ref_vehicle_brand`(`vehiclebrand_id`,`vehiclebrand_name`,`vehiclebrand_origin`,`vehiclebrand_status`,`vehiclebrand_desc`,`vehiclebrand_is_locked`,`insert_user_id`,`insert_timestamp`,`update_user_id`,`update_timestamp`,`unit_id`) values (1,'Toyota','Jepang',1,'desc',1,1,'0000-00-00 00:00:00',1,'2013-02-22 10:35:49',NULL),(2,'Honda','Jepang',1,NULL,0,NULL,NULL,NULL,NULL,NULL),(3,'Hyundai','Jepang',1,NULL,0,NULL,NULL,NULL,NULL,NULL),(4,'Suzuki','Jepang',1,NULL,0,NULL,NULL,NULL,NULL,NULL),(5,'KIA','Korea Selatan',1,NULL,0,NULL,NULL,NULL,NULL,NULL),(6,'Nissan','Jepang',1,NULL,0,NULL,NULL,NULL,NULL,NULL),(7,'Mercedes-Benz','Jerman',1,NULL,0,NULL,NULL,NULL,NULL,NULL),(8,'Isuzu','Jepang',1,NULL,0,NULL,NULL,NULL,NULL,NULL),(9,'Daihatsu','Jepang',1,NULL,0,NULL,NULL,NULL,NULL,NULL),(10,'Mitsubishi','Jepang',1,NULL,0,NULL,NULL,NULL,NULL,NULL),(11,'BMW','Jerman',1,NULL,0,NULL,NULL,NULL,NULL,NULL),(12,'Hino','Jepang',0,NULL,0,NULL,NULL,NULL,NULL,NULL),(13,'Chevrolet','Prancis',1,NULL,0,NULL,NULL,NULL,NULL,NULL),(14,'Yamaha','Jepang',0,NULL,0,NULL,NULL,NULL,NULL,NULL),(15,'Kawasaki','Jepang',0,NULL,0,NULL,NULL,NULL,NULL,NULL),(16,'Piaggio','Italia',0,NULL,0,NULL,NULL,NULL,NULL,NULL),(17,'Volkswagen','Jerman',0,NULL,0,NULL,NULL,NULL,NULL,NULL),(18,'Ford','Amerika Serikat',0,NULL,0,NULL,NULL,NULL,NULL,NULL),(19,'Lexus','Amerika Serikat',0,NULL,0,NULL,NULL,NULL,NULL,NULL),(20,'Ford','USA',1,'',0,1,'2013-05-29 09:11:27',NULL,NULL,NULL);

/*Table structure for table `ref_vehicle_brand_varian` */


CREATE TABLE `ref_vehicle_brand_varian` (
  `vehiclebrandvar_id` smallint(6) NOT NULL AUTO_INCREMENT,
  `vehiclebrandvar_vehiclebrand_id` tinyint(3) DEFAULT NULL COMMENT 'refer to ref_vehicle_brand.vehiclebrand_id',
  `vehiclebrandvar_name` varchar(100) DEFAULT NULL,
  `vehiclebrandvar_status` tinyint(1) DEFAULT '0',
  `vehiclebrandvar_desc` text,
  `vehiclebrandvar_is_locked` tinyint(1) DEFAULT '0',
  `insert_user_id` bigint(20) DEFAULT NULL,
  `insert_timestamp` datetime DEFAULT '1900-01-01 00:00:00',
  `update_user_id` bigint(20) DEFAULT NULL,
  `update_timestamp` datetime DEFAULT '1900-01-01 00:00:00',
  `unit_id` smallint(6) DEFAULT NULL,
  PRIMARY KEY (`vehiclebrandvar_id`),
  KEY `FK_ref_vehicle_brand_varian_vehicle_brand` (`vehiclebrandvar_vehiclebrand_id`),
  CONSTRAINT `FK_ref_vehicle_brand_varian_vehicle_brand` FOREIGN KEY (`vehiclebrandvar_vehiclebrand_id`) REFERENCES `ref_vehicle_brand` (`vehiclebrand_id`) ON DELETE NO ACTION ON UPDATE CASCADE
) ENGINE=InnoDB AUTO_INCREMENT=35 DEFAULT CHARSET=latin1;

/*Data for the table `ref_vehicle_brand_varian` */

insert  into `ref_vehicle_brand_varian`(`vehiclebrandvar_id`,`vehiclebrandvar_vehiclebrand_id`,`vehiclebrandvar_name`,`vehiclebrandvar_status`,`vehiclebrandvar_desc`,`vehiclebrandvar_is_locked`,`insert_user_id`,`insert_timestamp`,`update_user_id`,`update_timestamp`,`unit_id`) values (1,1,'Kijang Innova',1,NULL,0,NULL,'1900-01-01 00:00:00',NULL,'1900-01-01 00:00:00',NULL),(2,1,'Avanza',1,NULL,0,NULL,'1900-01-01 00:00:00',NULL,'1900-01-01 00:00:00',NULL),(3,1,'Fortuner',1,NULL,0,NULL,'1900-01-01 00:00:00',NULL,'1900-01-01 00:00:00',NULL),(4,1,'Rush',1,NULL,0,NULL,'1900-01-01 00:00:00',NULL,'1900-01-01 00:00:00',NULL),(5,1,'Dyna',1,NULL,0,NULL,'1900-01-01 00:00:00',NULL,'1900-01-01 00:00:00',NULL),(6,2,'Jazz',1,NULL,0,NULL,'1900-01-01 00:00:00',NULL,'1900-01-01 00:00:00',NULL),(7,2,'CR-V',1,NULL,0,NULL,'1900-01-01 00:00:00',NULL,'1900-01-01 00:00:00',NULL),(8,2,'Stream',1,NULL,0,NULL,'1900-01-01 00:00:00',NULL,'1900-01-01 00:00:00',NULL),(9,3,'Accent',1,NULL,0,NULL,'1900-01-01 00:00:00',NULL,'1900-01-01 00:00:00',NULL),(10,3,'Excel II',1,NULL,0,NULL,'1900-01-01 00:00:00',NULL,'1900-01-01 00:00:00',NULL),(11,3,'New Atoz',1,NULL,0,NULL,'1900-01-01 00:00:00',NULL,'1900-01-01 00:00:00',NULL),(12,3,'Trajet',1,NULL,0,NULL,'1900-01-01 00:00:00',NULL,'1900-01-01 00:00:00',NULL),(13,4,'Grand Vitara',1,NULL,0,NULL,'1900-01-01 00:00:00',NULL,'1900-01-01 00:00:00',NULL),(14,4,'APV',1,NULL,0,NULL,'1900-01-01 00:00:00',NULL,'1900-01-01 00:00:00',NULL),(15,4,'Carry',1,NULL,0,NULL,'1900-01-01 00:00:00',NULL,'1900-01-01 00:00:00',NULL),(16,4,'Carry Pickup',1,NULL,0,NULL,'1900-01-01 00:00:00',NULL,'1900-01-01 00:00:00',NULL),(17,5,'Picanto',1,NULL,0,NULL,'1900-01-01 00:00:00',NULL,'1900-01-01 00:00:00',NULL),(18,9,'Xenia',1,NULL,0,NULL,'1900-01-01 00:00:00',NULL,'1900-01-01 00:00:00',NULL),(19,9,'Terios',1,NULL,0,NULL,'1900-01-01 00:00:00',NULL,'1900-01-01 00:00:00',NULL),(20,9,'Zebra',1,NULL,0,NULL,'1900-01-01 00:00:00',NULL,'1900-01-01 00:00:00',NULL),(21,6,'Terrano',1,NULL,0,NULL,'1900-01-01 00:00:00',NULL,'1900-01-01 00:00:00',NULL),(22,6,'X-Trail',1,NULL,0,NULL,'1900-01-01 00:00:00',NULL,'1900-01-01 00:00:00',NULL),(23,6,'Serena',1,NULL,0,NULL,'1900-01-01 00:00:00',NULL,'1900-01-01 00:00:00',NULL),(24,6,'Grand Livina',1,NULL,0,NULL,'1900-01-01 00:00:00',NULL,'1900-01-01 00:00:00',NULL),(25,1,'Limo',1,NULL,0,NULL,'1900-01-01 00:00:00',NULL,'1900-01-01 00:00:00',NULL),(26,1,'Corolla',1,NULL,0,NULL,'1900-01-01 00:00:00',NULL,'1900-01-01 00:00:00',NULL),(27,1,'Starlet',1,NULL,0,NULL,'1900-01-01 00:00:00',NULL,'1900-01-01 00:00:00',NULL),(28,1,'Yaris',1,NULL,0,NULL,'1900-01-01 00:00:00',NULL,'1900-01-01 00:00:00',NULL),(29,1,'Soluna',1,NULL,0,NULL,'1900-01-01 00:00:00',NULL,'1900-01-01 00:00:00',NULL),(30,1,'Camry',1,NULL,0,NULL,'1900-01-01 00:00:00',NULL,'1900-01-01 00:00:00',NULL),(31,1,'Cressida',1,NULL,0,NULL,'1900-01-01 00:00:00',NULL,'1900-01-01 00:00:00',NULL),(32,1,'Crown',1,NULL,0,NULL,'1900-01-01 00:00:00',NULL,'1900-01-01 00:00:00',NULL),(33,1,'Kijang',1,NULL,0,NULL,'1900-01-01 00:00:00',NULL,'1900-01-01 00:00:00',NULL),(34,1,'Land Cruiser',1,NULL,0,NULL,'1900-01-01 00:00:00',NULL,'1900-01-01 00:00:00',NULL);

/*Table structure for table `ref_vehicle_condition` */


CREATE TABLE `ref_vehicle_condition` (
  `vehiclecond_id` tinyint(3) NOT NULL AUTO_INCREMENT,
  `vehiclecond_name` varchar(50) DEFAULT NULL,
  `vehiclecond_order` int(5) DEFAULT '0',
  `vehiclecond_status` tinyint(1) DEFAULT '0',
  `vehiclecond_desc` text,
  `vehiclecond_is_locked` tinyint(1) DEFAULT '0',
  `insert_user_id` bigint(20) DEFAULT NULL,
  `insert_timestamp` datetime DEFAULT '1900-01-01 00:00:00',
  `update_user_id` bigint(20) DEFAULT NULL,
  `update_timestamp` datetime DEFAULT '1900-01-01 00:00:00',
  `unit_id` smallint(6) DEFAULT NULL,
  PRIMARY KEY (`vehiclecond_id`)
) ENGINE=InnoDB AUTO_INCREMENT=6 DEFAULT CHARSET=latin1;

/*Data for the table `ref_vehicle_condition` */

insert  into `ref_vehicle_condition`(`vehiclecond_id`,`vehiclecond_name`,`vehiclecond_order`,`vehiclecond_status`,`vehiclecond_desc`,`vehiclecond_is_locked`,`insert_user_id`,`insert_timestamp`,`update_user_id`,`update_timestamp`,`unit_id`) values (1,'Sangat Baik',1,1,'',0,1,'1900-01-01 00:00:00',1,'2013-03-08 16:21:08',NULL),(2,'Baik',2,1,NULL,0,1,'1900-01-01 00:00:00',NULL,'1900-01-01 00:00:00',NULL),(3,'Cukup',3,1,NULL,0,1,'1900-01-01 00:00:00',NULL,'1900-01-01 00:00:00',NULL),(4,'Kurang Baik',4,1,NULL,0,1,'1900-01-01 00:00:00',NULL,'1900-01-01 00:00:00',NULL),(5,'Sangat Kurang Baik',5,1,NULL,0,1,'1900-01-01 00:00:00',NULL,'1900-01-01 00:00:00',NULL);

/*Table structure for table `ref_vehicle_own_status` */


CREATE TABLE `ref_vehicle_own_status` (
  `vehicleownstat_id` tinyint(3) NOT NULL AUTO_INCREMENT,
  `vehicleownstat_name` varchar(255) DEFAULT NULL,
  `vehicleownstat_status` tinyint(1) DEFAULT '0',
  `vehicleownstat_desc` text,
  `vehicleownstat_is_locked` tinyint(1) DEFAULT '0',
  `insert_user_id` bigint(20) DEFAULT NULL,
  `insert_timestamp` datetime DEFAULT '1900-01-01 00:00:00',
  `update_user_id` bigint(20) DEFAULT NULL,
  `update_timestamp` datetime DEFAULT '1900-01-01 00:00:00',
  `unit_id` smallint(6) DEFAULT NULL,
  PRIMARY KEY (`vehicleownstat_id`)
) ENGINE=InnoDB AUTO_INCREMENT=3 DEFAULT CHARSET=latin1;

/*Data for the table `ref_vehicle_own_status` */

insert  into `ref_vehicle_own_status`(`vehicleownstat_id`,`vehicleownstat_name`,`vehicleownstat_status`,`vehicleownstat_desc`,`vehicleownstat_is_locked`,`insert_user_id`,`insert_timestamp`,`update_user_id`,`update_timestamp`,`unit_id`) values (1,'Pribadi',1,'',0,NULL,'1900-01-01 00:00:00',1,'2013-02-22 14:46:06',NULL),(2,'Sewa',1,NULL,0,NULL,'1900-01-01 00:00:00',NULL,'1900-01-01 00:00:00',NULL);

/*Table structure for table `ref_vehicle_type` */


CREATE TABLE `ref_vehicle_type` (
  `vehicletype_id` smallint(6) NOT NULL AUTO_INCREMENT,
  `vehicletype_name` varchar(100) DEFAULT NULL,
  `vehicletype_status` tinyint(1) DEFAULT '0',
  `vehicletype_desc` text,
  `vehicletype_is_locked` tinyint(1) DEFAULT '0',
  `insert_user_id` bigint(20) DEFAULT NULL,
  `insert_timestamp` datetime DEFAULT '1900-01-01 00:00:00',
  `update_user_id` bigint(20) DEFAULT NULL,
  `update_timestamp` datetime DEFAULT '1900-01-01 00:00:00',
  `unit_id` smallint(6) DEFAULT NULL,
  PRIMARY KEY (`vehicletype_id`)
) ENGINE=InnoDB AUTO_INCREMENT=11 DEFAULT CHARSET=latin1;

/*Data for the table `ref_vehicle_type` */

insert  into `ref_vehicle_type`(`vehicletype_id`,`vehicletype_name`,`vehicletype_status`,`vehicletype_desc`,`vehicletype_is_locked`,`insert_user_id`,`insert_timestamp`,`update_user_id`,`update_timestamp`,`unit_id`) values (1,'Sedan',1,NULL,0,NULL,'1900-01-01 00:00:00',NULL,'1900-01-01 00:00:00',NULL),(2,'MPV',1,NULL,0,NULL,'1900-01-01 00:00:00',NULL,'1900-01-01 00:00:00',NULL),(3,'SUV',1,NULL,0,NULL,'1900-01-01 00:00:00',NULL,'1900-01-01 00:00:00',NULL),(4,'Minibus',1,NULL,0,NULL,'1900-01-01 00:00:00',NULL,'1900-01-01 00:00:00',NULL),(5,'Bus',1,NULL,0,NULL,'1900-01-01 00:00:00',NULL,'1900-01-01 00:00:00',NULL),(6,'Pick Up',1,NULL,0,NULL,'1900-01-01 00:00:00',NULL,'1900-01-01 00:00:00',NULL),(7,'Niaga',1,NULL,0,NULL,'1900-01-01 00:00:00',NULL,'1900-01-01 00:00:00',NULL),(8,'Kargo',1,NULL,0,NULL,'1900-01-01 00:00:00',NULL,'1900-01-01 00:00:00',NULL),(9,'Truk',1,NULL,0,NULL,'1900-01-01 00:00:00',NULL,'1900-01-01 00:00:00',NULL),(10,'Dump',1,'',0,NULL,'1900-01-01 00:00:00',1,'2013-02-22 15:09:00',NULL);

